{"id":45509,"date":"2026-02-12T15:59:17","date_gmt":"2026-02-12T15:59:17","guid":{"rendered":"https:\/\/fpvoleibol.pt\/fpv\/?post_type=tribe_events&#038;p=45509"},"modified":"2026-03-03T12:54:36","modified_gmt":"2026-03-03T12:54:36","slug":"taca-de-portugal-final-4-masculinos","status":"publish","type":"tribe_events","link":"https:\/\/fpvoleibol.pt\/fpv\/evento\/taca-de-portugal-final-4-masculinos\/","title":{"rendered":"Ta\u00e7a de Portugal &#8211; Final 4 (Masculinos)"},"content":{"rendered":"<p>14\/03 (15h00): Vit\u00f3ria SC x SL Benfica<\/p>\n<p>14\/03 (18h00):\u00a0Sporting CP x AA Espinho<\/p>\n<p>15\/03 (16h00):\u00a0Final<\/p>\n<p>&nbsp;<\/p>\n<p><strong>Mais informa\u00e7\u00e3o e bilhetes:<\/strong><\/p>\n<blockquote class=\"wp-embedded-content\" data-secret=\"tQqE5FfKyz\"><p><a href=\"https:\/\/fpvoleibol.pt\/fpv\/competicoes\/taca-de-portugal-2026\/\">TA\u00c7A DE PORTUGAL 2026<\/a><\/p><\/blockquote>\n<p><iframe loading=\"lazy\" class=\"wp-embedded-content\" sandbox=\"allow-scripts\" security=\"restricted\" style=\"position: absolute; visibility: hidden;\" title=\"&#8220;TA\u00c7A DE PORTUGAL 2026&#8221; &#8212; Federa\u00e7\u00e3o Portuguesa de Voleibol\" src=\"https:\/\/fpvoleibol.pt\/fpv\/competicoes\/taca-de-portugal-2026\/embed\/#?secret=NuSfqyARte#?secret=tQqE5FfKyz\" data-secret=\"tQqE5FfKyz\" width=\"600\" height=\"338\" frameborder=\"0\" marginwidth=\"0\" marginheight=\"0\" scrolling=\"no\"><\/iframe><\/p>\n","protected":false},"excerpt":{"rendered":"<p>14\/03 (15h00): Vit\u00f3ria SC x SL Benfica 14\/03 (18h00):\u00a0Sporting CP x AA Espinho 15\/03 (16h00):\u00a0Final &nbsp; Mais informa\u00e7\u00e3o e bilhetes: TA\u00c7A DE PORTUGAL 2026<\/p>\n","protected":false},"author":1,"featured_media":45772,"template":"","meta":{"_monsterinsights_skip_tracking":false,"_monsterinsights_sitenote_active":false,"_monsterinsights_sitenote_note":"","_monsterinsights_sitenote_category":0,"_tribe_events_status":"","_tribe_events_status_reason":"","footnotes":""},"tags":[],"tribe_events_cat":[],"class_list":["post-45509","tribe_events","type-tribe_events","status-publish","has-post-thumbnail","czr-hentry"],"aioseo_notices":[],"_links":{"self":[{"href":"https:\/\/fpvoleibol.pt\/fpv\/wp-json\/wp\/v2\/tribe_events\/45509","targetHints":{"allow":["GET"]}}],"collection":[{"href":"https:\/\/fpvoleibol.pt\/fpv\/wp-json\/wp\/v2\/tribe_events"}],"about":[{"href":"https:\/\/fpvoleibol.pt\/fpv\/wp-json\/wp\/v2\/types\/tribe_events"}],"author":[{"embeddable":true,"href":"https:\/\/fpvoleibol.pt\/fpv\/wp-json\/wp\/v2\/users\/1"}],"version-history":[{"count":4,"href":"https:\/\/fpvoleibol.pt\/fpv\/wp-json\/wp\/v2\/tribe_events\/45509\/revisions"}],"predecessor-version":[{"id":45774,"href":"https:\/\/fpvoleibol.pt\/fpv\/wp-json\/wp\/v2\/tribe_events\/45509\/revisions\/45774"}],"wp:featuredmedia":[{"embeddable":true,"href":"https:\/\/fpvoleibol.pt\/fpv\/wp-json\/wp\/v2\/media\/45772"}],"wp:attachment":[{"href":"https:\/\/fpvoleibol.pt\/fpv\/wp-json\/wp\/v2\/media?parent=45509"}],"wp:term":[{"taxonomy":"post_tag","embeddable":true,"href":"https:\/\/fpvoleibol.pt\/fpv\/wp-json\/wp\/v2\/tags?post=45509"},{"taxonomy":"tribe_events_cat","embeddable":true,"href":"https:\/\/fpvoleibol.pt\/fpv\/wp-json\/wp\/v2\/tribe_events_cat?post=45509"}],"curies":[{"name":"wp","href":"https:\/\/api.w.org\/{rel}","templated":true}]}}

Taça de Portugal &#8211; Final 4 (Masculinos)

<p>14/03 (15h00): Vitória SC x SL Benfica</p>
<p>14/03 (18h00): Sporting CP x AA Espinho</p>
<p>15/03 (16h00): Final</p>
<p>&nbsp;</p>
<p><strong>Mais informação e bilhetes:</strong></p>
<blockquote class="wp-embedded-content" data-secret="tQqE5FfKyz"><p><a href="https://fpvoleibol.pt/fpv/competicoes/taca-de-portugal-2026/">TAÇA DE PORTUGAL 2026</a></p></blockquote>
<p><iframe loading="lazy" class="wp-embedded-content" sandbox="allow-scripts" security="restricted" style="position: absolute; visibility: hidden;" title="&#8220;TAÇA DE PORTUGAL 2026&#8221; &#8212; Federação Portuguesa de Voleibol" src="https://fpvoleibol.pt/fpv/competicoes/taca-de-portugal-2026/embed/#?secret=NuSfqyARte#?secret=tQqE5FfKyz" data-secret="tQqE5FfKyz" width="600" height="338" frameborder="0" marginwidth="0" marginheight="0" scrolling="no"></iframe></p>

<p>14/03 (15h00): Vitória SC x SL Benfica 14/03 (18h00): Sporting CP x AA Espinho 15/03 (16h00): Final &nbsp; Mais informação e bilhetes: TAÇA DE PORTUGAL 2026</p>
