{"id":45505,"date":"2026-02-12T15:58:07","date_gmt":"2026-02-12T15:58:07","guid":{"rendered":"https:\/\/fpvoleibol.pt\/fpv\/?post_type=tribe_events&#038;p=45505"},"modified":"2026-03-03T12:53:54","modified_gmt":"2026-03-03T12:53:54","slug":"taca-de-portugal-final-4-femininos","status":"publish","type":"tribe_events","link":"https:\/\/fpvoleibol.pt\/fpv\/evento\/taca-de-portugal-final-4-femininos\/","title":{"rendered":"Ta\u00e7a de Portugal &#8211; Final 4 (Femininos)"},"content":{"rendered":"<p>13\/03 (18h00):\u00a0FC Porto x PV2014\/Col. Efanor<\/p>\n<p>13\/03 (21h00):\u00a0SC Braga x Cast\u00ealo da Maia GC<\/p>\n<p>14\/03 (21h00):\u00a0Final<\/p>\n<p><strong>Mais informa\u00e7\u00e3o e bilhetes:<\/strong><\/p>\n<blockquote class=\"wp-embedded-content\" data-secret=\"ts5BxUTB3v\"><p><a href=\"https:\/\/fpvoleibol.pt\/fpv\/competicoes\/taca-de-portugal-2026\/\">TA\u00c7A DE PORTUGAL 2026<\/a><\/p><\/blockquote>\n<p><iframe loading=\"lazy\" class=\"wp-embedded-content\" sandbox=\"allow-scripts\" security=\"restricted\" style=\"position: absolute; visibility: hidden;\" title=\"&#8220;TA\u00c7A DE PORTUGAL 2026&#8221; &#8212; Federa\u00e7\u00e3o Portuguesa de Voleibol\" src=\"https:\/\/fpvoleibol.pt\/fpv\/competicoes\/taca-de-portugal-2026\/embed\/#?secret=LQyEIMBm2J#?secret=ts5BxUTB3v\" data-secret=\"ts5BxUTB3v\" width=\"600\" height=\"338\" frameborder=\"0\" marginwidth=\"0\" marginheight=\"0\" scrolling=\"no\"><\/iframe><\/p>\n","protected":false},"excerpt":{"rendered":"<p>13\/03 (18h00):\u00a0FC Porto x PV2014\/Col. Efanor 13\/03 (21h00):\u00a0SC Braga x Cast\u00ealo da Maia GC 14\/03 (21h00):\u00a0Final Mais informa\u00e7\u00e3o e bilhetes: TA\u00c7A DE PORTUGAL 2026<\/p>\n","protected":false},"author":1,"featured_media":45773,"template":"","meta":{"_monsterinsights_skip_tracking":false,"_monsterinsights_sitenote_active":false,"_monsterinsights_sitenote_note":"","_monsterinsights_sitenote_category":0,"_tribe_events_status":"","_tribe_events_status_reason":"","footnotes":""},"tags":[],"tribe_events_cat":[],"class_list":["post-45505","tribe_events","type-tribe_events","status-publish","has-post-thumbnail","czr-hentry"],"aioseo_notices":[],"_links":{"self":[{"href":"https:\/\/fpvoleibol.pt\/fpv\/wp-json\/wp\/v2\/tribe_events\/45505","targetHints":{"allow":["GET"]}}],"collection":[{"href":"https:\/\/fpvoleibol.pt\/fpv\/wp-json\/wp\/v2\/tribe_events"}],"about":[{"href":"https:\/\/fpvoleibol.pt\/fpv\/wp-json\/wp\/v2\/types\/tribe_events"}],"author":[{"embeddable":true,"href":"https:\/\/fpvoleibol.pt\/fpv\/wp-json\/wp\/v2\/users\/1"}],"version-history":[{"count":4,"href":"https:\/\/fpvoleibol.pt\/fpv\/wp-json\/wp\/v2\/tribe_events\/45505\/revisions"}],"predecessor-version":[{"id":45775,"href":"https:\/\/fpvoleibol.pt\/fpv\/wp-json\/wp\/v2\/tribe_events\/45505\/revisions\/45775"}],"wp:featuredmedia":[{"embeddable":true,"href":"https:\/\/fpvoleibol.pt\/fpv\/wp-json\/wp\/v2\/media\/45773"}],"wp:attachment":[{"href":"https:\/\/fpvoleibol.pt\/fpv\/wp-json\/wp\/v2\/media?parent=45505"}],"wp:term":[{"taxonomy":"post_tag","embeddable":true,"href":"https:\/\/fpvoleibol.pt\/fpv\/wp-json\/wp\/v2\/tags?post=45505"},{"taxonomy":"tribe_events_cat","embeddable":true,"href":"https:\/\/fpvoleibol.pt\/fpv\/wp-json\/wp\/v2\/tribe_events_cat?post=45505"}],"curies":[{"name":"wp","href":"https:\/\/api.w.org\/{rel}","templated":true}]}}

Taça de Portugal &#8211; Final 4 (Femininos)

<p>13/03 (18h00): FC Porto x PV2014/Col. Efanor</p>
<p>13/03 (21h00): SC Braga x Castêlo da Maia GC</p>
<p>14/03 (21h00): Final</p>
<p><strong>Mais informação e bilhetes:</strong></p>
<blockquote class="wp-embedded-content" data-secret="ts5BxUTB3v"><p><a href="https://fpvoleibol.pt/fpv/competicoes/taca-de-portugal-2026/">TAÇA DE PORTUGAL 2026</a></p></blockquote>
<p><iframe loading="lazy" class="wp-embedded-content" sandbox="allow-scripts" security="restricted" style="position: absolute; visibility: hidden;" title="&#8220;TAÇA DE PORTUGAL 2026&#8221; &#8212; Federação Portuguesa de Voleibol" src="https://fpvoleibol.pt/fpv/competicoes/taca-de-portugal-2026/embed/#?secret=LQyEIMBm2J#?secret=ts5BxUTB3v" data-secret="ts5BxUTB3v" width="600" height="338" frameborder="0" marginwidth="0" marginheight="0" scrolling="no"></iframe></p>

<p>13/03 (18h00): FC Porto x PV2014/Col. Efanor 13/03 (21h00): SC Braga x Castêlo da Maia GC 14/03 (21h00): Final Mais informação e bilhetes: TAÇA DE PORTUGAL 2026</p>
