{"id":44864,"date":"2026-01-08T17:06:32","date_gmt":"2026-01-08T17:06:32","guid":{"rendered":"https:\/\/fpvoleibol.pt\/fpv\/?post_type=tribe_events&#038;p=44864"},"modified":"2026-01-08T17:06:32","modified_gmt":"2026-01-08T17:06:32","slug":"torneio-wevza-de-qualificacao-para-o-campenaot-da-europa-2026-sub18","status":"publish","type":"tribe_events","link":"https:\/\/fpvoleibol.pt\/fpv\/evento\/torneio-wevza-de-qualificacao-para-o-campenaot-da-europa-2026-sub18\/","title":{"rendered":"Torneio WEVZA de Qualifica\u00e7\u00e3o para o Campenaot da Europa 2026 Sub18"},"content":{"rendered":"<p><strong>Ter\u00e7a 06.01.2026<\/strong><br \/>\n15H00 GER X ESP<br \/>\n17H30 NED X FRA<br \/>\n20H00 POR X BEL<\/p>\n<p><strong>Quarta 07.01.2026<\/strong><br \/>\n15H00 FRA X GER<br \/>\n17H30 BEL X ESP<br \/>\n20H00 NED X POR<\/p>\n<p><strong>Quinta 08.01.2026<\/strong><br \/>\n15H00 BEL X GER<br \/>\n17H30 ESP X NED<br \/>\n20H00 POR X FRA<\/p>\n<p><strong>Sexta 09.01.2026<\/strong><br \/>\n15H00 FRA X BEL<br \/>\n17H30 GER X NED<br \/>\n20H00 POR X ESP<\/p>\n<p><strong>S\u00e1bado 10.01.2026<\/strong><br \/>\n15H00 ESP X FRA<br \/>\n17H30 BEL X NED<br \/>\n20H00 POR X GER<\/p>\n","protected":false},"excerpt":{"rendered":"<p>Ter\u00e7a 06.01.2026 15H00 GER X ESP 17H30 NED X FRA 20H00 POR X BEL Quarta 07.01.2026 15H00 FRA X GER 17H30 BEL X ESP 20H00 NED X POR Quinta 08.01.2026 [&hellip;]<\/p>\n","protected":false},"author":1,"featured_media":44525,"template":"","meta":{"_monsterinsights_skip_tracking":false,"_monsterinsights_sitenote_active":false,"_monsterinsights_sitenote_note":"","_monsterinsights_sitenote_category":0,"_tribe_events_status":"","_tribe_events_status_reason":"","footnotes":""},"tags":[],"tribe_events_cat":[],"class_list":["post-44864","tribe_events","type-tribe_events","status-publish","has-post-thumbnail","czr-hentry"],"aioseo_notices":[],"_links":{"self":[{"href":"https:\/\/fpvoleibol.pt\/fpv\/wp-json\/wp\/v2\/tribe_events\/44864","targetHints":{"allow":["GET"]}}],"collection":[{"href":"https:\/\/fpvoleibol.pt\/fpv\/wp-json\/wp\/v2\/tribe_events"}],"about":[{"href":"https:\/\/fpvoleibol.pt\/fpv\/wp-json\/wp\/v2\/types\/tribe_events"}],"author":[{"embeddable":true,"href":"https:\/\/fpvoleibol.pt\/fpv\/wp-json\/wp\/v2\/users\/1"}],"version-history":[{"count":1,"href":"https:\/\/fpvoleibol.pt\/fpv\/wp-json\/wp\/v2\/tribe_events\/44864\/revisions"}],"predecessor-version":[{"id":44866,"href":"https:\/\/fpvoleibol.pt\/fpv\/wp-json\/wp\/v2\/tribe_events\/44864\/revisions\/44866"}],"wp:featuredmedia":[{"embeddable":true,"href":"https:\/\/fpvoleibol.pt\/fpv\/wp-json\/wp\/v2\/media\/44525"}],"wp:attachment":[{"href":"https:\/\/fpvoleibol.pt\/fpv\/wp-json\/wp\/v2\/media?parent=44864"}],"wp:term":[{"taxonomy":"post_tag","embeddable":true,"href":"https:\/\/fpvoleibol.pt\/fpv\/wp-json\/wp\/v2\/tags?post=44864"},{"taxonomy":"tribe_events_cat","embeddable":true,"href":"https:\/\/fpvoleibol.pt\/fpv\/wp-json\/wp\/v2\/tribe_events_cat?post=44864"}],"curies":[{"name":"wp","href":"https:\/\/api.w.org\/{rel}","templated":true}]}}

Torneio WEVZA de Qualificação para o Campenaot da Europa 2026 Sub18

<p><strong>Terça 06.01.2026</strong><br />
15H00 GER X ESP<br />
17H30 NED X FRA<br />
20H00 POR X BEL</p>
<p><strong>Quarta 07.01.2026</strong><br />
15H00 FRA X GER<br />
17H30 BEL X ESP<br />
20H00 NED X POR</p>
<p><strong>Quinta 08.01.2026</strong><br />
15H00 BEL X GER<br />
17H30 ESP X NED<br />
20H00 POR X FRA</p>
<p><strong>Sexta 09.01.2026</strong><br />
15H00 FRA X BEL<br />
17H30 GER X NED<br />
20H00 POR X ESP</p>
<p><strong>Sábado 10.01.2026</strong><br />
15H00 ESP X FRA<br />
17H30 BEL X NED<br />
20H00 POR X GER</p>

<p>Terça 06.01.2026 15H00 GER X ESP 17H30 NED X FRA 20H00 POR X BEL Quarta 07.01.2026 15H00 FRA X GER 17H30 BEL X ESP 20H00 NED X POR Quinta 08.01.2026 [&hellip;]</p>
