{"id":41148,"date":"2025-06-30T17:14:24","date_gmt":"2025-06-30T16:14:24","guid":{"rendered":"https:\/\/fpvoleibol.pt\/fpv\/?post_type=tribe_events&#038;p=41148"},"modified":"2025-07-23T09:16:32","modified_gmt":"2025-07-23T08:16:32","slug":"torneio-wevza-sub-17-femininos","status":"publish","type":"tribe_events","link":"https:\/\/fpvoleibol.pt\/fpv\/evento\/torneio-wevza-sub-17-femininos\/","title":{"rendered":"Torneio WEVZA Sub-17 Femininos"},"content":{"rendered":"<p><strong>Qua, 23.07.2025<\/strong><br \/>\n15H00 &#8211; ESPANHA X IT\u00c1LIA<br \/>\n18H00 &#8211; PORTUGAL X B\u00c9LGICA<\/p>\n<p><strong>Qui, 24.07.2025<\/strong><br \/>\n15H00 &#8211; IT\u00c1LIA X B\u00c9LGICA<br \/>\n18H00 &#8211; ESPANHA X PORTUGAL<\/p>\n<p><strong>Sex, 25.07.2025<\/strong><br \/>\n15H00 &#8211; B\u00c9LGICA X ESPANHA<br \/>\n18H00 &#8211; IT\u00c1LIA X PORTUGAL<\/p>\n<p><strong>S\u00e1b, 26.07.2025<\/strong><br \/>\n15H00 &#8211; 3\u00ba CLASSIFICADO X 4\u00ba CLASSIFICADO<br \/>\n18H00 &#8211; 1\u00ba CLASSIFICADO X 2\u00ba CLASSIFICADO<\/p>\n","protected":false},"excerpt":{"rendered":"<p>Qua, 23.07.2025 15H00 &#8211; ESPANHA X IT\u00c1LIA 18H00 &#8211; PORTUGAL X B\u00c9LGICA Qui, 24.07.2025 15H00 &#8211; IT\u00c1LIA X B\u00c9LGICA 18H00 &#8211; ESPANHA X PORTUGAL Sex, 25.07.2025 15H00 &#8211; B\u00c9LGICA X [&hellip;]<\/p>\n","protected":false},"author":1,"featured_media":41149,"template":"","meta":{"_monsterinsights_skip_tracking":false,"_monsterinsights_sitenote_active":false,"_monsterinsights_sitenote_note":"","_monsterinsights_sitenote_category":0,"_tribe_events_status":"","_tribe_events_status_reason":"","footnotes":""},"tags":[],"tribe_events_cat":[],"class_list":["post-41148","tribe_events","type-tribe_events","status-publish","has-post-thumbnail","czr-hentry"],"aioseo_notices":[],"_links":{"self":[{"href":"https:\/\/fpvoleibol.pt\/fpv\/wp-json\/wp\/v2\/tribe_events\/41148","targetHints":{"allow":["GET"]}}],"collection":[{"href":"https:\/\/fpvoleibol.pt\/fpv\/wp-json\/wp\/v2\/tribe_events"}],"about":[{"href":"https:\/\/fpvoleibol.pt\/fpv\/wp-json\/wp\/v2\/types\/tribe_events"}],"author":[{"embeddable":true,"href":"https:\/\/fpvoleibol.pt\/fpv\/wp-json\/wp\/v2\/users\/1"}],"version-history":[{"count":5,"href":"https:\/\/fpvoleibol.pt\/fpv\/wp-json\/wp\/v2\/tribe_events\/41148\/revisions"}],"predecessor-version":[{"id":41624,"href":"https:\/\/fpvoleibol.pt\/fpv\/wp-json\/wp\/v2\/tribe_events\/41148\/revisions\/41624"}],"wp:featuredmedia":[{"embeddable":true,"href":"https:\/\/fpvoleibol.pt\/fpv\/wp-json\/wp\/v2\/media\/41149"}],"wp:attachment":[{"href":"https:\/\/fpvoleibol.pt\/fpv\/wp-json\/wp\/v2\/media?parent=41148"}],"wp:term":[{"taxonomy":"post_tag","embeddable":true,"href":"https:\/\/fpvoleibol.pt\/fpv\/wp-json\/wp\/v2\/tags?post=41148"},{"taxonomy":"tribe_events_cat","embeddable":true,"href":"https:\/\/fpvoleibol.pt\/fpv\/wp-json\/wp\/v2\/tribe_events_cat?post=41148"}],"curies":[{"name":"wp","href":"https:\/\/api.w.org\/{rel}","templated":true}]}}

<p><strong>Qua, 23.07.2025</strong><br />
15H00 &#8211; ESPANHA X ITÁLIA<br />
18H00 &#8211; PORTUGAL X BÉLGICA</p>
<p><strong>Qui, 24.07.2025</strong><br />
15H00 &#8211; ITÁLIA X BÉLGICA<br />
18H00 &#8211; ESPANHA X PORTUGAL</p>
<p><strong>Sex, 25.07.2025</strong><br />
15H00 &#8211; BÉLGICA X ESPANHA<br />
18H00 &#8211; ITÁLIA X PORTUGAL</p>
<p><strong>Sáb, 26.07.2025</strong><br />
15H00 &#8211; 3º CLASSIFICADO X 4º CLASSIFICADO<br />
18H00 &#8211; 1º CLASSIFICADO X 2º CLASSIFICADO</p>

<p>Qua, 23.07.2025 15H00 &#8211; ESPANHA X ITÁLIA 18H00 &#8211; PORTUGAL X BÉLGICA Qui, 24.07.2025 15H00 &#8211; ITÁLIA X BÉLGICA 18H00 &#8211; ESPANHA X PORTUGAL Sex, 25.07.2025 15H00 &#8211; BÉLGICA X [&hellip;]</p>
