{"id":36309,"date":"2024-11-05T15:18:41","date_gmt":"2024-11-05T15:18:41","guid":{"rendered":"https:\/\/fpvoleibol.pt\/fpv\/?post_type=tribe_events&#038;p=36309"},"modified":"2024-11-14T11:35:15","modified_gmt":"2024-11-14T11:35:15","slug":"39o-congresso-mundial-da-fivb","status":"publish","type":"tribe_events","link":"https:\/\/fpvoleibol.pt\/fpv\/evento\/39o-congresso-mundial-da-fivb\/","title":{"rendered":"39\u00ba Congresso Mundial da FIVB"},"content":{"rendered":"<p>O 39\u00ba Congresso Mundial da FIVB decorre de 15 a 17 de novembro de 2024, na cidade do Porto, Portugal.<\/p>\n<p>O evento reune membros de toda a Fam\u00edlia Global do Voleibol para refletir sobre as realiza\u00e7\u00f5es not\u00e1veis dos \u00faltimos 12 anos \u2013 marcados por inova\u00e7\u00e3o e oportunidade \u2013 e para tomar decis\u00f5es chave para a cont\u00ednua evolu\u00e7\u00e3o do desporto.<\/p>\n<p>O Congresso oferece uma plataforma \u00fanica para a troca de ideias, o fortalecimento de rela\u00e7\u00f5es e o avan\u00e7o do desenvolvimento e promo\u00e7\u00e3o do voleibol \u00e0 escala global.<\/p>\n<p>Promete ser um marco importante no crescimento do desporto.<\/p>\n","protected":false},"excerpt":{"rendered":"<p>O 39\u00ba Congresso Mundial da FIVB decorre de 15 a 17 de novembro de 2024, na cidade do Porto, Portugal. O evento reune membros de toda a Fam\u00edlia Global do [&hellip;]<\/p>\n","protected":false},"author":1,"featured_media":36603,"template":"","meta":{"_monsterinsights_skip_tracking":false,"_monsterinsights_sitenote_active":false,"_monsterinsights_sitenote_note":"","_monsterinsights_sitenote_category":0,"_tribe_events_status":"","_tribe_events_status_reason":"","footnotes":""},"tags":[],"tribe_events_cat":[],"class_list":["post-36309","tribe_events","type-tribe_events","status-publish","has-post-thumbnail","czr-hentry"],"aioseo_notices":[],"_links":{"self":[{"href":"https:\/\/fpvoleibol.pt\/fpv\/wp-json\/wp\/v2\/tribe_events\/36309","targetHints":{"allow":["GET"]}}],"collection":[{"href":"https:\/\/fpvoleibol.pt\/fpv\/wp-json\/wp\/v2\/tribe_events"}],"about":[{"href":"https:\/\/fpvoleibol.pt\/fpv\/wp-json\/wp\/v2\/types\/tribe_events"}],"author":[{"embeddable":true,"href":"https:\/\/fpvoleibol.pt\/fpv\/wp-json\/wp\/v2\/users\/1"}],"version-history":[{"count":2,"href":"https:\/\/fpvoleibol.pt\/fpv\/wp-json\/wp\/v2\/tribe_events\/36309\/revisions"}],"predecessor-version":[{"id":36614,"href":"https:\/\/fpvoleibol.pt\/fpv\/wp-json\/wp\/v2\/tribe_events\/36309\/revisions\/36614"}],"wp:featuredmedia":[{"embeddable":true,"href":"https:\/\/fpvoleibol.pt\/fpv\/wp-json\/wp\/v2\/media\/36603"}],"wp:attachment":[{"href":"https:\/\/fpvoleibol.pt\/fpv\/wp-json\/wp\/v2\/media?parent=36309"}],"wp:term":[{"taxonomy":"post_tag","embeddable":true,"href":"https:\/\/fpvoleibol.pt\/fpv\/wp-json\/wp\/v2\/tags?post=36309"},{"taxonomy":"tribe_events_cat","embeddable":true,"href":"https:\/\/fpvoleibol.pt\/fpv\/wp-json\/wp\/v2\/tribe_events_cat?post=36309"}],"curies":[{"name":"wp","href":"https:\/\/api.w.org\/{rel}","templated":true}]}}

39º Congresso Mundial da FIVB

<p>O 39º Congresso Mundial da FIVB decorre de 15 a 17 de novembro de 2024, na cidade do Porto, Portugal.</p>
<p>O evento reune membros de toda a Família Global do Voleibol para refletir sobre as realizações notáveis dos últimos 12 anos – marcados por inovação e oportunidade – e para tomar decisões chave para a contínua evolução do desporto.</p>
<p>O Congresso oferece uma plataforma única para a troca de ideias, o fortalecimento de relações e o avanço do desenvolvimento e promoção do voleibol à escala global.</p>
<p>Promete ser um marco importante no crescimento do desporto.</p>

<p>O 39º Congresso Mundial da FIVB decorre de 15 a 17 de novembro de 2024, na cidade do Porto, Portugal. O evento reune membros de toda a Família Global do [&hellip;]</p>
