{"id":696,"date":"2020-04-30T15:41:44","date_gmt":"2020-04-30T15:41:44","guid":{"rendered":"https:\/\/fpvoleibol.pt\/fpv\/?page_id=696"},"modified":"2021-05-07T12:34:03","modified_gmt":"2021-05-07T11:34:03","slug":"e-book-voleibol-sentado","status":"publish","type":"page","link":"https:\/\/fpvoleibol.pt\/fpv\/fpv\/e-book-voleibol-sentado\/","title":{"rendered":"E-Book &#8220;Voleibol Sentado&#8221;"},"content":{"rendered":"<p>&nbsp;<\/p>\n<p class=\"auto-style3\"><a href=\"https:\/\/paravolei.fpvoleibol.pt\/manual-voleibol-sentado\/\" target=\"_blank\" rel=\"noopener noreferrer\"><img loading=\"lazy\" decoding=\"async\" class=\"auto-style4 aligncenter\" src=\"https:\/\/www.fpvoleibol.pt\/voleibolsentado\/capa_livro_voleibol_sentado.png\" alt=\"\" width=\"359\" height=\"350\" \/><\/a><\/p>\n<p style=\"text-align: center;\"><strong><img decoding=\"async\" src=\"https:\/\/www.fpvoleibol.pt\/voleibolsentado\/book.png\" \/> Vers\u00e3o impressa (formato A5) \u00e9 enviada \u00e0 cobran\u00e7a e tem o custo de 15 EUR + portes de envio<\/strong><br \/>\nEnviar e-mail para financeira.fpv@fpvoleibol.pt indicando: <strong>Quantidade, Nome, Morada completa e NIF<\/strong><br \/>\nEm caso de d\u00favidas contactar a FPV: Telf 228 349 570 | Email: financeira.fpv@fpvoleibol.pt<\/p>\n","protected":false},"excerpt":{"rendered":"<p>&nbsp; Vers\u00e3o impressa (formato A5) \u00e9 enviada \u00e0 cobran\u00e7a e tem o custo de 15 EUR + portes de envio Enviar e-mail para financeira.fpv@fpvoleibol.pt indicando: Quantidade, Nome, Morada completa e [&hellip;]<\/p>\n","protected":false},"author":1,"featured_media":0,"parent":97,"menu_order":0,"comment_status":"closed","ping_status":"closed","template":"","meta":{"_monsterinsights_skip_tracking":false,"_monsterinsights_sitenote_active":false,"_monsterinsights_sitenote_note":"","_monsterinsights_sitenote_category":0,"footnotes":""},"class_list":["post-696","page","type-page","status-publish","czr-hentry"],"aioseo_notices":[],"_links":{"self":[{"href":"https:\/\/fpvoleibol.pt\/fpv\/wp-json\/wp\/v2\/pages\/696","targetHints":{"allow":["GET"]}}],"collection":[{"href":"https:\/\/fpvoleibol.pt\/fpv\/wp-json\/wp\/v2\/pages"}],"about":[{"href":"https:\/\/fpvoleibol.pt\/fpv\/wp-json\/wp\/v2\/types\/page"}],"author":[{"embeddable":true,"href":"https:\/\/fpvoleibol.pt\/fpv\/wp-json\/wp\/v2\/users\/1"}],"replies":[{"embeddable":true,"href":"https:\/\/fpvoleibol.pt\/fpv\/wp-json\/wp\/v2\/comments?post=696"}],"version-history":[{"count":5,"href":"https:\/\/fpvoleibol.pt\/fpv\/wp-json\/wp\/v2\/pages\/696\/revisions"}],"predecessor-version":[{"id":5609,"href":"https:\/\/fpvoleibol.pt\/fpv\/wp-json\/wp\/v2\/pages\/696\/revisions\/5609"}],"up":[{"embeddable":true,"href":"https:\/\/fpvoleibol.pt\/fpv\/wp-json\/wp\/v2\/pages\/97"}],"wp:attachment":[{"href":"https:\/\/fpvoleibol.pt\/fpv\/wp-json\/wp\/v2\/media?parent=696"}],"curies":[{"name":"wp","href":"https:\/\/api.w.org\/{rel}","templated":true}]}}