{"id":46139,"date":"2026-03-19T15:41:37","date_gmt":"2026-03-19T15:41:37","guid":{"rendered":"https:\/\/fpvoleibol.pt\/fpv\/?page_id=46139"},"modified":"2026-04-27T16:28:33","modified_gmt":"2026-04-27T16:28:33","slug":"cursos-de-voleibol-2026","status":"publish","type":"page","link":"https:\/\/fpvoleibol.pt\/fpv\/formacao\/cursos-de-voleibol-2026\/","title":{"rendered":"CURSOS DE VOLEIBOL &#8211; 2026"},"content":{"rendered":"<p style=\"text-align: center;\"><span style=\"font-size: 18pt;\"><strong><a href=\"https:\/\/fpvoleibol.pt\/fpv\/wp-content\/uploads\/2021\/04\/Logo_formacao_voleibol3.png\"><img loading=\"lazy\" decoding=\"async\" class=\"aligncenter size-medium wp-image-4667\" src=\"https:\/\/fpvoleibol.pt\/fpv\/wp-content\/uploads\/2021\/04\/Logo_formacao_voleibol3-300x210.png\" alt=\"\" width=\"300\" height=\"210\" srcset=\"https:\/\/fpvoleibol.pt\/fpv\/wp-content\/uploads\/2021\/04\/Logo_formacao_voleibol3-300x210.png 300w, https:\/\/fpvoleibol.pt\/fpv\/wp-content\/uploads\/2021\/04\/Logo_formacao_voleibol3-768x537.png 768w, https:\/\/fpvoleibol.pt\/fpv\/wp-content\/uploads\/2021\/04\/Logo_formacao_voleibol3.png 1001w\" sizes=\"auto, (max-width: 300px) 100vw, 300px\" \/><\/a><\/strong><\/span><\/p>\n<p>&nbsp;<\/p>\n<table style=\"height: 306px; width: 100%; border-collapse: collapse; border-style: solid; border-color: #ffffff;\" border=\"2\" cellspacing=\"0\" cellpadding=\"0\">\n<tbody>\n<tr style=\"height: 47px;\">\n<td style=\"width: 458.156px; background-color: #cfcfcf; height: 47px; border-color: #ffffff; border-style: solid; text-align: center;\"><span style=\"color: #004480;\"><strong>COMUNICADO DE ABERTURA <a style=\"color: #004480;\" href=\"https:\/\/fpvoleibol.pt\/cursos\/comunicado_cursos_2026.pdf\" target=\"_blank\" rel=\"noopener\">\u25ba<\/a><\/strong><\/span><br \/>\n<span style=\"color: #004480;\">CURSOS 2026<\/span><\/td>\n<td style=\"width: 458.656px; background-color: #ffffff; height: 47px; border-color: #ffffff; border-style: solid; text-align: center;\"><\/td>\n<td style=\"width: 458.188px; height: 47px; border-color: #ffffff; border-style: solid; text-align: center; background-color: #ffffff;\"><\/td>\n<\/tr>\n<tr style=\"height: 24px;\">\n<td style=\"width: 458.156px; background-color: #ffffff; border-color: #ffffff; border-style: solid; text-align: center; height: 24px;\"><span style=\"color: #004480;\"><strong>\u00a0<\/strong><\/span><\/td>\n<td style=\"width: 458.656px; background-color: #ffffff; border-color: #ffffff; border-style: solid; text-align: center; height: 24px;\"><\/td>\n<td style=\"width: 458.188px; border-color: #ffffff; border-style: solid; text-align: center; background-color: #ffffff; height: 24px;\"><\/td>\n<\/tr>\n<tr style=\"height: 47px;\">\n<td style=\"width: 458.156px; background-color: #0073c4; text-align: center; height: 47px; border-color: #ffffff; border-style: solid;\"><span style=\"color: #ffffff;\"><strong>TREINADORES &#8211; GRAU I<\/strong><\/span><br \/>\n<span style=\"color: #ffffff;\">15-05-2026 a 31-05-2026<\/span><\/td>\n<td style=\"width: 458.656px; height: 47px; border-color: #ffffff; border-style: solid; background-color: #ffffff; text-align: center;\"><\/td>\n<td style=\"width: 458.188px; height: 47px; border-color: #ffffff; border-style: solid; background-color: #ffffff; text-align: center;\"><\/td>\n<\/tr>\n<tr style=\"height: 23px;\">\n<td style=\"width: 458.156px; height: 23px; text-align: center; background-color: #f0f0f0; border-color: #ffffff; border-style: solid;\"><a href=\"https:\/\/www.fpvoleibol.pt\/cursos\/info_curso_2026_grau1_maio.pdf\">Informa\u00e7\u00e3o Geral <span style=\"font-family: wingdings, 'zapf dingbats';\">\u25ba<\/span><\/a><br \/>\n<a href=\"https:\/\/www.fpvoleibol.pt\/cursos\/horario_curso_2026_grau1_maio.pdf\">Tabela de Hor\u00e1rios <span style=\"font-family: wingdings, 'zapf dingbats';\">\u25ba<\/span><\/a><\/td>\n<td style=\"width: 458.656px; height: 23px; border-color: #ffffff; border-style: solid; background-color: #ffffff; text-align: center;\"><\/td>\n<td style=\"width: 458.188px; height: 23px; border-color: #ffffff; border-style: solid; background-color: #ffffff; text-align: center;\"><\/td>\n<\/tr>\n<tr>\n<td style=\"width: 458.156px; text-align: center; background-color: #f0f0f0; border-color: #ffffff; border-style: solid;\"><a href=\"https:\/\/forms.gle\/9YrtuHVtoJmoK1KU8\" target=\"_blank\" rel=\"noopener\">Formul\u00e1rio de Inscri\u00e7\u00e3o <span style=\"font-family: wingdings, 'zapf dingbats';\">\u25ba<\/span><\/a><\/td>\n<td style=\"width: 458.656px; border-color: #ffffff; border-style: solid; background-color: #ffffff; text-align: center;\"><\/td>\n<td style=\"width: 458.188px; border-color: #ffffff; border-style: solid; background-color: #ffffff; text-align: center;\"><\/td>\n<\/tr>\n<tr style=\"height: 24px;\">\n<td style=\"width: 458.156px; text-align: center; border-color: #ffffff; border-style: solid; background-color: #ffffff; height: 24px;\"><\/td>\n<td style=\"width: 458.656px; border-color: #ffffff; border-style: solid; text-align: center; background-color: #ffffff; height: 24px;\"><\/td>\n<td style=\"width: 458.188px; border-color: #ffffff; border-style: solid; text-align: center; background-color: #ffffff; height: 24px;\"><\/td>\n<\/tr>\n<tr style=\"height: 47px;\">\n<td style=\"width: 458.156px; background-color: #750000; height: 47px; border-color: #ffffff; border-style: solid; text-align: center;\"><span style=\"color: #ffffff;\"><strong>CURSO DATAVOLLEY 2026<\/strong><\/span><br \/>\n<span style=\"color: #ffffff;\">13-04-2026 a 09-05-2026<\/span><\/td>\n<td style=\"width: 458.656px; background-color: #ffffff; height: 47px; border-color: #ffffff; border-style: solid; text-align: center;\"><\/td>\n<td style=\"width: 458.188px; height: 47px; border-color: #ffffff; border-style: solid; text-align: center; background-color: #ffffff;\"><\/td>\n<\/tr>\n<tr style=\"height: 23px;\">\n<td style=\"width: 458.156px; height: 23px; text-align: center; background-color: #f0f0f0; border-color: #ffffff; border-style: solid;\"><a href=\"https:\/\/fpvoleibol.pt\/fpv\/wp-content\/uploads\/2026\/03\/carta_datavolley2026.pdf\" target=\"_blank\" rel=\"noopener\">Informa\u00e7\u00e3o Geral <span style=\"font-family: wingdings, 'zapf dingbats';\">\u25ba<\/span><\/a><br \/>\n<a href=\"https:\/\/fpvoleibol.pt\/fpv\/wp-content\/uploads\/2026\/03\/programa_datavolley_ipmaia2026.pdf\" target=\"_blank\" rel=\"noopener\">Tabela de Hor\u00e1rios <span style=\"font-family: wingdings, 'zapf dingbats';\">\u25ba<\/span><\/a><\/td>\n<td style=\"width: 458.656px; height: 23px; border-color: #ffffff; border-style: solid; text-align: center; background-color: #ffffff;\"><\/td>\n<td style=\"width: 458.188px; height: 23px; text-align: center; border-color: #ffffff; border-style: solid; background-color: #ffffff;\"><\/td>\n<\/tr>\n<tr style=\"height: 23px;\">\n<td style=\"width: 458.156px; height: 23px; text-align: center; background-color: #f0f0f0; border-color: #ffffff; border-style: solid;\"><a href=\"https:\/\/forms.gle\/FDNbQKMn2cYDqvGt7\" target=\"_blank\" rel=\"noopener\">Formul\u00e1rio de Inscri\u00e7\u00e3o <span style=\"font-family: wingdings, 'zapf dingbats';\">\u25ba<\/span><\/a><\/td>\n<td style=\"width: 458.656px; height: 23px; border-color: #ffffff; border-style: solid; text-align: center; background-color: #ffffff;\"><\/td>\n<td style=\"width: 458.188px; height: 23px; text-align: center; border-color: #ffffff; border-style: solid; background-color: #ffffff;\"><\/td>\n<\/tr>\n<tr style=\"height: 24px;\">\n<td style=\"width: 458.156px; text-align: center; height: 24px; border-color: #ffffff; border-style: solid;\"><\/td>\n<td style=\"width: 458.656px; text-align: center; height: 24px; border-color: #ffffff; border-style: solid;\"><\/td>\n<td style=\"width: 458.188px; text-align: center; height: 24px; border-color: #ffffff; border-style: solid;\"><\/td>\n<\/tr>\n<tr style=\"height: 24px;\">\n<td style=\"width: 458.156px; text-align: center; height: 24px; border-color: #ffffff; border-style: solid;\"><\/td>\n<td style=\"width: 458.656px; text-align: center; height: 24px; border-color: #ffffff; border-style: solid;\"><\/td>\n<td style=\"width: 458.188px; text-align: center; height: 24px; border-color: #ffffff; border-style: solid;\"><\/td>\n<\/tr>\n<\/tbody>\n<\/table>\n<p>&nbsp;<\/p>\n","protected":false},"excerpt":{"rendered":"<p>&nbsp; COMUNICADO DE ABERTURA \u25ba CURSOS 2026 \u00a0 TREINADORES &#8211; GRAU I 15-05-2026 a 31-05-2026 Informa\u00e7\u00e3o Geral \u25ba Tabela de Hor\u00e1rios \u25ba Formul\u00e1rio de Inscri\u00e7\u00e3o \u25ba CURSO DATAVOLLEY 2026 13-04-2026 [&hellip;]<\/p>\n","protected":false},"author":1,"featured_media":14392,"parent":4655,"menu_order":0,"comment_status":"closed","ping_status":"closed","template":"","meta":{"_monsterinsights_skip_tracking":false,"_monsterinsights_sitenote_active":false,"_monsterinsights_sitenote_note":"","_monsterinsights_sitenote_category":0,"footnotes":""},"class_list":["post-46139","page","type-page","status-publish","has-post-thumbnail","czr-hentry"],"aioseo_notices":[],"_links":{"self":[{"href":"https:\/\/fpvoleibol.pt\/fpv\/wp-json\/wp\/v2\/pages\/46139","targetHints":{"allow":["GET"]}}],"collection":[{"href":"https:\/\/fpvoleibol.pt\/fpv\/wp-json\/wp\/v2\/pages"}],"about":[{"href":"https:\/\/fpvoleibol.pt\/fpv\/wp-json\/wp\/v2\/types\/page"}],"author":[{"embeddable":true,"href":"https:\/\/fpvoleibol.pt\/fpv\/wp-json\/wp\/v2\/users\/1"}],"replies":[{"embeddable":true,"href":"https:\/\/fpvoleibol.pt\/fpv\/wp-json\/wp\/v2\/comments?post=46139"}],"version-history":[{"count":7,"href":"https:\/\/fpvoleibol.pt\/fpv\/wp-json\/wp\/v2\/pages\/46139\/revisions"}],"predecessor-version":[{"id":46907,"href":"https:\/\/fpvoleibol.pt\/fpv\/wp-json\/wp\/v2\/pages\/46139\/revisions\/46907"}],"up":[{"embeddable":true,"href":"https:\/\/fpvoleibol.pt\/fpv\/wp-json\/wp\/v2\/pages\/4655"}],"wp:featuredmedia":[{"embeddable":true,"href":"https:\/\/fpvoleibol.pt\/fpv\/wp-json\/wp\/v2\/media\/14392"}],"wp:attachment":[{"href":"https:\/\/fpvoleibol.pt\/fpv\/wp-json\/wp\/v2\/media?parent=46139"}],"curies":[{"name":"wp","href":"https:\/\/api.w.org\/{rel}","templated":true}]}}

<p style="text-align: center;"><span style="font-size: 18pt;"><strong><a href="https://fpvoleibol.pt/fpv/wp-content/uploads/2021/04/Logo_formacao_voleibol3.png"><img loading="lazy" decoding="async" class="aligncenter size-medium wp-image-4667" src="https://fpvoleibol.pt/fpv/wp-content/uploads/2021/04/Logo_formacao_voleibol3-300x210.png" alt="" width="300" height="210" srcset="https://fpvoleibol.pt/fpv/wp-content/uploads/2021/04/Logo_formacao_voleibol3-300x210.png 300w, https://fpvoleibol.pt/fpv/wp-content/uploads/2021/04/Logo_formacao_voleibol3-768x537.png 768w, https://fpvoleibol.pt/fpv/wp-content/uploads/2021/04/Logo_formacao_voleibol3.png 1001w" sizes="auto, (max-width: 300px) 100vw, 300px" /></a></strong></span></p>
<p>&nbsp;</p>
<table style="height: 306px; width: 100%; border-collapse: collapse; border-style: solid; border-color: #ffffff;" border="2" cellspacing="0" cellpadding="0">
<tbody>
<tr style="height: 47px;">
<td style="width: 458.156px; background-color: #cfcfcf; height: 47px; border-color: #ffffff; border-style: solid; text-align: center;"><span style="color: #004480;"><strong>COMUNICADO DE ABERTURA <a style="color: #004480;" href="https://fpvoleibol.pt/cursos/comunicado_cursos_2026.pdf" target="_blank" rel="noopener">►</a></strong></span><br />
<span style="color: #004480;">CURSOS 2026</span></td>
<td style="width: 458.656px; background-color: #ffffff; height: 47px; border-color: #ffffff; border-style: solid; text-align: center;"></td>
<td style="width: 458.188px; height: 47px; border-color: #ffffff; border-style: solid; text-align: center; background-color: #ffffff;"></td>
</tr>
<tr style="height: 24px;">
<td style="width: 458.156px; background-color: #ffffff; border-color: #ffffff; border-style: solid; text-align: center; height: 24px;"><span style="color: #004480;"><strong> </strong></span></td>
<td style="width: 458.656px; background-color: #ffffff; border-color: #ffffff; border-style: solid; text-align: center; height: 24px;"></td>
<td style="width: 458.188px; border-color: #ffffff; border-style: solid; text-align: center; background-color: #ffffff; height: 24px;"></td>
</tr>
<tr style="height: 47px;">
<td style="width: 458.156px; background-color: #0073c4; text-align: center; height: 47px; border-color: #ffffff; border-style: solid;"><span style="color: #ffffff;"><strong>TREINADORES &#8211; GRAU I</strong></span><br />
<span style="color: #ffffff;">15-05-2026 a 31-05-2026</span></td>
<td style="width: 458.656px; height: 47px; border-color: #ffffff; border-style: solid; background-color: #ffffff; text-align: center;"></td>
<td style="width: 458.188px; height: 47px; border-color: #ffffff; border-style: solid; background-color: #ffffff; text-align: center;"></td>
</tr>
<tr style="height: 23px;">
<td style="width: 458.156px; height: 23px; text-align: center; background-color: #f0f0f0; border-color: #ffffff; border-style: solid;"><a href="https://www.fpvoleibol.pt/cursos/info_curso_2026_grau1_maio.pdf">Informação Geral <span style="font-family: wingdings, 'zapf dingbats';">►</span></a><br />
<a href="https://www.fpvoleibol.pt/cursos/horario_curso_2026_grau1_maio.pdf">Tabela de Horários <span style="font-family: wingdings, 'zapf dingbats';">►</span></a></td>
<td style="width: 458.656px; height: 23px; border-color: #ffffff; border-style: solid; background-color: #ffffff; text-align: center;"></td>
<td style="width: 458.188px; height: 23px; border-color: #ffffff; border-style: solid; background-color: #ffffff; text-align: center;"></td>
</tr>
<tr>
<td style="width: 458.156px; text-align: center; background-color: #f0f0f0; border-color: #ffffff; border-style: solid;"><a href="https://forms.gle/9YrtuHVtoJmoK1KU8" target="_blank" rel="noopener">Formulário de Inscrição <span style="font-family: wingdings, 'zapf dingbats';">►</span></a></td>
<td style="width: 458.656px; border-color: #ffffff; border-style: solid; background-color: #ffffff; text-align: center;"></td>
<td style="width: 458.188px; border-color: #ffffff; border-style: solid; background-color: #ffffff; text-align: center;"></td>
</tr>
<tr style="height: 24px;">
<td style="width: 458.156px; text-align: center; border-color: #ffffff; border-style: solid; background-color: #ffffff; height: 24px;"></td>
<td style="width: 458.656px; border-color: #ffffff; border-style: solid; text-align: center; background-color: #ffffff; height: 24px;"></td>
<td style="width: 458.188px; border-color: #ffffff; border-style: solid; text-align: center; background-color: #ffffff; height: 24px;"></td>
</tr>
<tr style="height: 47px;">
<td style="width: 458.156px; background-color: #750000; height: 47px; border-color: #ffffff; border-style: solid; text-align: center;"><span style="color: #ffffff;"><strong>CURSO DATAVOLLEY 2026</strong></span><br />
<span style="color: #ffffff;">13-04-2026 a 09-05-2026</span></td>
<td style="width: 458.656px; background-color: #ffffff; height: 47px; border-color: #ffffff; border-style: solid; text-align: center;"></td>
<td style="width: 458.188px; height: 47px; border-color: #ffffff; border-style: solid; text-align: center; background-color: #ffffff;"></td>
</tr>
<tr style="height: 23px;">
<td style="width: 458.156px; height: 23px; text-align: center; background-color: #f0f0f0; border-color: #ffffff; border-style: solid;"><a href="https://fpvoleibol.pt/fpv/wp-content/uploads/2026/03/carta_datavolley2026.pdf" target="_blank" rel="noopener">Informação Geral <span style="font-family: wingdings, 'zapf dingbats';">►</span></a><br />
<a href="https://fpvoleibol.pt/fpv/wp-content/uploads/2026/03/programa_datavolley_ipmaia2026.pdf" target="_blank" rel="noopener">Tabela de Horários <span style="font-family: wingdings, 'zapf dingbats';">►</span></a></td>
<td style="width: 458.656px; height: 23px; border-color: #ffffff; border-style: solid; text-align: center; background-color: #ffffff;"></td>
<td style="width: 458.188px; height: 23px; text-align: center; border-color: #ffffff; border-style: solid; background-color: #ffffff;"></td>
</tr>
<tr style="height: 23px;">
<td style="width: 458.156px; height: 23px; text-align: center; background-color: #f0f0f0; border-color: #ffffff; border-style: solid;"><a href="https://forms.gle/FDNbQKMn2cYDqvGt7" target="_blank" rel="noopener">Formulário de Inscrição <span style="font-family: wingdings, 'zapf dingbats';">►</span></a></td>
<td style="width: 458.656px; height: 23px; border-color: #ffffff; border-style: solid; text-align: center; background-color: #ffffff;"></td>
<td style="width: 458.188px; height: 23px; text-align: center; border-color: #ffffff; border-style: solid; background-color: #ffffff;"></td>
</tr>
<tr style="height: 24px;">
<td style="width: 458.156px; text-align: center; height: 24px; border-color: #ffffff; border-style: solid;"></td>
<td style="width: 458.656px; text-align: center; height: 24px; border-color: #ffffff; border-style: solid;"></td>
<td style="width: 458.188px; text-align: center; height: 24px; border-color: #ffffff; border-style: solid;"></td>
</tr>
<tr style="height: 24px;">
<td style="width: 458.156px; text-align: center; height: 24px; border-color: #ffffff; border-style: solid;"></td>
<td style="width: 458.656px; text-align: center; height: 24px; border-color: #ffffff; border-style: solid;"></td>
<td style="width: 458.188px; text-align: center; height: 24px; border-color: #ffffff; border-style: solid;"></td>
</tr>
</tbody>
</table>
<p>&nbsp;</p>

<p>&nbsp; COMUNICADO DE ABERTURA ► CURSOS 2026   TREINADORES &#8211; GRAU I 15-05-2026 a 31-05-2026 Informação Geral ► Tabela de Horários ► Formulário de Inscrição ► CURSO DATAVOLLEY 2026 13-04-2026 [&hellip;]</p>
