{"id":42694,"date":"2025-09-12T10:27:26","date_gmt":"2025-09-12T09:27:26","guid":{"rendered":"https:\/\/fpvoleibol.pt\/fpv\/?page_id=42694"},"modified":"2025-09-22T10:24:11","modified_gmt":"2025-09-22T09:24:11","slug":"campeonato-mundial-2025","status":"publish","type":"page","link":"https:\/\/fpvoleibol.pt\/fpv\/competicoes\/campeonato-mundial-2025\/","title":{"rendered":"Campeonato Mundial 2025"},"content":{"rendered":"<p><a href=\"https:\/\/fpvoleibol.pt\/fpv\/wp-content\/uploads\/2025\/09\/banner_mundial.jpg\"><img loading=\"lazy\" decoding=\"async\" class=\"aligncenter size-full wp-image-42695\" src=\"https:\/\/fpvoleibol.pt\/fpv\/wp-content\/uploads\/2025\/09\/banner_mundial.jpg\" alt=\"\" width=\"1280\" height=\"502\" srcset=\"https:\/\/fpvoleibol.pt\/fpv\/wp-content\/uploads\/2025\/09\/banner_mundial.jpg 1280w, https:\/\/fpvoleibol.pt\/fpv\/wp-content\/uploads\/2025\/09\/banner_mundial-300x118.jpg 300w, https:\/\/fpvoleibol.pt\/fpv\/wp-content\/uploads\/2025\/09\/banner_mundial-1024x402.jpg 1024w, https:\/\/fpvoleibol.pt\/fpv\/wp-content\/uploads\/2025\/09\/banner_mundial-768x301.jpg 768w\" sizes=\"auto, (max-width: 1280px) 100vw, 1280px\" \/><\/a><\/p>\n<p><a href=\"https:\/\/fpvoleibol.pt\/fpv\/wp-content\/uploads\/2025\/09\/joao_mundial.jpg\"><img loading=\"lazy\" decoding=\"async\" class=\"wp-image-42718 alignright\" src=\"https:\/\/fpvoleibol.pt\/fpv\/wp-content\/uploads\/2025\/09\/joao_mundial.jpg\" alt=\"\" width=\"225\" height=\"229\" srcset=\"https:\/\/fpvoleibol.pt\/fpv\/wp-content\/uploads\/2025\/09\/joao_mundial.jpg 512w, https:\/\/fpvoleibol.pt\/fpv\/wp-content\/uploads\/2025\/09\/joao_mundial-295x300.jpg 295w\" sizes=\"auto, (max-width: 225px) 100vw, 225px\" \/><\/a><strong>O Campeonato do Mundo de Voleibol Masculino de 2025 disputa-se de 12 a 28 de Setembro (<span style=\"color: #800000;\"><a style=\"color: #800000;\" href=\"https:\/\/fpvoleibol.pt\/fpv\/wp-content\/uploads\/2025\/09\/calendario_mundial.jpg\" target=\"_blank\" rel=\"noopener\">calend\u00e1rio geral<\/a>)<\/span> nas prestigiadas Mall of Asia Arena e Smart Araneta Coliseum de Manila, capital das Filipinas, trazendo um novo formato e um aliciante extra para os f\u00e3s portugueses. Com 32 selec\u00e7\u00f5es em competi\u00e7\u00e3o e a garantia de bons espect\u00e1culos, a 21.\u00aa edi\u00e7\u00e3o do torneio promete ser inesquec\u00edvel.<\/strong><\/p>\n<p>Para Portugal, este Mundial marca um momento hist\u00f3rico. A equipa das quinas, liderada por Jo\u00e3o Jos\u00e9, est\u00e1 de volta ao maior palco do Voleibol mundial, depois de se ter qualificado atrav\u00e9s do ranking e com uma estreia de peso frente a Cuba (13 de Setembro\/06h30\/RTP).<\/p>\n<p>A miss\u00e3o da Sele\u00e7\u00e3o Nacional (<span style=\"color: #800000;\"><a style=\"color: #800000;\" href=\"https:\/\/fpvoleibol.pt\/fpv\/wp-content\/uploads\/2025\/09\/portugal_mundial_filipinas_2025a.jpg\" target=\"_blank\" rel=\"noopener\">delega\u00e7\u00e3o portuguesa<\/a><\/span>) n\u00e3o ser\u00e1 nada f\u00e1cil, j\u00e1 que est\u00e1 inserida na <strong>Pool D<\/strong>, um dos grupos mais fortes da competi\u00e7\u00e3o. Ao lado de pot\u00eancias como os <strong>Estados Unidos<\/strong> (6.\u00ba no ranking mundial) e <strong>Cuba<\/strong> (10.\u00ba), e tamb\u00e9m da<strong> Col\u00f4mbia<\/strong> (41.\u00ba), os jogadores portugueses (29.\u00ba) v\u00e3o ter de dar tudo para garantir um dos dois lugares que d\u00e3o acesso \u00e0 pr\u00f3xima fase.<\/p>\n<p>A Selec\u00e7\u00e3o Nacional de Seniores Masculinos confirmou o apuramento de Portugal para os <strong>oitavos-de-final<\/strong>, onde vai defrontar a <strong>Bulg\u00e1ria<\/strong>, 1.\u00ba da Pool E, em jogo agendado para o dia 22 de Setembro e transmitido em directo pela RTP.<\/p>\n<p>O Campeonato do Mundo de 2025 tem transmiss\u00e3o na RTP.<br \/>\nOs jogos da Selec\u00e7\u00e3o Nacional, as meias-finais e a final ser\u00e3o transmitidos na RTP 2, enquanto os restantes jogos podem ser vistos na RTP Play.<\/p>\n<p>&nbsp;<\/p>\n<p style=\"text-align: center;\"><a href=\"https:\/\/fpvoleibol.pt\/fpv\/wp-content\/uploads\/2025\/09\/logo_mundial_filipinas.jpg\"><img loading=\"lazy\" decoding=\"async\" class=\"aligncenter wp-image-42700\" src=\"https:\/\/fpvoleibol.pt\/fpv\/wp-content\/uploads\/2025\/09\/logo_mundial_filipinas.jpg\" alt=\"\" width=\"222\" height=\"170\" srcset=\"https:\/\/fpvoleibol.pt\/fpv\/wp-content\/uploads\/2025\/09\/logo_mundial_filipinas.jpg 633w, https:\/\/fpvoleibol.pt\/fpv\/wp-content\/uploads\/2025\/09\/logo_mundial_filipinas-300x230.jpg 300w\" sizes=\"auto, (max-width: 222px) 100vw, 222px\" \/><\/a><\/p>\n<p style=\"text-align: center;\"><strong>FASE FINAL<\/strong><\/p>\n<table style=\"border-collapse: collapse; width: 100%; height: 72px;\">\n<tbody>\n<tr style=\"height: 24px;\">\n<td style=\"background-color: #315aad; width: 85.6625%; height: 24px;\" colspan=\"8\"><span style=\"color: #ffffff;\"><strong>22 DE SETEMBRO | Pasay, Filipinas | Oitavos-de-Final | <span style=\"color: #00ccff;\"><a style=\"color: #00ccff;\" href=\"https:\/\/en-volleyballworld-com.translate.goog\/volleyball\/competitions\/men-world-championship\/schedule\/21113\/?match=cuba-vs-portugal&amp;_rsc=1e3ni&amp;_x_tr_sl=auto&amp;_x_tr_tl=pt-BR&amp;_x_tr_hl=pt-BR&amp;_x_tr_pto=wapp\" target=\"_blank\" rel=\"noopener\">LIVESCORE \u25ba<\/a><span style=\"color: #ffffff;\"> | <a style=\"color: #ffffff;\" href=\"https:\/\/en.volleyballworld.com\/volleyball\/competitions\/men-world-championship\/schedule\/21113\/#matchsummary\" target=\"_blank\" rel=\"noopener\">FOTOS \u25ba<\/a><\/span><\/span><\/strong><\/span><span style=\"color: #ffffff;\"><strong><br \/>\n<\/strong><\/span><\/td>\n<\/tr>\n<tr style=\"height: 24px;\">\n<td style=\"width: 19.9855%; text-align: left; vertical-align: middle; height: 24px;\"><a href=\"https:\/\/fpvoleibol.pt\/fpv\/wp-content\/uploads\/2025\/09\/flag_bul.jpg\"><img loading=\"lazy\" decoding=\"async\" class=\"alignnone wp-image-42827\" src=\"https:\/\/fpvoleibol.pt\/fpv\/wp-content\/uploads\/2025\/09\/flag_bul.jpg\" alt=\"\" width=\"26\" height=\"17\" \/><\/a> Bulg\u00e1ria<\/td>\n<td style=\"text-align: center; vertical-align: middle; width: 5.72049%; height: 48px;\" rowspan=\"2\">8H30<br \/>\n(PT)<\/td>\n<td style=\"text-align: center; vertical-align: middle; width: 9.99276%; height: 24px;\"><strong>3<\/strong><\/td>\n<td style=\"text-align: center; vertical-align: middle; width: 9.99276%; height: 24px;\">25<\/td>\n<td style=\"text-align: center; vertical-align: middle; width: 9.99276%; height: 24px;\">25<\/td>\n<td style=\"text-align: center; vertical-align: middle; width: 9.99276%; height: 24px;\">25<\/td>\n<td style=\"text-align: center; vertical-align: middle; width: 9.99276%; height: 24px;\"><\/td>\n<td style=\"text-align: center; vertical-align: middle; width: 9.99276%; height: 24px;\"><\/td>\n<\/tr>\n<tr style=\"height: 24px;\">\n<td style=\"width: 19.9855%; text-align: left; vertical-align: middle; height: 24px;\"><a href=\"https:\/\/fpvoleibol.pt\/fpv\/wp-content\/uploads\/2025\/09\/flag_por.jpg\"><img loading=\"lazy\" decoding=\"async\" class=\"alignnone wp-image-42702\" src=\"https:\/\/fpvoleibol.pt\/fpv\/wp-content\/uploads\/2025\/09\/flag_por.jpg\" alt=\"\" width=\"26\" height=\"17\" \/><\/a> Portugal<\/td>\n<td style=\"text-align: center; vertical-align: middle; width: 9.99276%; height: 24px;\"><strong>0<\/strong><\/td>\n<td style=\"text-align: center; vertical-align: middle; width: 9.99276%; height: 24px;\">19<\/td>\n<td style=\"text-align: center; vertical-align: middle; width: 9.99276%; height: 24px;\">23<\/td>\n<td style=\"text-align: center; vertical-align: middle; width: 9.99276%; height: 24px;\">13<\/td>\n<td style=\"text-align: center; vertical-align: middle; width: 9.99276%; height: 24px;\"><\/td>\n<td style=\"text-align: center; vertical-align: middle; width: 9.99276%; height: 24px;\"><\/td>\n<\/tr>\n<\/tbody>\n<\/table>\n<p style=\"text-align: center;\"><strong>FASE DE PRELIMINAR DE GRUPOS<\/strong><\/p>\n<table style=\"border-collapse: collapse; width: 100%; height: 216px;\">\n<tbody>\n<tr style=\"height: 24px;\">\n<td style=\"background-color: #315aad; width: 85.6625%; height: 24px;\" colspan=\"8\"><span style=\"color: #ffffff;\"><strong>13 DE SETEMBRO | Manila, Filipinas | Pool D | <span style=\"color: #00ccff;\"><a style=\"color: #00ccff;\" href=\"https:\/\/en-volleyballworld-com.translate.goog\/volleyball\/competitions\/men-world-championship\/schedule\/21065\/?match=cuba-vs-portugal&amp;_rsc=1e3ni&amp;_x_tr_sl=auto&amp;_x_tr_tl=pt-BR&amp;_x_tr_hl=pt-BR&amp;_x_tr_pto=wapp\" target=\"_blank\" rel=\"noopener\">LIVESCORE \u25ba<\/a> <span style=\"color: #ffffff;\">|<\/span> <a href=\"https:\/\/en.volleyballworld.com\/volleyball\/competitions\/men-world-championship\/schedule\/21065\/#matchsummary\" target=\"_blank\" rel=\"noopener\"><span style=\"color: #ffffff;\">FOTOS \u25ba<\/span><\/a><\/span><\/strong><\/span><span style=\"color: #ffffff;\"><strong><br \/>\n<\/strong><\/span><\/td>\n<\/tr>\n<tr style=\"height: 24px;\">\n<td style=\"width: 19.9855%; text-align: left; vertical-align: middle; height: 24px;\"><img loading=\"lazy\" decoding=\"async\" class=\"alignnone wp-image-42701\" src=\"https:\/\/fpvoleibol.pt\/fpv\/wp-content\/uploads\/2025\/09\/flag_cub.jpg\" alt=\"\" width=\"25\" height=\"16\" \/> Cuba<\/td>\n<td style=\"text-align: center; vertical-align: middle; width: 5.72049%; height: 48px;\" rowspan=\"2\">06H30<br \/>\n(PT)<\/td>\n<td style=\"text-align: center; vertical-align: middle; width: 9.99276%; height: 24px;\"><strong>1<\/strong><\/td>\n<td style=\"text-align: center; vertical-align: middle; width: 9.99276%; height: 24px;\">25<\/td>\n<td style=\"text-align: center; vertical-align: middle; width: 9.99276%; height: 24px;\">22<\/td>\n<td style=\"text-align: center; vertical-align: middle; width: 9.99276%; height: 24px;\">19<\/td>\n<td style=\"text-align: center; vertical-align: middle; width: 9.99276%; height: 24px;\">19<\/td>\n<td style=\"text-align: center; vertical-align: middle; width: 9.99276%; height: 24px;\"><\/td>\n<\/tr>\n<tr style=\"height: 24px;\">\n<td style=\"width: 19.9855%; text-align: left; vertical-align: middle; height: 24px;\"><a href=\"https:\/\/fpvoleibol.pt\/fpv\/wp-content\/uploads\/2025\/09\/flag_por.jpg\"><img loading=\"lazy\" decoding=\"async\" class=\"alignnone wp-image-42702\" src=\"https:\/\/fpvoleibol.pt\/fpv\/wp-content\/uploads\/2025\/09\/flag_por.jpg\" alt=\"\" width=\"26\" height=\"17\" \/><\/a> Portugal<\/td>\n<td style=\"text-align: center; vertical-align: middle; width: 9.99276%; height: 24px;\"><strong>3<\/strong><\/td>\n<td style=\"text-align: center; vertical-align: middle; width: 9.99276%; height: 24px;\">20<\/td>\n<td style=\"text-align: center; vertical-align: middle; width: 9.99276%; height: 24px;\">25<\/td>\n<td style=\"text-align: center; vertical-align: middle; width: 9.99276%; height: 24px;\">25<\/td>\n<td style=\"text-align: center; vertical-align: middle; width: 9.99276%; height: 24px;\">25<\/td>\n<td style=\"text-align: center; vertical-align: middle; width: 9.99276%; height: 24px;\"><\/td>\n<\/tr>\n<\/tbody>\n<tbody>\n<tr style=\"height: 24px;\">\n<td style=\"background-color: #315aad; width: 85.6625%; height: 24px;\" colspan=\"8\"><span style=\"color: #ffffff;\"><strong>15 DE SETEMBRO | Manila, Filipinas | Pool D | <span style=\"color: #00ccff;\"><a style=\"color: #00ccff;\" href=\"https:\/\/en-volleyballworld-com.translate.goog\/volleyball\/competitions\/men-world-championship\/schedule\/21084\/?match=usa-vs-portugal&amp;_gl=1*yeoajg*_gcl_au*otqymdk4mzkylje3ntc2mdgwndy.*_ga*nze1mzqymzqylje3ntc2mdgwndy.*_ga_r215v1s3vm*cze3ntc2mdgwndukbzekzzekdde3ntc2mdgxmjekajywjgwwjggw&amp;_x_tr_sl=auto&amp;_x_tr_tl=pt-BR&amp;_x_tr_hl=pt-BR&amp;_x_tr_pto=wapp\" target=\"_blank\" rel=\"noopener\">LIVESCORE \u25ba<\/a><span style=\"color: #ffffff;\"> | <a style=\"color: #ffffff;\" href=\"https:\/\/en.volleyballworld.com\/volleyball\/competitions\/men-world-championship\/schedule\/21084\/#matchsummary\" target=\"_blank\" rel=\"noopener\">FOTOS \u25ba<\/a><\/span><\/span><\/strong><\/span><span style=\"color: #ffffff;\"><strong><br \/>\n<\/strong><\/span><\/td>\n<\/tr>\n<tr style=\"height: 24px;\">\n<td style=\"width: 19.9855%; text-align: left; vertical-align: middle; height: 24px;\"><a href=\"https:\/\/fpvoleibol.pt\/fpv\/wp-content\/uploads\/2025\/09\/flag_usa.jpg\"><img loading=\"lazy\" decoding=\"async\" class=\"alignnone wp-image-42712\" src=\"https:\/\/fpvoleibol.pt\/fpv\/wp-content\/uploads\/2025\/09\/flag_usa.jpg\" alt=\"\" width=\"26\" height=\"17\" \/><\/a> EUA<\/td>\n<td style=\"text-align: center; vertical-align: middle; width: 5.72049%; height: 48px;\" rowspan=\"2\">14H00<br \/>\n(PT)<\/td>\n<td style=\"text-align: center; vertical-align: middle; width: 9.99276%; height: 24px;\"><strong>3<\/strong><\/td>\n<td style=\"text-align: center; vertical-align: middle; width: 9.99276%; height: 24px;\">25<\/td>\n<td style=\"text-align: center; vertical-align: middle; width: 9.99276%; height: 24px;\">25<\/td>\n<td style=\"text-align: center; vertical-align: middle; width: 9.99276%; height: 24px;\">25<\/td>\n<td style=\"text-align: center; vertical-align: middle; width: 9.99276%; height: 24px;\"><\/td>\n<td style=\"text-align: center; vertical-align: middle; width: 9.99276%; height: 24px;\"><\/td>\n<\/tr>\n<tr style=\"height: 24px;\">\n<td style=\"width: 19.9855%; text-align: left; vertical-align: middle; height: 24px;\"><a href=\"https:\/\/fpvoleibol.pt\/fpv\/wp-content\/uploads\/2025\/09\/flag_por.jpg\"><img loading=\"lazy\" decoding=\"async\" class=\"alignnone wp-image-42702\" src=\"https:\/\/fpvoleibol.pt\/fpv\/wp-content\/uploads\/2025\/09\/flag_por.jpg\" alt=\"\" width=\"26\" height=\"17\" \/><\/a> Portugal<\/td>\n<td style=\"text-align: center; vertical-align: middle; width: 9.99276%; height: 24px;\"><strong>0<\/strong><\/td>\n<td style=\"text-align: center; vertical-align: middle; width: 9.99276%; height: 24px;\">19<\/td>\n<td style=\"text-align: center; vertical-align: middle; width: 9.99276%; height: 24px;\">22<\/td>\n<td style=\"text-align: center; vertical-align: middle; width: 9.99276%; height: 24px;\">17<\/td>\n<td style=\"text-align: center; vertical-align: middle; width: 9.99276%; height: 24px;\"><\/td>\n<td style=\"text-align: center; vertical-align: middle; width: 9.99276%; height: 24px;\"><\/td>\n<\/tr>\n<\/tbody>\n<tbody>\n<tr style=\"height: 24px;\">\n<td style=\"background-color: #315aad; width: 85.6625%; height: 24px;\" colspan=\"8\"><span style=\"color: #ffffff;\"><strong>17 DE SETEMBRO | Manila, Filipinas | Pool D | <span style=\"color: #00ccff;\"><a style=\"color: #00ccff;\" href=\"https:\/\/en-volleyballworld-com.translate.goog\/volleyball\/competitions\/men-world-championship\/schedule\/21094\/?match=portugal-vs-colombia&amp;_x_tr_sl=auto&amp;_x_tr_tl=pt-BR&amp;_x_tr_hl=pt-BR&amp;_x_tr_pto=wapp\" target=\"_blank\" rel=\"noopener\">LIVESCORE \u25ba<\/a><span style=\"color: #ffffff;\"> | <\/span><a style=\"color: #ffffff;\" href=\"https:\/\/en.volleyballworld.com\/volleyball\/competitions\/men-world-championship\/schedule\/21094\/#matchsummary\" target=\"_blank\" rel=\"noopener\">FOTOS \u25ba<\/a><\/span><\/strong><\/span><span style=\"color: #ffffff;\"><strong><br \/>\n<\/strong><\/span><\/td>\n<\/tr>\n<tr style=\"height: 24px;\">\n<td style=\"width: 19.9855%; text-align: left; vertical-align: middle; height: 24px;\"><a href=\"https:\/\/fpvoleibol.pt\/fpv\/wp-content\/uploads\/2025\/09\/flag_por.jpg\"><img loading=\"lazy\" decoding=\"async\" class=\"alignnone wp-image-42702\" src=\"https:\/\/fpvoleibol.pt\/fpv\/wp-content\/uploads\/2025\/09\/flag_por.jpg\" alt=\"\" width=\"26\" height=\"17\" \/><\/a> Portugal<\/td>\n<td style=\"text-align: center; vertical-align: middle; width: 5.72049%; height: 48px;\" rowspan=\"2\">03H00<br \/>\n(PT)<\/td>\n<td style=\"text-align: center; vertical-align: middle; width: 9.99276%; height: 24px;\"><strong>3<\/strong><\/td>\n<td style=\"text-align: center; vertical-align: middle; width: 9.99276%; height: 24px;\">23<\/td>\n<td style=\"text-align: center; vertical-align: middle; width: 9.99276%; height: 24px;\">21<\/td>\n<td style=\"text-align: center; vertical-align: middle; width: 9.99276%; height: 24px;\">25<\/td>\n<td style=\"text-align: center; vertical-align: middle; width: 9.99276%; height: 24px;\">25<\/td>\n<td style=\"text-align: center; vertical-align: middle; width: 9.99276%; height: 24px;\">15<\/td>\n<\/tr>\n<tr style=\"height: 24px;\">\n<td style=\"width: 19.9855%; text-align: left; vertical-align: middle; height: 24px;\"><a href=\"https:\/\/fpvoleibol.pt\/fpv\/wp-content\/uploads\/2025\/09\/flag_col.jpg\"><img loading=\"lazy\" decoding=\"async\" class=\"alignnone wp-image-42714\" src=\"https:\/\/fpvoleibol.pt\/fpv\/wp-content\/uploads\/2025\/09\/flag_col.jpg\" alt=\"\" width=\"26\" height=\"17\" \/><\/a> Col\u00f4mbia<\/td>\n<td style=\"text-align: center; vertical-align: middle; width: 9.99276%; height: 24px;\"><strong>2<\/strong><\/td>\n<td style=\"text-align: center; vertical-align: middle; width: 9.99276%; height: 24px;\">25<\/td>\n<td style=\"text-align: center; vertical-align: middle; width: 9.99276%; height: 24px;\">25<\/td>\n<td style=\"text-align: center; vertical-align: middle; width: 9.99276%; height: 24px;\">20<\/td>\n<td style=\"text-align: center; vertical-align: middle; width: 9.99276%; height: 24px;\">21<\/td>\n<td style=\"text-align: center; vertical-align: middle; width: 9.99276%; height: 24px;\">11<\/td>\n<\/tr>\n<\/tbody>\n<\/table>\n<p>&nbsp;<\/p>\n<table style=\"border-collapse: collapse; width: 100%;\">\n<tbody>\n<tr>\n<td style=\"width: 20%; background-color: #315aad; text-align: center;\" colspan=\"5\"><span style=\"color: #ffffff;\"><strong>CLASSIFICA\u00c7\u00c3O<\/strong><\/span><\/td>\n<\/tr>\n<tr>\n<td style=\"width: 20%; background-color: #5985ba; text-align: center; vertical-align: middle;\"><span style=\"color: #ffffff;\"><strong>EQUIPA<\/strong><\/span><\/td>\n<td style=\"width: 20%; background-color: #5985ba; text-align: center;\"><span style=\"color: #ffffff;\"><strong>VIT\u00d3RIAS<\/strong><\/span><\/td>\n<td style=\"width: 20%; background-color: #5985ba; text-align: center;\"><span style=\"color: #ffffff;\"><strong>PONTOS<\/strong><\/span><\/td>\n<td style=\"width: 20%; background-color: #5985ba; text-align: center;\"><span style=\"color: #ffffff;\"><strong>R\u00c1CIO DE SETS<\/strong><\/span><\/td>\n<td style=\"width: 20%; background-color: #5985ba; text-align: center;\"><strong><span style=\"color: #ffffff;\">R\u00c1CIO DE PONTOS<\/span><\/strong><\/td>\n<\/tr>\n<tr>\n<td style=\"width: 20%;\"><a href=\"https:\/\/fpvoleibol.pt\/fpv\/wp-content\/uploads\/2025\/09\/flag_usa.jpg\"><img loading=\"lazy\" decoding=\"async\" class=\"alignnone wp-image-42712\" src=\"https:\/\/fpvoleibol.pt\/fpv\/wp-content\/uploads\/2025\/09\/flag_usa.jpg\" alt=\"\" width=\"26\" height=\"17\" \/><\/a> EUA *<\/td>\n<td style=\"width: 20%; text-align: center; vertical-align: middle;\">3<\/td>\n<td style=\"width: 20%; text-align: center; vertical-align: middle;\">9<\/td>\n<td style=\"width: 20%; text-align: center; vertical-align: middle;\">9.000<\/td>\n<td style=\"width: 20%; text-align: center; vertical-align: middle;\">1.237<\/td>\n<\/tr>\n<tr>\n<td style=\"width: 20%;\"><a href=\"https:\/\/fpvoleibol.pt\/fpv\/wp-content\/uploads\/2025\/09\/flag_por.jpg\"><img loading=\"lazy\" decoding=\"async\" class=\"alignnone wp-image-42702\" src=\"https:\/\/fpvoleibol.pt\/fpv\/wp-content\/uploads\/2025\/09\/flag_por.jpg\" alt=\"\" width=\"26\" height=\"17\" \/><\/a> Portugal *<\/td>\n<td style=\"width: 20%; text-align: center; vertical-align: middle;\">2<\/td>\n<td style=\"width: 20%; text-align: center; vertical-align: middle;\">5<\/td>\n<td style=\"width: 20%; text-align: center; vertical-align: middle;\">1.000<\/td>\n<td style=\"width: 20%; text-align: center; vertical-align: middle;\">1.000<\/td>\n<\/tr>\n<tr>\n<td style=\"width: 20%;\"><a href=\"https:\/\/fpvoleibol.pt\/fpv\/wp-content\/uploads\/2025\/09\/flag_cub.jpg\"><img loading=\"lazy\" decoding=\"async\" class=\"alignnone wp-image-42701\" src=\"https:\/\/fpvoleibol.pt\/fpv\/wp-content\/uploads\/2025\/09\/flag_cub.jpg\" alt=\"\" width=\"25\" height=\"16\" \/> <\/a>Cuba<\/td>\n<td style=\"width: 20%; text-align: center; vertical-align: middle;\">1<\/td>\n<td style=\"width: 20%; text-align: center; vertical-align: middle;\">3<\/td>\n<td style=\"width: 20%; text-align: center; vertical-align: middle;\">1.333<\/td>\n<td style=\"width: 20%; text-align: center; vertical-align: middle;\">0.965<\/td>\n<\/tr>\n<tr>\n<td style=\"width: 20%;\"><a href=\"https:\/\/fpvoleibol.pt\/fpv\/wp-content\/uploads\/2025\/09\/flag_col.jpg\"><img loading=\"lazy\" decoding=\"async\" class=\"alignnone wp-image-42714\" src=\"https:\/\/fpvoleibol.pt\/fpv\/wp-content\/uploads\/2025\/09\/flag_col.jpg\" alt=\"\" width=\"26\" height=\"17\" \/><\/a> Col\u00f4mbia<\/td>\n<td style=\"width: 20%; text-align: center; vertical-align: middle;\">0<\/td>\n<td style=\"width: 20%; text-align: center; vertical-align: middle;\">1<\/td>\n<td style=\"width: 20%; text-align: center; vertical-align: middle;\">0.222<\/td>\n<td style=\"width: 20%; text-align: center; vertical-align: middle;\">0.849<\/td>\n<\/tr>\n<\/tbody>\n<\/table>\n<p>* Apurados para os oitavos de final<\/p>\n<p>&nbsp;<\/p>\n<table style=\"width: 100%; border-collapse: collapse; border-style: hidden; border-color: #ffffff; height: 48px;\" border=\"5\">\n<tbody>\n<tr style=\"height: 24px;\">\n<td style=\"width: 25%; vertical-align: middle; background-color: #315aad; border-style: solid; border-color: #ffffff; text-align: center; height: 24px;\"><a href=\"https:\/\/fpvoleibol.pt\/fpv\/wp-content\/uploads\/2025\/09\/portugal_mundial_filipinas_2025a.jpg\" target=\"_blank\" rel=\"noopener\"><span style=\"color: #ffffff;\">A <strong>SELE\u00c7\u00c3O NACIONAL<\/strong> NO MUNDIAL \u25ba<\/span><\/a><\/td>\n<td style=\"width: 25%; vertical-align: middle; background-color: #315aad; border-style: solid; border-color: #ffffff; text-align: center; height: 24px;\"><a href=\"https:\/\/fpvoleibol.pt\/fpv\/tag\/mundial2025m\/\" target=\"_blank\" rel=\"noopener\"><span style=\"color: #ffffff;\">AS<strong> NOT\u00cdCIAS<\/strong> DO MUNDIAL \u25ba<\/span><\/a><\/td>\n<td style=\"width: 25%; vertical-align: middle; background-color: #315aad; border-style: solid; border-color: #ffffff; text-align: center; height: 24px;\"><a href=\"https:\/\/en.volleyballworld.com\/volleyball\/competitions\/men-world-championship\/teams\/7276\/videos\/\" target=\"_blank\" rel=\"noopener\"><span style=\"color: #ffffff;\">OS<strong> V\u00cdDEOS <\/strong>DE PORTUGAL \u25ba<\/span><\/a><\/td>\n<td style=\"width: 25%; vertical-align: middle; background-color: #315aad; border-style: solid; border-color: #ffffff; text-align: center; height: 24px;\"><a href=\"https:\/\/www.instagram.com\/portugalvoleibol\/\" target=\"_blank\" rel=\"noopener\"><span style=\"color: #ffffff;\">O MUNDIAL NO <strong>INSTAGRAM \u25ba<\/strong><\/span><\/a><\/td>\n<\/tr>\n<tr style=\"height: 24px;\">\n<td style=\"width: 25%; border-style: solid; border-color: #ffffff; height: 24px; background-color: #315aad; text-align: center; vertical-align: middle;\"><span style=\"color: #ffffff;\"><a style=\"color: #ffffff;\" href=\"https:\/\/en.volleyballworld.com\/volleyball\/competitions\/men-world-championship\" target=\"_blank\" rel=\"noopener\"><strong>WEBSITE OFICIAL<\/strong> DO MUNDIAL \u25ba<\/a><\/span><\/td>\n<td style=\"width: 25%; border-style: solid; border-color: #ffffff; height: 24px; background-color: #315aad; text-align: center; vertical-align: middle;\"><span style=\"color: #ffffff;\"><a style=\"color: #ffffff;\" href=\"https:\/\/en.volleyballworld.com\/volleyball\/competitions\/men-world-championship\/teams\/7276\/schedule\/#fromDate=2025-09-13\" target=\"_blank\" rel=\"noopener\"><strong>PORTUGAL<\/strong> NA COMPETI\u00c7\u00c3O \u25ba<\/a><\/span><\/td>\n<td style=\"width: 25%; border-style: solid; border-color: #ffffff; height: 24px; background-color: #315aad; text-align: center; vertical-align: middle;\"><span style=\"color: #ffffff;\"><a style=\"color: #ffffff;\" href=\"https:\/\/en.volleyballworld.com\/volleyball\/competitions\/men-world-championship\/standings\" target=\"_blank\" rel=\"noopener\"><strong>CLASSIFICA\u00c7\u00d5ES<\/strong> DAS POOLS \u25ba<\/a><\/span><\/td>\n<td style=\"width: 25%; border-style: solid; border-color: #ffffff; height: 24px; background-color: #315aad; text-align: center; vertical-align: middle;\"><a href=\"https:\/\/www.facebook.com\/fpvoleibol\" target=\"_blank\" rel=\"noopener\"><span style=\"color: #ffffff;\">O MUNDIAL NO <strong>FACEBOOK<\/strong> <strong>\u25ba<\/strong><\/span><\/a><\/td>\n<\/tr>\n<\/tbody>\n<\/table>\n<p>&nbsp;<\/p>\n<table style=\"border-collapse: collapse; width: 100%;\">\n<tbody>\n<tr>\n<td style=\"width: 100%; background-color: #00997d; text-align: center;\"><span style=\"color: #ffffff;\"><strong>ACOMPANHA E APOIA A NOSSA SELE\u00c7\u00c3O!<\/strong><\/span><\/td>\n<\/tr>\n<\/tbody>\n<\/table>\n<p>&nbsp;<\/p>\n","protected":false},"excerpt":{"rendered":"<p>O Campeonato do Mundo de Voleibol Masculino de 2025 disputa-se de 12 a 28 de Setembro (calend\u00e1rio geral) nas prestigiadas Mall of Asia Arena e Smart Araneta Coliseum de Manila, [&hellip;]<\/p>\n","protected":false},"author":1,"featured_media":42742,"parent":1032,"menu_order":0,"comment_status":"closed","ping_status":"closed","template":"","meta":{"_monsterinsights_skip_tracking":false,"_monsterinsights_sitenote_active":false,"_monsterinsights_sitenote_note":"","_monsterinsights_sitenote_category":0,"footnotes":""},"class_list":["post-42694","page","type-page","status-publish","has-post-thumbnail","czr-hentry"],"aioseo_notices":[],"_links":{"self":[{"href":"https:\/\/fpvoleibol.pt\/fpv\/wp-json\/wp\/v2\/pages\/42694","targetHints":{"allow":["GET"]}}],"collection":[{"href":"https:\/\/fpvoleibol.pt\/fpv\/wp-json\/wp\/v2\/pages"}],"about":[{"href":"https:\/\/fpvoleibol.pt\/fpv\/wp-json\/wp\/v2\/types\/page"}],"author":[{"embeddable":true,"href":"https:\/\/fpvoleibol.pt\/fpv\/wp-json\/wp\/v2\/users\/1"}],"replies":[{"embeddable":true,"href":"https:\/\/fpvoleibol.pt\/fpv\/wp-json\/wp\/v2\/comments?post=42694"}],"version-history":[{"count":59,"href":"https:\/\/fpvoleibol.pt\/fpv\/wp-json\/wp\/v2\/pages\/42694\/revisions"}],"predecessor-version":[{"id":42935,"href":"https:\/\/fpvoleibol.pt\/fpv\/wp-json\/wp\/v2\/pages\/42694\/revisions\/42935"}],"up":[{"embeddable":true,"href":"https:\/\/fpvoleibol.pt\/fpv\/wp-json\/wp\/v2\/pages\/1032"}],"wp:featuredmedia":[{"embeddable":true,"href":"https:\/\/fpvoleibol.pt\/fpv\/wp-json\/wp\/v2\/media\/42742"}],"wp:attachment":[{"href":"https:\/\/fpvoleibol.pt\/fpv\/wp-json\/wp\/v2\/media?parent=42694"}],"curies":[{"name":"wp","href":"https:\/\/api.w.org\/{rel}","templated":true}]}}