{"id":41962,"date":"2025-08-05T17:32:57","date_gmt":"2025-08-05T16:32:57","guid":{"rendered":"https:\/\/fpvoleibol.pt\/fpv\/?page_id=41962"},"modified":"2025-08-12T18:09:45","modified_gmt":"2025-08-12T17:09:45","slug":"final-gira-praia-2025","status":"publish","type":"page","link":"https:\/\/fpvoleibol.pt\/fpv\/competicoes\/final-gira-praia-2025\/","title":{"rendered":"FINAL GIRA-PRAIA 2025"},"content":{"rendered":"<p style=\"text-align: center;\"><a href=\"https:\/\/fpvoleibol.pt\/fpv\/wp-content\/uploads\/2025\/08\/banner_1170x500_girapraia_2025.png\"><img loading=\"lazy\" decoding=\"async\" class=\"aligncenter wp-image-41963 size-full\" src=\"https:\/\/fpvoleibol.pt\/fpv\/wp-content\/uploads\/2025\/08\/banner_1170x500_girapraia_2025.png\" alt=\"\" width=\"1024\" height=\"438\" srcset=\"https:\/\/fpvoleibol.pt\/fpv\/wp-content\/uploads\/2025\/08\/banner_1170x500_girapraia_2025.png 1024w, https:\/\/fpvoleibol.pt\/fpv\/wp-content\/uploads\/2025\/08\/banner_1170x500_girapraia_2025-300x128.png 300w, https:\/\/fpvoleibol.pt\/fpv\/wp-content\/uploads\/2025\/08\/banner_1170x500_girapraia_2025-768x329.png 768w\" sizes=\"auto, (max-width: 1024px) 100vw, 1024px\" \/><\/a><\/p>\n<p style=\"text-align: justify;\"><span style=\"font-size: 14pt;\">As finais do Gira-Praia 2025 s\u00e3o organizadas pela Federa\u00e7\u00e3o Portuguesa de Voleibol em colabora\u00e7\u00e3o com a C\u00e2mara Municipal de Matosinhos. Em competi\u00e7\u00e3o est\u00e3o os escal\u00f5es de Sub-14, Sub-16 e Sub-18 masculinos e femininos que disputam no fim-de-semana de 16 e 17 de Agosto no Est\u00e1dio de Praia, em Matosinhos, os t\u00edtulos de Campe\u00f5es Nacionais 2025!<br \/>\n<\/span><\/p>\n<p style=\"text-align: center;\"><span style=\"font-size: 14pt;\"><strong>SEGUE AQUI A COMPETI\u00c7\u00c3O \u25bc<\/strong><\/span><\/p>\n<p style=\"text-align: center;\"><span style=\"color: #bd0000;\"><strong>Reuni\u00f5es T\u00e9cnicas: 16 de agosto<\/strong><br \/>\nSUB14 Fem &#8211; 8:45 \u00a0|\u00a0 SUB16 Fem &#8211; 9:00\u00a0 |\u00a0 SUB16 Masc &#8211; 9:15 \u00a0|\u00a0 SUB18 Masc &#8211; 9:30\u00a0 |\u00a0 SUB18 Fem &#8211; 12:00<\/span><\/p>\n<table style=\"border-collapse: collapse; width: 100%;\">\n<tbody>\n<tr>\n<td style=\"width: 33.3333%; text-align: center;\"><a href=\"https:\/\/fpvoleibol.pt\/fpv\/wp-content\/uploads\/2024\/07\/web_sub14_final_girapraia_2024-1.jpg\"><img loading=\"lazy\" decoding=\"async\" class=\"aligncenter wp-image-34358 size-full\" src=\"https:\/\/fpvoleibol.pt\/fpv\/wp-content\/uploads\/2024\/07\/web_sub14_final_girapraia_2024-1.jpg\" alt=\"\" width=\"300\" height=\"414\" srcset=\"https:\/\/fpvoleibol.pt\/fpv\/wp-content\/uploads\/2024\/07\/web_sub14_final_girapraia_2024-1.jpg 300w, https:\/\/fpvoleibol.pt\/fpv\/wp-content\/uploads\/2024\/07\/web_sub14_final_girapraia_2024-1-217x300.jpg 217w\" sizes=\"auto, (max-width: 300px) 100vw, 300px\" \/><\/a><\/p>\n<p><strong><br \/>\n<\/strong><span style=\"color: #ffcc00;\">\u00a0<\/span><\/p>\n<p><strong>FEMININOS<br \/>\n<\/strong><a href=\"https:\/\/docs.google.com\/spreadsheets\/d\/e\/2PACX-1vROQWrZ0apppKfOtdWrvqoadYfOpxH3w3tINs6MNcBqIHr8aN1KMVCQ82oiQ0-jY4dnj8lfwTP6MR_G\/pubhtml\" target=\"_blank\" rel=\"noopener\"><span style=\"color: #ffcc00;\">Duplas\/Resultados\/Ranking<\/span><\/a><\/td>\n<td style=\"width: 33.3333%; text-align: center;\"><a href=\"https:\/\/fpvoleibol.pt\/fpv\/wp-content\/uploads\/2024\/07\/web_sub16_final_girapraia_2024.jpg\"><img loading=\"lazy\" decoding=\"async\" class=\"aligncenter wp-image-34359 size-full\" src=\"https:\/\/fpvoleibol.pt\/fpv\/wp-content\/uploads\/2024\/07\/web_sub16_final_girapraia_2024.jpg\" alt=\"\" width=\"300\" height=\"414\" srcset=\"https:\/\/fpvoleibol.pt\/fpv\/wp-content\/uploads\/2024\/07\/web_sub16_final_girapraia_2024.jpg 300w, https:\/\/fpvoleibol.pt\/fpv\/wp-content\/uploads\/2024\/07\/web_sub16_final_girapraia_2024-217x300.jpg 217w\" sizes=\"auto, (max-width: 300px) 100vw, 300px\" \/><\/a><\/p>\n<p><strong>MASCULINOS<br \/>\n<\/strong><a href=\"https:\/\/docs.google.com\/spreadsheets\/d\/e\/2PACX-1vRO1sUs4Fly7yUV9wsBlQwQ8XBODJ8kbVK5FJb8o3zoCR1zbWnZg18iLik6HTKRZuZsaJkhCb9ITv8j\/pubhtml\" target=\"_blank\" rel=\"noopener\"><span style=\"color: #008000;\">Duplas\/Resultados\/Ranking<\/span><\/a><\/p>\n<p><strong>FEMININOS<br \/>\n<\/strong><a href=\"https:\/\/docs.google.com\/spreadsheets\/d\/e\/2PACX-1vT5vC52CAZ2qu3rmv_plme7A-gIqMWgRnd0fSe8NRIsTxy8Dz7bKebfEkUll334B7-nWjzugmGFPLne\/pubhtml\" target=\"_blank\" rel=\"noopener\"><span style=\"color: #008000;\">Duplas\/Resultados\/Ranking<\/span><\/a><\/td>\n<td style=\"width: 33.3333%; text-align: center;\"><a href=\"https:\/\/fpvoleibol.pt\/fpv\/wp-content\/uploads\/2024\/07\/web_sub18_final_girapraia_2024.jpg\"><img loading=\"lazy\" decoding=\"async\" class=\"aligncenter wp-image-34360 size-full\" src=\"https:\/\/fpvoleibol.pt\/fpv\/wp-content\/uploads\/2024\/07\/web_sub18_final_girapraia_2024.jpg\" alt=\"\" width=\"300\" height=\"414\" srcset=\"https:\/\/fpvoleibol.pt\/fpv\/wp-content\/uploads\/2024\/07\/web_sub18_final_girapraia_2024.jpg 300w, https:\/\/fpvoleibol.pt\/fpv\/wp-content\/uploads\/2024\/07\/web_sub18_final_girapraia_2024-217x300.jpg 217w\" sizes=\"auto, (max-width: 300px) 100vw, 300px\" \/><\/a><\/p>\n<p><strong>MASCULINOS<br \/>\n<\/strong><a href=\"https:\/\/docs.google.com\/spreadsheets\/d\/e\/2PACX-1vQYx5_ypEavgz4KnlCcWBUVI-j6s6CL_9dV561nCZ1CNbn2lXMk5Xc3OY_lrJpojSE-fx-LJJANRAuJ\/pubhtml\" target=\"_blank\" rel=\"noopener\"><span style=\"color: #ff0000;\">Duplas\/Resultados\/Ranking<\/span><\/a><\/p>\n<p><strong>FEMININOS<br \/>\n<\/strong><a href=\"https:\/\/docs.google.com\/spreadsheets\/d\/e\/2PACX-1vS98zpXc8xLfwNSa3Bc4mY-mVOzKtt2gs0WO6-tiYNBrEHei7YJ8xnqFappJf8pYhddRJdoxZ-E_Abw\/pubhtml\" target=\"_blank\" rel=\"noopener\"><span style=\"color: #ff0000;\">Duplas\/Resultados\/Ranking<\/span><\/a><\/td>\n<\/tr>\n<\/tbody>\n<\/table>\n<p style=\"text-align: center;\"><a href=\"https:\/\/fpvoleibol.pt\/fpv\/wp-content\/uploads\/2025\/08\/poster_final_girapraia_2025.jpg\"><img loading=\"lazy\" decoding=\"async\" class=\"aligncenter wp-image-41960 size-large\" src=\"https:\/\/fpvoleibol.pt\/fpv\/wp-content\/uploads\/2025\/08\/poster_final_girapraia_2025-724x1024.jpg\" alt=\"\" width=\"724\" height=\"1024\" srcset=\"https:\/\/fpvoleibol.pt\/fpv\/wp-content\/uploads\/2025\/08\/poster_final_girapraia_2025-724x1024.jpg 724w, https:\/\/fpvoleibol.pt\/fpv\/wp-content\/uploads\/2025\/08\/poster_final_girapraia_2025-212x300.jpg 212w, https:\/\/fpvoleibol.pt\/fpv\/wp-content\/uploads\/2025\/08\/poster_final_girapraia_2025-768x1086.jpg 768w, https:\/\/fpvoleibol.pt\/fpv\/wp-content\/uploads\/2025\/08\/poster_final_girapraia_2025-1086x1536.jpg 1086w, https:\/\/fpvoleibol.pt\/fpv\/wp-content\/uploads\/2025\/08\/poster_final_girapraia_2025.jpg 1358w\" sizes=\"auto, (max-width: 724px) 100vw, 724px\" \/><\/a><\/p>\n","protected":false},"excerpt":{"rendered":"<p>As finais do Gira-Praia 2025 s\u00e3o organizadas pela Federa\u00e7\u00e3o Portuguesa de Voleibol em colabora\u00e7\u00e3o com a C\u00e2mara Municipal de Matosinhos. Em competi\u00e7\u00e3o est\u00e3o os escal\u00f5es de Sub-14, Sub-16 e Sub-18 [&hellip;]<\/p>\n","protected":false},"author":1,"featured_media":26752,"parent":1032,"menu_order":0,"comment_status":"closed","ping_status":"closed","template":"","meta":{"_monsterinsights_skip_tracking":false,"_monsterinsights_sitenote_active":false,"_monsterinsights_sitenote_note":"","_monsterinsights_sitenote_category":0,"footnotes":""},"class_list":["post-41962","page","type-page","status-publish","has-post-thumbnail","czr-hentry"],"aioseo_notices":[],"_links":{"self":[{"href":"https:\/\/fpvoleibol.pt\/fpv\/wp-json\/wp\/v2\/pages\/41962","targetHints":{"allow":["GET"]}}],"collection":[{"href":"https:\/\/fpvoleibol.pt\/fpv\/wp-json\/wp\/v2\/pages"}],"about":[{"href":"https:\/\/fpvoleibol.pt\/fpv\/wp-json\/wp\/v2\/types\/page"}],"author":[{"embeddable":true,"href":"https:\/\/fpvoleibol.pt\/fpv\/wp-json\/wp\/v2\/users\/1"}],"replies":[{"embeddable":true,"href":"https:\/\/fpvoleibol.pt\/fpv\/wp-json\/wp\/v2\/comments?post=41962"}],"version-history":[{"count":6,"href":"https:\/\/fpvoleibol.pt\/fpv\/wp-json\/wp\/v2\/pages\/41962\/revisions"}],"predecessor-version":[{"id":42134,"href":"https:\/\/fpvoleibol.pt\/fpv\/wp-json\/wp\/v2\/pages\/41962\/revisions\/42134"}],"up":[{"embeddable":true,"href":"https:\/\/fpvoleibol.pt\/fpv\/wp-json\/wp\/v2\/pages\/1032"}],"wp:featuredmedia":[{"embeddable":true,"href":"https:\/\/fpvoleibol.pt\/fpv\/wp-json\/wp\/v2\/media\/26752"}],"wp:attachment":[{"href":"https:\/\/fpvoleibol.pt\/fpv\/wp-json\/wp\/v2\/media?parent=41962"}],"curies":[{"name":"wp","href":"https:\/\/api.w.org\/{rel}","templated":true}]}}