{"id":41163,"date":"2025-07-01T11:45:16","date_gmt":"2025-07-01T10:45:16","guid":{"rendered":"https:\/\/fpvoleibol.pt\/fpv\/?page_id=41163"},"modified":"2025-07-04T17:43:24","modified_gmt":"2025-07-04T16:43:24","slug":"nations-cup-final","status":"publish","type":"page","link":"https:\/\/fpvoleibol.pt\/fpv\/features\/nations-cup-final\/","title":{"rendered":"NATIONS CUP &#8211; FINAL"},"content":{"rendered":"<p style=\"text-align: center;\"><span style=\"font-size: 18pt;\"><strong><span style=\"color: #000000;\">CEV BEACH VOLLEY NATIONS CUP FINAL 2025<\/span><\/strong><\/span><\/p>\n<p style=\"text-align: center;\">A competi\u00e7\u00e3o, organizada pela Federa\u00e7\u00e3o Portuguesa de Voleibol (FPV) em colabora\u00e7\u00e3o com a C\u00e2mara Municipal de Espinho (CME) e sob a \u00e9gide da Confedera\u00e7\u00e3o Europeia de Voleibol (CEV), decorre na Praia da Ba\u00eda, em Espinho, de 17 a 20 de Julho, e tr\u00e1s a Portugal duplas de cada g\u00e9nero de oito pa\u00edses, para disputarem o prestigiado t\u00edtulo.<\/p>\n<p style=\"text-align: center;\">A\u00a0<a href=\"https:\/\/www.cev.eu\/beach\/nations-cup\/2025\/nations-cup-final\/\">Ta\u00e7a das Na\u00e7\u00f5es<\/a>\u00a0tem um formato de competi\u00e7\u00e3o peculiar que promove\u00a0<em>batalhas<\/em>\u00a0entre pa\u00edses. Cada na\u00e7\u00e3o \u00e9 representada por duas duplas e os\u00a0<em>duelos<\/em>\u00a0disputam-se \u00e0 melhor de tr\u00eas, sendo a decis\u00e3o quanto ao vencedor, se necess\u00e1rio, encontrada atrav\u00e9s de um\u00a0<em>golden set<\/em>\u00a0(set de desempate) de 15 pontos.<\/p>\n<p style=\"text-align: center;\"><strong>Acompanha aqui os atletas portugueses, mostra todo o teu apoio e visita o nosso est\u00e1dio em Espinho!<br \/>\n<span style=\"color: #ff0000; background-color: #ff0000;\">\u00a0 <span style=\"color: #ffffff;\">ENTRADA GRATUITA<\/span>\u00a0\u00a0<\/span><\/strong><\/p>\n<p style=\"text-align: center;\"><strong><span style=\"color: #ff0000;\">WEBSITE OFICIAL <a style=\"color: #ff0000;\" href=\"https:\/\/fpvoleibol.pt\/nationscup2025\" target=\"_blank\" rel=\"noopener\">FPVOLEIBOL.PT\/NATIONSCUP2025 \u25ba<\/a><\/span><\/strong><\/p>\n<p style=\"text-align: center;\"><a href=\"https:\/\/fpvoleibol.pt\/fpv\/wp-content\/uploads\/2025\/05\/nations_cup_poster_d0.jpg\"><img loading=\"lazy\" decoding=\"async\" class=\"aligncenter wp-image-40490 size-large\" src=\"https:\/\/fpvoleibol.pt\/fpv\/wp-content\/uploads\/2025\/05\/nations_cup_poster_d0-702x1024.jpg\" alt=\"\" width=\"702\" height=\"1024\" srcset=\"https:\/\/fpvoleibol.pt\/fpv\/wp-content\/uploads\/2025\/05\/nations_cup_poster_d0-702x1024.jpg 702w, https:\/\/fpvoleibol.pt\/fpv\/wp-content\/uploads\/2025\/05\/nations_cup_poster_d0-206x300.jpg 206w, https:\/\/fpvoleibol.pt\/fpv\/wp-content\/uploads\/2025\/05\/nations_cup_poster_d0-768x1120.jpg 768w, https:\/\/fpvoleibol.pt\/fpv\/wp-content\/uploads\/2025\/05\/nations_cup_poster_d0.jpg 960w\" sizes=\"auto, (max-width: 702px) 100vw, 702px\" \/><\/a><\/p>\n","protected":false},"excerpt":{"rendered":"<p>CEV BEACH VOLLEY NATIONS CUP FINAL 2025 A competi\u00e7\u00e3o, organizada pela Federa\u00e7\u00e3o Portuguesa de Voleibol (FPV) em colabora\u00e7\u00e3o com a C\u00e2mara Municipal de Espinho (CME) e sob a \u00e9gide da [&hellip;]<\/p>\n","protected":false},"author":1,"featured_media":41168,"parent":642,"menu_order":0,"comment_status":"closed","ping_status":"closed","template":"","meta":{"_monsterinsights_skip_tracking":false,"_monsterinsights_sitenote_active":false,"_monsterinsights_sitenote_note":"","_monsterinsights_sitenote_category":0,"footnotes":""},"class_list":["post-41163","page","type-page","status-publish","has-post-thumbnail","czr-hentry"],"aioseo_notices":[],"_links":{"self":[{"href":"https:\/\/fpvoleibol.pt\/fpv\/wp-json\/wp\/v2\/pages\/41163","targetHints":{"allow":["GET"]}}],"collection":[{"href":"https:\/\/fpvoleibol.pt\/fpv\/wp-json\/wp\/v2\/pages"}],"about":[{"href":"https:\/\/fpvoleibol.pt\/fpv\/wp-json\/wp\/v2\/types\/page"}],"author":[{"embeddable":true,"href":"https:\/\/fpvoleibol.pt\/fpv\/wp-json\/wp\/v2\/users\/1"}],"replies":[{"embeddable":true,"href":"https:\/\/fpvoleibol.pt\/fpv\/wp-json\/wp\/v2\/comments?post=41163"}],"version-history":[{"count":4,"href":"https:\/\/fpvoleibol.pt\/fpv\/wp-json\/wp\/v2\/pages\/41163\/revisions"}],"predecessor-version":[{"id":41281,"href":"https:\/\/fpvoleibol.pt\/fpv\/wp-json\/wp\/v2\/pages\/41163\/revisions\/41281"}],"up":[{"embeddable":true,"href":"https:\/\/fpvoleibol.pt\/fpv\/wp-json\/wp\/v2\/pages\/642"}],"wp:featuredmedia":[{"embeddable":true,"href":"https:\/\/fpvoleibol.pt\/fpv\/wp-json\/wp\/v2\/media\/41168"}],"wp:attachment":[{"href":"https:\/\/fpvoleibol.pt\/fpv\/wp-json\/wp\/v2\/media?parent=41163"}],"curies":[{"name":"wp","href":"https:\/\/api.w.org\/{rel}","templated":true}]}}

<p style="text-align: center;"><span style="font-size: 18pt;"><strong><span style="color: #000000;">CEV BEACH VOLLEY NATIONS CUP FINAL 2025</span></strong></span></p>
<p style="text-align: center;">A competição, organizada pela Federação Portuguesa de Voleibol (FPV) em colaboração com a Câmara Municipal de Espinho (CME) e sob a égide da Confederação Europeia de Voleibol (CEV), decorre na Praia da Baía, em Espinho, de 17 a 20 de Julho, e trás a Portugal duplas de cada género de oito países, para disputarem o prestigiado título.</p>
<p style="text-align: center;">A <a href="https://www.cev.eu/beach/nations-cup/2025/nations-cup-final/">Taça das Nações</a> tem um formato de competição peculiar que promove <em>batalhas</em> entre países. Cada nação é representada por duas duplas e os <em>duelos</em> disputam-se à melhor de três, sendo a decisão quanto ao vencedor, se necessário, encontrada através de um <em>golden set</em> (set de desempate) de 15 pontos.</p>
<p style="text-align: center;"><strong>Acompanha aqui os atletas portugueses, mostra todo o teu apoio e visita o nosso estádio em Espinho!<br />
<span style="color: #ff0000; background-color: #ff0000;">  <span style="color: #ffffff;">ENTRADA GRATUITA</span>  </span></strong></p>
<p style="text-align: center;"><strong><span style="color: #ff0000;">WEBSITE OFICIAL <a style="color: #ff0000;" href="https://fpvoleibol.pt/nationscup2025" target="_blank" rel="noopener">FPVOLEIBOL.PT/NATIONSCUP2025 ►</a></span></strong></p>
<p style="text-align: center;"><a href="https://fpvoleibol.pt/fpv/wp-content/uploads/2025/05/nations_cup_poster_d0.jpg"><img loading="lazy" decoding="async" class="aligncenter wp-image-40490 size-large" src="https://fpvoleibol.pt/fpv/wp-content/uploads/2025/05/nations_cup_poster_d0-702x1024.jpg" alt="" width="702" height="1024" srcset="https://fpvoleibol.pt/fpv/wp-content/uploads/2025/05/nations_cup_poster_d0-702x1024.jpg 702w, https://fpvoleibol.pt/fpv/wp-content/uploads/2025/05/nations_cup_poster_d0-206x300.jpg 206w, https://fpvoleibol.pt/fpv/wp-content/uploads/2025/05/nations_cup_poster_d0-768x1120.jpg 768w, https://fpvoleibol.pt/fpv/wp-content/uploads/2025/05/nations_cup_poster_d0.jpg 960w" sizes="auto, (max-width: 702px) 100vw, 702px" /></a></p>

<p>CEV BEACH VOLLEY NATIONS CUP FINAL 2025 A competição, organizada pela Federação Portuguesa de Voleibol (FPV) em colaboração com a Câmara Municipal de Espinho (CME) e sob a égide da [&hellip;]</p>
