{"id":26743,"date":"2023-08-01T12:03:41","date_gmt":"2023-08-01T12:03:41","guid":{"rendered":"https:\/\/fpvoleibol.pt\/fpv\/?page_id=26743"},"modified":"2023-08-03T11:45:28","modified_gmt":"2023-08-03T11:45:28","slug":"final-gira-praia-2023","status":"publish","type":"page","link":"https:\/\/fpvoleibol.pt\/fpv\/competicoes\/final-gira-praia-2023\/","title":{"rendered":"FINAL GIRA-PRAIA 2023"},"content":{"rendered":"<p style=\"text-align: center;\"><a href=\"https:\/\/fpvoleibol.pt\/fpv\/wp-content\/uploads\/2023\/08\/web_banner_final_girapraia_2023.jpg\"><img loading=\"lazy\" decoding=\"async\" class=\"aligncenter wp-image-26744 size-full\" src=\"https:\/\/fpvoleibol.pt\/fpv\/wp-content\/uploads\/2023\/08\/web_banner_final_girapraia_2023.jpg\" alt=\"\" width=\"1024\" height=\"482\" srcset=\"https:\/\/fpvoleibol.pt\/fpv\/wp-content\/uploads\/2023\/08\/web_banner_final_girapraia_2023.jpg 1024w, https:\/\/fpvoleibol.pt\/fpv\/wp-content\/uploads\/2023\/08\/web_banner_final_girapraia_2023-300x141.jpg 300w, https:\/\/fpvoleibol.pt\/fpv\/wp-content\/uploads\/2023\/08\/web_banner_final_girapraia_2023-768x362.jpg 768w\" sizes=\"auto, (max-width: 1024px) 100vw, 1024px\" \/><\/a><\/p>\n<p style=\"text-align: justify;\"><span style=\"font-size: 14pt;\">As finais do Gira-Praia 2023 s\u00e3o organizadas pela Federa\u00e7\u00e3o Portuguesa de Voleibol em colabora\u00e7\u00e3o com a C\u00e2mara Municipal de Esposende e Associa\u00e7\u00e3o de Voleibol de Braga. Em competi\u00e7\u00e3o est\u00e3o os escal\u00f5es de Sub-14, Sub-16 e Sub-18 masculinos e femininos que disputam no fim-de-semana de 5 e 6 de Agosto na Praia Suave Mar, em Esposende os t\u00edtulos de Campe\u00f5es Nacionais 2023!<br \/>\n<\/span><\/p>\n<p style=\"text-align: center;\"><span style=\"font-size: 14pt;\"><strong>SEGUE AQUI A COMPETI\u00c7\u00c3O \u25bc<\/strong><\/span><\/p>\n<p style=\"text-align: center;\"><span style=\"color: #bd0000;\">Reuni\u00e3o T\u00e9cnica: S\u00e1b, 5 \u00e0s 9h<\/span><br \/>\n<span style=\"color: #bd0000;\">S\u00e1b: Fase de Grupos\u00a0 |\u00a0 Dom: 1\/4 Final, 1\/2 Finais e Finais<\/span><\/p>\n<table style=\"border-collapse: collapse; width: 100%;\">\n<tbody>\n<tr>\n<td style=\"width: 33.3333%; text-align: center;\"><a href=\"https:\/\/fpvoleibol.pt\/fpv\/wp-content\/uploads\/2022\/08\/gp_14.jpg\" data-lb-type=\"grouped-post\"><span style=\"color: #333333;\"><img loading=\"lazy\" decoding=\"async\" class=\"aligncenter size-full wp-image-18336\" src=\"https:\/\/fpvoleibol.pt\/fpv\/wp-content\/uploads\/2023\/08\/web_sub14_final_girapraia_2023.jpg\" alt=\"\" width=\"300\" height=\"414\" \/><\/span><\/a><\/td>\n<td style=\"width: 33.3333%; text-align: center;\"><a href=\"https:\/\/fpvoleibol.pt\/fpv\/wp-content\/uploads\/2022\/08\/gp_16.jpg\" data-lb-type=\"grouped-post\"><span style=\"color: #333333;\"><img loading=\"lazy\" decoding=\"async\" class=\"aligncenter size-full wp-image-18337\" src=\"https:\/\/fpvoleibol.pt\/fpv\/wp-content\/uploads\/2023\/08\/web_sub16_final_girapraia_2023.jpg\" alt=\"\" width=\"300\" height=\"414\" \/><\/span><\/a><\/td>\n<td style=\"width: 33.3333%; text-align: center;\"><a href=\"https:\/\/fpvoleibol.pt\/fpv\/wp-content\/uploads\/2022\/08\/gp_18.jpg\" data-lb-type=\"grouped-post\"><span style=\"color: #333333;\"><img loading=\"lazy\" decoding=\"async\" class=\"aligncenter size-full wp-image-18338\" src=\"https:\/\/fpvoleibol.pt\/fpv\/wp-content\/uploads\/2023\/08\/web_sub18_final_girapraia_2023.jpg\" alt=\"\" width=\"300\" height=\"414\" \/><\/span><\/a><\/td>\n<\/tr>\n<tr>\n<td style=\"width: 33.3333%; text-align: center;\"><strong>MASCULINOS<\/strong><br \/>\n<a href=\"https:\/\/docs.google.com\/spreadsheets\/d\/e\/2PACX-1vQTmKSyRWzz6vvuOkD8k8JunZWTWAvnn6LegAh7OiF9_tIiqB4mGOTt42X7R8LiSGqm9U3SqC1M3j1e\/pubhtml\" target=\"_blank\" rel=\"noopener\">Duplas<\/a><br \/>\n<a href=\"https:\/\/docs.google.com\/spreadsheets\/d\/e\/2PACX-1vQTmKSyRWzz6vvuOkD8k8JunZWTWAvnn6LegAh7OiF9_tIiqB4mGOTt42X7R8LiSGqm9U3SqC1M3j1e\/pubhtml\" target=\"_blank\" rel=\"noopener\">Resultados | Classifica\u00e7\u00e3o<\/a><\/p>\n<p><strong>FEMININOS<\/strong><br \/>\n<a href=\"https:\/\/docs.google.com\/spreadsheets\/d\/e\/2PACX-1vThCvZXEnd0IUUfJtegGzS5gby5_E_VegQgrC2mqkf1m_07MF4Zc_hi7qg4C1-mhFjP5sl-h8rvGDTD\/pubhtml\" target=\"_blank\" rel=\"noopener\">Duplas<\/a><br \/>\n<a href=\"https:\/\/docs.google.com\/spreadsheets\/d\/e\/2PACX-1vThCvZXEnd0IUUfJtegGzS5gby5_E_VegQgrC2mqkf1m_07MF4Zc_hi7qg4C1-mhFjP5sl-h8rvGDTD\/pubhtml\" target=\"_blank\" rel=\"noopener\">Resultados | Classifica\u00e7\u00e3o<\/a><\/td>\n<td style=\"width: 33.3333%; text-align: center;\"><strong>MASCULINOS<\/strong><br \/>\n<a href=\"https:\/\/docs.google.com\/spreadsheets\/d\/e\/2PACX-1vSP0MFbx3HfFUGdGv-FaR4iIVOzR0FB9-VYgSS-nJvovdyVigsVGuiIngJG6hVI2aXeiHsXBUPfw9d0\/pubhtml\" target=\"_blank\" rel=\"noopener\">Duplas<\/a><br \/>\n<a href=\"https:\/\/docs.google.com\/spreadsheets\/d\/e\/2PACX-1vSP0MFbx3HfFUGdGv-FaR4iIVOzR0FB9-VYgSS-nJvovdyVigsVGuiIngJG6hVI2aXeiHsXBUPfw9d0\/pubhtml\" target=\"_blank\" rel=\"noopener\">Resultados | Classifica\u00e7\u00e3o<\/a><\/p>\n<p><strong>FEMININOS<\/strong><br \/>\n<a href=\"https:\/\/docs.google.com\/spreadsheets\/d\/e\/2PACX-1vTonj4EwX4nfmbig5_-2MaKAL81g8pckwWhfRzHRdyqglxl4u23eFwoUE7k2nPXiEIOkVXHefRJVN0_\/pubhtml\" target=\"_blank\" rel=\"noopener\">Duplas<\/a><br \/>\n<a href=\"https:\/\/docs.google.com\/spreadsheets\/d\/e\/2PACX-1vTonj4EwX4nfmbig5_-2MaKAL81g8pckwWhfRzHRdyqglxl4u23eFwoUE7k2nPXiEIOkVXHefRJVN0_\/pubhtml\" target=\"_blank\" rel=\"noopener\">Resultados | Classifica\u00e7\u00e3o<\/a><\/td>\n<td style=\"width: 33.3333%; text-align: center;\"><strong>MASCULINOS<\/strong><br \/>\n<a href=\"https:\/\/docs.google.com\/spreadsheets\/d\/e\/2PACX-1vQexZljuTu3I850c7ih3V-NbCruEqKdumf0CDqrvBp9rasNcESUkLp-XxSw7k0rJw58LHcsvBv4Sp02\/pubhtml\" target=\"_blank\" rel=\"noopener\">Duplas<\/a><br \/>\n<a href=\"https:\/\/docs.google.com\/spreadsheets\/d\/e\/2PACX-1vQexZljuTu3I850c7ih3V-NbCruEqKdumf0CDqrvBp9rasNcESUkLp-XxSw7k0rJw58LHcsvBv4Sp02\/pubhtml\" target=\"_blank\" rel=\"noopener\">Resultados | Classifica\u00e7\u00e3o<\/a><\/p>\n<p><strong>FEMININOS<\/strong><br \/>\n<a href=\"https:\/\/docs.google.com\/spreadsheets\/d\/e\/2PACX-1vTrDv-oqpBiTFVsVTe_OS7MpAfuBteTcWlgsqxsj9vlLvEsWhRkZw_pjQV__xeUNuHm4FeQ4QFr0Hum\/pubhtml\" target=\"_blank\" rel=\"noopener\">Duplas<\/a><br \/>\n<a href=\"https:\/\/docs.google.com\/spreadsheets\/d\/e\/2PACX-1vTrDv-oqpBiTFVsVTe_OS7MpAfuBteTcWlgsqxsj9vlLvEsWhRkZw_pjQV__xeUNuHm4FeQ4QFr0Hum\/pubhtml\" target=\"_blank\" rel=\"noopener\">Resultados | Classifica\u00e7\u00e3o<\/a><\/td>\n<\/tr>\n<\/tbody>\n<\/table>\n<p style=\"text-align: center;\"><a href=\"https:\/\/fpvoleibol.pt\/fpv\/wp-content\/uploads\/2023\/08\/poster_final_girapraia_2023_.jpg\"><img loading=\"lazy\" decoding=\"async\" class=\"aligncenter wp-image-26773 size-large\" src=\"https:\/\/fpvoleibol.pt\/fpv\/wp-content\/uploads\/2023\/08\/poster_final_girapraia_2023_-724x1024.jpg\" alt=\"\" width=\"724\" height=\"1024\" srcset=\"https:\/\/fpvoleibol.pt\/fpv\/wp-content\/uploads\/2023\/08\/poster_final_girapraia_2023_-724x1024.jpg 724w, https:\/\/fpvoleibol.pt\/fpv\/wp-content\/uploads\/2023\/08\/poster_final_girapraia_2023_-212x300.jpg 212w, https:\/\/fpvoleibol.pt\/fpv\/wp-content\/uploads\/2023\/08\/poster_final_girapraia_2023_-768x1086.jpg 768w, https:\/\/fpvoleibol.pt\/fpv\/wp-content\/uploads\/2023\/08\/poster_final_girapraia_2023_.jpg 905w\" sizes=\"auto, (max-width: 724px) 100vw, 724px\" \/><\/a><\/p>\n","protected":false},"excerpt":{"rendered":"<p>As finais do Gira-Praia 2023 s\u00e3o organizadas pela Federa\u00e7\u00e3o Portuguesa de Voleibol em colabora\u00e7\u00e3o com a C\u00e2mara Municipal de Esposende e Associa\u00e7\u00e3o de Voleibol de Braga. Em competi\u00e7\u00e3o est\u00e3o os [&hellip;]<\/p>\n","protected":false},"author":1,"featured_media":26752,"parent":1032,"menu_order":0,"comment_status":"closed","ping_status":"closed","template":"","meta":{"_monsterinsights_skip_tracking":false,"_monsterinsights_sitenote_active":false,"_monsterinsights_sitenote_note":"","_monsterinsights_sitenote_category":0,"footnotes":""},"class_list":["post-26743","page","type-page","status-publish","has-post-thumbnail","czr-hentry"],"aioseo_notices":[],"_links":{"self":[{"href":"https:\/\/fpvoleibol.pt\/fpv\/wp-json\/wp\/v2\/pages\/26743","targetHints":{"allow":["GET"]}}],"collection":[{"href":"https:\/\/fpvoleibol.pt\/fpv\/wp-json\/wp\/v2\/pages"}],"about":[{"href":"https:\/\/fpvoleibol.pt\/fpv\/wp-json\/wp\/v2\/types\/page"}],"author":[{"embeddable":true,"href":"https:\/\/fpvoleibol.pt\/fpv\/wp-json\/wp\/v2\/users\/1"}],"replies":[{"embeddable":true,"href":"https:\/\/fpvoleibol.pt\/fpv\/wp-json\/wp\/v2\/comments?post=26743"}],"version-history":[{"count":32,"href":"https:\/\/fpvoleibol.pt\/fpv\/wp-json\/wp\/v2\/pages\/26743\/revisions"}],"predecessor-version":[{"id":26795,"href":"https:\/\/fpvoleibol.pt\/fpv\/wp-json\/wp\/v2\/pages\/26743\/revisions\/26795"}],"up":[{"embeddable":true,"href":"https:\/\/fpvoleibol.pt\/fpv\/wp-json\/wp\/v2\/pages\/1032"}],"wp:featuredmedia":[{"embeddable":true,"href":"https:\/\/fpvoleibol.pt\/fpv\/wp-json\/wp\/v2\/media\/26752"}],"wp:attachment":[{"href":"https:\/\/fpvoleibol.pt\/fpv\/wp-json\/wp\/v2\/media?parent=26743"}],"curies":[{"name":"wp","href":"https:\/\/api.w.org\/{rel}","templated":true}]}}

<p style="text-align: center;"><a href="https://fpvoleibol.pt/fpv/wp-content/uploads/2023/08/web_banner_final_girapraia_2023.jpg"><img loading="lazy" decoding="async" class="aligncenter wp-image-26744 size-full" src="https://fpvoleibol.pt/fpv/wp-content/uploads/2023/08/web_banner_final_girapraia_2023.jpg" alt="" width="1024" height="482" srcset="https://fpvoleibol.pt/fpv/wp-content/uploads/2023/08/web_banner_final_girapraia_2023.jpg 1024w, https://fpvoleibol.pt/fpv/wp-content/uploads/2023/08/web_banner_final_girapraia_2023-300x141.jpg 300w, https://fpvoleibol.pt/fpv/wp-content/uploads/2023/08/web_banner_final_girapraia_2023-768x362.jpg 768w" sizes="auto, (max-width: 1024px) 100vw, 1024px" /></a></p>
<p style="text-align: justify;"><span style="font-size: 14pt;">As finais do Gira-Praia 2023 são organizadas pela Federação Portuguesa de Voleibol em colaboração com a Câmara Municipal de Esposende e Associação de Voleibol de Braga. Em competição estão os escalões de Sub-14, Sub-16 e Sub-18 masculinos e femininos que disputam no fim-de-semana de 5 e 6 de Agosto na Praia Suave Mar, em Esposende os títulos de Campeões Nacionais 2023!<br />
</span></p>
<p style="text-align: center;"><span style="font-size: 14pt;"><strong>SEGUE AQUI A COMPETIÇÃO ▼</strong></span></p>
<p style="text-align: center;"><span style="color: #bd0000;">Reunião Técnica: Sáb, 5 às 9h</span><br />
<span style="color: #bd0000;">Sáb: Fase de Grupos  |  Dom: 1/4 Final, 1/2 Finais e Finais</span></p>
<table style="border-collapse: collapse; width: 100%;">
<tbody>
<tr>
<td style="width: 33.3333%; text-align: center;"><a href="https://fpvoleibol.pt/fpv/wp-content/uploads/2022/08/gp_14.jpg" data-lb-type="grouped-post"><span style="color: #333333;"><img loading="lazy" decoding="async" class="aligncenter size-full wp-image-18336" src="https://fpvoleibol.pt/fpv/wp-content/uploads/2023/08/web_sub14_final_girapraia_2023.jpg" alt="" width="300" height="414" /></span></a></td>
<td style="width: 33.3333%; text-align: center;"><a href="https://fpvoleibol.pt/fpv/wp-content/uploads/2022/08/gp_16.jpg" data-lb-type="grouped-post"><span style="color: #333333;"><img loading="lazy" decoding="async" class="aligncenter size-full wp-image-18337" src="https://fpvoleibol.pt/fpv/wp-content/uploads/2023/08/web_sub16_final_girapraia_2023.jpg" alt="" width="300" height="414" /></span></a></td>
<td style="width: 33.3333%; text-align: center;"><a href="https://fpvoleibol.pt/fpv/wp-content/uploads/2022/08/gp_18.jpg" data-lb-type="grouped-post"><span style="color: #333333;"><img loading="lazy" decoding="async" class="aligncenter size-full wp-image-18338" src="https://fpvoleibol.pt/fpv/wp-content/uploads/2023/08/web_sub18_final_girapraia_2023.jpg" alt="" width="300" height="414" /></span></a></td>
</tr>
<tr>
<td style="width: 33.3333%; text-align: center;"><strong>MASCULINOS</strong><br />
<a href="https://docs.google.com/spreadsheets/d/e/2PACX-1vQTmKSyRWzz6vvuOkD8k8JunZWTWAvnn6LegAh7OiF9_tIiqB4mGOTt42X7R8LiSGqm9U3SqC1M3j1e/pubhtml" target="_blank" rel="noopener">Duplas</a><br />
<a href="https://docs.google.com/spreadsheets/d/e/2PACX-1vQTmKSyRWzz6vvuOkD8k8JunZWTWAvnn6LegAh7OiF9_tIiqB4mGOTt42X7R8LiSGqm9U3SqC1M3j1e/pubhtml" target="_blank" rel="noopener">Resultados | Classificação</a></p>
<p><strong>FEMININOS</strong><br />
<a href="https://docs.google.com/spreadsheets/d/e/2PACX-1vThCvZXEnd0IUUfJtegGzS5gby5_E_VegQgrC2mqkf1m_07MF4Zc_hi7qg4C1-mhFjP5sl-h8rvGDTD/pubhtml" target="_blank" rel="noopener">Duplas</a><br />
<a href="https://docs.google.com/spreadsheets/d/e/2PACX-1vThCvZXEnd0IUUfJtegGzS5gby5_E_VegQgrC2mqkf1m_07MF4Zc_hi7qg4C1-mhFjP5sl-h8rvGDTD/pubhtml" target="_blank" rel="noopener">Resultados | Classificação</a></td>
<td style="width: 33.3333%; text-align: center;"><strong>MASCULINOS</strong><br />
<a href="https://docs.google.com/spreadsheets/d/e/2PACX-1vSP0MFbx3HfFUGdGv-FaR4iIVOzR0FB9-VYgSS-nJvovdyVigsVGuiIngJG6hVI2aXeiHsXBUPfw9d0/pubhtml" target="_blank" rel="noopener">Duplas</a><br />
<a href="https://docs.google.com/spreadsheets/d/e/2PACX-1vSP0MFbx3HfFUGdGv-FaR4iIVOzR0FB9-VYgSS-nJvovdyVigsVGuiIngJG6hVI2aXeiHsXBUPfw9d0/pubhtml" target="_blank" rel="noopener">Resultados | Classificação</a></p>
<p><strong>FEMININOS</strong><br />
<a href="https://docs.google.com/spreadsheets/d/e/2PACX-1vTonj4EwX4nfmbig5_-2MaKAL81g8pckwWhfRzHRdyqglxl4u23eFwoUE7k2nPXiEIOkVXHefRJVN0_/pubhtml" target="_blank" rel="noopener">Duplas</a><br />
<a href="https://docs.google.com/spreadsheets/d/e/2PACX-1vTonj4EwX4nfmbig5_-2MaKAL81g8pckwWhfRzHRdyqglxl4u23eFwoUE7k2nPXiEIOkVXHefRJVN0_/pubhtml" target="_blank" rel="noopener">Resultados | Classificação</a></td>
<td style="width: 33.3333%; text-align: center;"><strong>MASCULINOS</strong><br />
<a href="https://docs.google.com/spreadsheets/d/e/2PACX-1vQexZljuTu3I850c7ih3V-NbCruEqKdumf0CDqrvBp9rasNcESUkLp-XxSw7k0rJw58LHcsvBv4Sp02/pubhtml" target="_blank" rel="noopener">Duplas</a><br />
<a href="https://docs.google.com/spreadsheets/d/e/2PACX-1vQexZljuTu3I850c7ih3V-NbCruEqKdumf0CDqrvBp9rasNcESUkLp-XxSw7k0rJw58LHcsvBv4Sp02/pubhtml" target="_blank" rel="noopener">Resultados | Classificação</a></p>
<p><strong>FEMININOS</strong><br />
<a href="https://docs.google.com/spreadsheets/d/e/2PACX-1vTrDv-oqpBiTFVsVTe_OS7MpAfuBteTcWlgsqxsj9vlLvEsWhRkZw_pjQV__xeUNuHm4FeQ4QFr0Hum/pubhtml" target="_blank" rel="noopener">Duplas</a><br />
<a href="https://docs.google.com/spreadsheets/d/e/2PACX-1vTrDv-oqpBiTFVsVTe_OS7MpAfuBteTcWlgsqxsj9vlLvEsWhRkZw_pjQV__xeUNuHm4FeQ4QFr0Hum/pubhtml" target="_blank" rel="noopener">Resultados | Classificação</a></td>
</tr>
</tbody>
</table>
<p style="text-align: center;"><a href="https://fpvoleibol.pt/fpv/wp-content/uploads/2023/08/poster_final_girapraia_2023_.jpg"><img loading="lazy" decoding="async" class="aligncenter wp-image-26773 size-large" src="https://fpvoleibol.pt/fpv/wp-content/uploads/2023/08/poster_final_girapraia_2023_-724x1024.jpg" alt="" width="724" height="1024" srcset="https://fpvoleibol.pt/fpv/wp-content/uploads/2023/08/poster_final_girapraia_2023_-724x1024.jpg 724w, https://fpvoleibol.pt/fpv/wp-content/uploads/2023/08/poster_final_girapraia_2023_-212x300.jpg 212w, https://fpvoleibol.pt/fpv/wp-content/uploads/2023/08/poster_final_girapraia_2023_-768x1086.jpg 768w, https://fpvoleibol.pt/fpv/wp-content/uploads/2023/08/poster_final_girapraia_2023_.jpg 905w" sizes="auto, (max-width: 724px) 100vw, 724px" /></a></p>

<p>As finais do Gira-Praia 2023 são organizadas pela Federação Portuguesa de Voleibol em colaboração com a Câmara Municipal de Esposende e Associação de Voleibol de Braga. Em competição estão os [&hellip;]</p>
