{"id":23573,"date":"2023-04-04T08:06:36","date_gmt":"2023-04-04T08:06:36","guid":{"rendered":"https:\/\/fpvoleibol.pt\/fpv\/?page_id=23573"},"modified":"2025-06-18T10:57:50","modified_gmt":"2025-06-18T09:57:50","slug":"fases-finais-2024-2025","status":"publish","type":"page","link":"https:\/\/fpvoleibol.pt\/fpv\/competicoes\/fases-finais-2024-2025\/","title":{"rendered":"FASES FINAIS 2024\/2025"},"content":{"rendered":"<p style=\"text-align: center;\"><a href=\"https:\/\/fpvoleibol.pt\/fpv\/wp-content\/uploads\/2023\/04\/logo_campeonato_nac_fases_finais.png\"><img loading=\"lazy\" decoding=\"async\" class=\"aligncenter wp-image-23940 \" src=\"https:\/\/fpvoleibol.pt\/fpv\/wp-content\/uploads\/2023\/04\/logo_campeonato_nac_fases_finais.png\" alt=\"\" width=\"211\" height=\"203\" srcset=\"https:\/\/fpvoleibol.pt\/fpv\/wp-content\/uploads\/2023\/04\/logo_campeonato_nac_fases_finais.png 512w, https:\/\/fpvoleibol.pt\/fpv\/wp-content\/uploads\/2023\/04\/logo_campeonato_nac_fases_finais-300x289.png 300w, https:\/\/fpvoleibol.pt\/fpv\/wp-content\/uploads\/2023\/04\/logo_campeonato_nac_fases_finais-510x493.png 510w\" sizes=\"auto, (max-width: 211px) 100vw, 211px\" \/><\/a><\/p>\n<p style=\"text-align: center;\"><span style=\"font-size: 24pt; color: #003e6b;\"><strong>CAMPEONATO NACIONAL 2024\/2025<\/strong><\/span><br \/>\n<span style=\"font-size: 24pt; color: #003e6b;\"><strong>FASES FINAIS<br \/>\n<\/strong><\/span><\/p>\n<p style=\"text-align: center;\"><span style=\"background-color: #99ccff; color: #000080; font-size: 14pt;\"><strong>\u00a0 JOGOS TRANSMITIDOS EM DIRETO NA VOLEI.TV <a style=\"background-color: #99ccff; color: #000080;\" href=\"https:\/\/volei.tv\" target=\"_blank\" rel=\"noopener\">\u25ba<\/a><a style=\"background-color: #99ccff; color: #000080;\" href=\"https:\/\/volei.tv\" target=\"_blank\" rel=\"noopener\">\u25ba<\/a>\u00a0\u00a0<\/strong><\/span><\/p>\n<p style=\"text-align: center;\"><strong><span style=\"color: #cc0000;\">ACOMPANHA A FESTA DOS CAMPE\u00d5ES NACIONAIS NAS REDES SOCIAIS <a style=\"color: #cc0000;\" href=\"https:\/\/www.facebook.com\/fpvoleibol\" target=\"_blank\" rel=\"noopener\">FACEBOOK \u25ba<\/a> E <a style=\"color: #cc0000;\" href=\"https:\/\/www.instagram.com\/portugalvoleibol\/\" target=\"_blank\" rel=\"noopener\">INSTAGRAM \u25ba<\/a><\/span><br \/>\nE ACOMPANHA AQUI NA PLAYLIST DAS FASES FINAIS \u25bc<\/strong><\/p>\n<p style=\"text-align: center;\"><iframe loading=\"lazy\" src=\"\/\/www.youtube.com\/embed\/videoseries?list=PLZj9Hth2JEaDHbkME-gkIcj_TyZFz9axF\" width=\"720\" height=\"404\" allowfullscreen=\"allowfullscreen\"><span data-mce-type=\"bookmark\" style=\"display: inline-block; width: 0px; overflow: hidden; line-height: 0;\" class=\"mce_SELRES_start\">\ufeff<\/span><span data-mce-type=\"bookmark\" style=\"display: inline-block; width: 0px; overflow: hidden; line-height: 0;\" class=\"mce_SELRES_start\"><\/span><span data-mce-type=\"bookmark\" style=\"display: inline-block; width: 0px; overflow: hidden; line-height: 0;\" class=\"mce_SELRES_start\"><\/span><\/iframe><\/p>\n<div align=\"center\">\n<div style=\"display: inline-block; text-align: center;\">\n<p><img decoding=\"async\" class=\"aligncenter\" src=\"https:\/\/fpvoleibol.pt\/fpv\/wp-content\/uploads\/2025\/06\/06.27-29_web_inidivafem.jpg\" alt=\"\" width=\"400px\" \/><\/p>\n<form action=\"https:\/\/www.portugalvoleibol.com\/classificacao\/classificacoes_react\" method=\"post\"><input id=\"campeonato\" name=\"campeonato\" type=\"hidden\" value=\"NIAF\" \/><input id=\"fase\" name=\"fase\" type=\"hidden\" value=\"F\" \/><input id=\"serie\" name=\"serie\" type=\"hidden\" value=\"F8\" \/><button style=\"height: 50px; width: 400px;\" type=\"submit\">CN Iniciados Femininos Div A<\/button><\/form>\n<\/div>\n<div style=\"display: inline-block; text-align: center;\">\n<p><img decoding=\"async\" class=\"aligncenter\" src=\"https:\/\/fpvoleibol.pt\/fpv\/wp-content\/uploads\/2025\/06\/06.13-15_web_caddivafem.jpg\" alt=\"\" width=\"400px\" \/><\/p>\n<form action=\"https:\/\/www.portugalvoleibol.com\/classificacao\/classificacoes_react\" method=\"post\"><input id=\"campeonato\" name=\"campeonato\" type=\"hidden\" value=\"NCDAF\" \/><input id=\"fase\" name=\"fase\" type=\"hidden\" value=\"F\" \/><input id=\"serie\" name=\"serie\" type=\"hidden\" value=\"F8\" \/><button style=\"height: 50px; width: 400px;\" type=\"submit\">CN Cadetes Femininos Div A<\/button><\/form>\n<\/div>\n<\/div>\n<div align=\"center\">\n<div style=\"display: inline-block; text-align: center;\">\n<p><img decoding=\"async\" class=\"aligncenter\" src=\"https:\/\/fpvoleibol.pt\/fpv\/wp-content\/uploads\/2025\/06\/06.13-15_web_infmasc.jpg\" alt=\"\" width=\"400px\" \/><\/p>\n<form action=\"https:\/\/www.portugalvoleibol.com\/classificacao\/classificacoes_react\" method=\"post\"><input id=\"campeonato\" name=\"campeonato\" type=\"hidden\" value=\"NINFM\" \/><input id=\"fase\" name=\"fase\" type=\"hidden\" value=\"F\" \/><input id=\"serie\" name=\"serie\" type=\"hidden\" value=\"F8\" \/><button style=\"height: 50px; width: 400px;\" type=\"submit\">CN Infantis Masculinos<\/button><\/form>\n<\/div>\n<div style=\"display: inline-block; text-align: center;\">\n<p>\u00a0 <img decoding=\"async\" class=\"aligncenter\" src=\"https:\/\/fpvoleibol.pt\/fpv\/wp-content\/uploads\/2025\/06\/06.13-15_web_inffem.jpg\" alt=\"\" width=\"400px\" \/><\/p>\n<form action=\"https:\/\/www.portugalvoleibol.com\/classificacao\/classificacoes_react\" method=\"post\"><input id=\"campeonato\" name=\"campeonato\" type=\"hidden\" value=\"NINFF\" \/><input id=\"fase\" name=\"fase\" type=\"hidden\" value=\"F\" \/><input id=\"serie\" name=\"serie\" type=\"hidden\" value=\"F8\" \/><button style=\"height: 50px; width: 400px;\" type=\"submit\">CN Infantis Femininos<\/button><\/form>\n<\/div>\n<\/div>\n<div align=\"center\">\n<div style=\"display: inline-block; text-align: center;\">\n<p><img decoding=\"async\" class=\"aligncenter\" src=\"https:\/\/fpvoleibol.pt\/fpv\/wp-content\/uploads\/2025\/06\/06.06-08_web_inimasc.jpg\" alt=\"\" width=\"400px\" \/><\/p>\n<form action=\"https:\/\/www.portugalvoleibol.com\/classificacao\/classificacoes_react\" method=\"post\"><input id=\"campeonato\" name=\"campeonato\" type=\"hidden\" value=\"NINIM\" \/><input id=\"fase\" name=\"fase\" type=\"hidden\" value=\"F\" \/><input id=\"serie\" name=\"serie\" type=\"hidden\" value=\"F8\" \/><button style=\"height: 50px; width: 400px;\" type=\"submit\">CN Iniciados Masculinos<\/button><\/form>\n<\/div>\n<div style=\"display: inline-block; text-align: center;\">\n<p>\u00a0 <img decoding=\"async\" class=\"aligncenter\" src=\"https:\/\/fpvoleibol.pt\/fpv\/wp-content\/uploads\/2025\/06\/06.06-08_web_inidivbfem.jpg\" alt=\"\" width=\"400px\" \/><\/p>\n<form action=\"https:\/\/www.portugalvoleibol.com\/classificacao\/classificacoes_react\" method=\"post\"><input id=\"campeonato\" name=\"campeonato\" type=\"hidden\" value=\"NINIF\" \/><input id=\"fase\" name=\"fase\" type=\"hidden\" value=\"F\" \/><input id=\"serie\" name=\"serie\" type=\"hidden\" value=\"F4\" \/><button style=\"height: 50px; width: 400px;\" type=\"submit\">CN Iniciados Femininos Div B<\/button><\/form>\n<\/div>\n<\/div>\n<div align=\"center\">\n<div style=\"display: inline-block; text-align: center;\">\n<p><img decoding=\"async\" class=\"aligncenter\" src=\"https:\/\/fpvoleibol.pt\/fpv\/wp-content\/uploads\/2025\/05\/05.30-01_web_juvdivafem.jpg\" alt=\"\" width=\"400px\" \/><\/p>\n<form action=\"https:\/\/www.portugalvoleibol.com\/classificacao\/classificacoes_react\" method=\"post\"><input id=\"campeonato\" name=\"campeonato\" type=\"hidden\" value=\"NJVAF\" \/><input id=\"fase\" name=\"fase\" type=\"hidden\" value=\"F\" \/><input id=\"serie\" name=\"serie\" type=\"hidden\" value=\"F8\" \/><button style=\"height: 50px; width: 400px;\" type=\"submit\">CN Juvenis Femininos Div A<\/button><\/form>\n<\/div>\n<div style=\"display: inline-block; text-align: center;\">\n<p><img decoding=\"async\" class=\"aligncenter\" src=\"https:\/\/fpvoleibol.pt\/fpv\/wp-content\/uploads\/2025\/05\/05.23-25_web_jundivafem.jpg\" alt=\"\" width=\"400px\" \/><\/p>\n<form action=\"https:\/\/www.portugalvoleibol.com\/classificacao\/classificacoes_react\" method=\"post\"><input id=\"campeonato\" name=\"campeonato\" type=\"hidden\" value=\"NJUVA1F\" \/><input id=\"fase\" name=\"fase\" type=\"hidden\" value=\"F\" \/><input id=\"serie\" name=\"serie\" type=\"hidden\" value=\"F8\" \/><button style=\"height: 50px; width: 400px;\" type=\"submit\">CN Juniores Femininos Div A<\/button><\/form>\n<\/div>\n<\/div>\n<div align=\"center\">\n<div style=\"display: inline-block; text-align: center;\">\n<p><img decoding=\"async\" class=\"aligncenter\" src=\"https:\/\/fpvoleibol.pt\/fpv\/wp-content\/uploads\/2025\/05\/05.23-25_web_cadmasc.jpg\" alt=\"\" width=\"400px\" \/><\/p>\n<form action=\"https:\/\/www.portugalvoleibol.com\/classificacao\/classificacoes_react\" method=\"post\"><input id=\"campeonato\" name=\"campeonato\" type=\"hidden\" value=\"NCADM\" \/><input id=\"fase\" name=\"fase\" type=\"hidden\" value=\"F\" \/><input id=\"serie\" name=\"serie\" type=\"hidden\" value=\"F8\" \/><button style=\"height: 50px; width: 400px;\" type=\"submit\">CN Cadetes Masculinos<\/button><\/form>\n<\/div>\n<div style=\"display: inline-block; text-align: center;\">\n<p><img decoding=\"async\" class=\"aligncenter\" src=\"https:\/\/fpvoleibol.pt\/fpv\/wp-content\/uploads\/2025\/05\/05.23-25_web_cadfem-1.jpg\" alt=\"\" width=\"400px\" \/><\/p>\n<form action=\"https:\/\/www.portugalvoleibol.com\/classificacao\/classificacoes_react\" method=\"post\"><input id=\"campeonato\" name=\"campeonato\" type=\"hidden\" value=\"NCADF\" \/><input id=\"fase\" name=\"fase\" type=\"hidden\" value=\"F\" \/><input id=\"serie\" name=\"serie\" type=\"hidden\" value=\"F4\" \/><button style=\"height: 50px; width: 400px;\" type=\"submit\">CN Cadetes Femininos<\/button><\/form>\n<\/div>\n<\/div>\n<div align=\"center\">\n<div style=\"display: inline-block; text-align: center;\">\n<p><img decoding=\"async\" class=\"aligncenter\" src=\"https:\/\/fpvoleibol.pt\/fpv\/wp-content\/uploads\/2025\/05\/05.10-11_web_junb1masc.jpg\" alt=\"\" width=\"400px\" \/><\/p>\n<form action=\"https:\/\/www.portugalvoleibol.com\/classificacao\/classificacoes_react\" method=\"post\"><input id=\"campeonato\" name=\"campeonato\" type=\"hidden\" value=\"NJNB1M\" \/><input id=\"fase\" name=\"fase\" type=\"hidden\" value=\"F\" \/><input id=\"serie\" name=\"serie\" type=\"hidden\" value=\"F4\" \/><button style=\"height: 50px; width: 400px;\" type=\"submit\">CN Juniores B1 Masculinos<\/button><\/form>\n<\/div>\n<div style=\"display: inline-block; text-align: center;\">\n<p><img decoding=\"async\" class=\"aligncenter\" src=\"https:\/\/fpvoleibol.pt\/fpv\/wp-content\/uploads\/2025\/05\/05.10-11_web_junb1fem.jpg\" alt=\"\" width=\"400px\" \/><\/p>\n<form action=\"https:\/\/www.portugalvoleibol.com\/classificacao\/classificacoes_react\" method=\"post\"><input id=\"campeonato\" name=\"campeonato\" type=\"hidden\" value=\"NJNB1F\" \/><input id=\"fase\" name=\"fase\" type=\"hidden\" value=\"F\" \/><input id=\"serie\" name=\"serie\" type=\"hidden\" value=\"F4\" \/><button style=\"height: 50px; width: 400px;\" type=\"submit\">CN Juniores B1 Femininos<\/button><\/form>\n<\/div>\n<\/div>\n<div align=\"center\">\n<div style=\"display: inline-block; text-align: center;\">\n<p><img decoding=\"async\" class=\"aligncenter\" src=\"https:\/\/fpvoleibol.pt\/fpv\/wp-content\/uploads\/2025\/05\/FF_web_juvmasc_f.jpg\" alt=\"\" width=\"400px\" \/><\/p>\n<form action=\"https:\/\/www.portugalvoleibol.com\/classificacao\/classificacoes_react\" method=\"post\"><input id=\"campeonato\" name=\"campeonato\" type=\"hidden\" value=\"NJUVM\" \/><input id=\"fase\" name=\"fase\" type=\"hidden\" value=\"F\" \/><input id=\"serie\" name=\"serie\" type=\"hidden\" value=\"F8\" \/><button style=\"height: 50px; width: 400px;\" type=\"submit\">CN Juvenis Masculinos<\/button><\/form>\n<\/div>\n<div style=\"display: inline-block; text-align: center;\">\n<p><img decoding=\"async\" class=\"aligncenter\" src=\"https:\/\/fpvoleibol.pt\/fpv\/wp-content\/uploads\/2025\/05\/FFweb_juvfem_f.jpg\" alt=\"\" width=\"400px\" \/><\/p>\n<form action=\"https:\/\/www.portugalvoleibol.com\/classificacao\/classificacoes_react\" method=\"post\"><input id=\"campeonato\" name=\"campeonato\" type=\"hidden\" value=\"NJUVF\" \/><input id=\"fase\" name=\"fase\" type=\"hidden\" value=\"F\" \/><input id=\"serie\" name=\"serie\" type=\"hidden\" value=\"F4\" \/><button style=\"height: 50px; width: 400px;\" type=\"submit\">CN Juvenis Femininos Div B<\/button><\/form>\n<\/div>\n<\/div>\n<div align=\"center\">\n<div style=\"display: inline-block; text-align: center;\">\n<p><img decoding=\"async\" class=\"aligncenter\" src=\"https:\/\/fpvoleibol.pt\/fpv\/wp-content\/uploads\/2025\/04\/web_junmasc_ff_f.jpg\" alt=\"\" width=\"400px\" \/><\/p>\n<form action=\"https:\/\/www.portugalvoleibol.com\/classificacao\/classificacoes_react\" method=\"post\"><input id=\"campeonato\" name=\"campeonato\" type=\"hidden\" value=\"NJUNM\" \/><input id=\"fase\" name=\"fase\" type=\"hidden\" value=\"F\" \/><input id=\"serie\" name=\"serie\" type=\"hidden\" value=\"F8\" \/><button style=\"height: 50px; width: 400px;\" type=\"submit\">CN Juniores Masculinos<\/button><\/form>\n<\/div>\n<div style=\"display: inline-block; text-align: center;\">\n<p><img decoding=\"async\" class=\"aligncenter\" src=\"https:\/\/fpvoleibol.pt\/fpv\/wp-content\/uploads\/2025\/04\/web_junfem_ff_f.jpg\" alt=\"\" width=\"400px\" \/><\/p>\n<form action=\"https:\/\/www.portugalvoleibol.com\/classificacao\/classificacoes_react\" method=\"post\"><input id=\"campeonato\" name=\"campeonato\" type=\"hidden\" value=\"NJUNF\" \/><input id=\"fase\" name=\"fase\" type=\"hidden\" value=\"F\" \/><input id=\"serie\" name=\"serie\" type=\"hidden\" value=\"F4\" \/><button style=\"height: 50px; width: 400px;\" type=\"submit\">CN Juniores Femininos Div B<\/button><\/form>\n<\/div>\n<\/div>\n<div align=\"center\">\n<div style=\"display: inline-block; text-align: center;\">\n<p><img decoding=\"async\" class=\"aligncenter\" src=\"https:\/\/fpvoleibol.pt\/fpv\/wp-content\/uploads\/2025\/04\/web_junmasc_b_f2.jpg\" alt=\"\" width=\"400px\" \/><\/p>\n<form action=\"https:\/\/www.portugalvoleibol.com\/classificacao\/classificacoes_react\" method=\"post\"><input id=\"campeonato\" name=\"campeonato\" type=\"hidden\" value=\"NJNBM\" \/><input id=\"fase\" name=\"fase\" type=\"hidden\" value=\"F\" \/><input id=\"serie\" name=\"serie\" type=\"hidden\" value=\"F4\" \/><button style=\"height: 50px; width: 400px;\" type=\"submit\">CN Juniores B Masculinos<\/button><\/form>\n<\/div>\n<div style=\"display: inline-block; text-align: center;\">\n<p><img decoding=\"async\" class=\"aligncenter\" src=\"https:\/\/fpvoleibol.pt\/fpv\/wp-content\/uploads\/2025\/04\/web_junfem_b_f.jpg\" alt=\"\" width=\"400px\" \/><\/p>\n<form action=\"https:\/\/www.portugalvoleibol.com\/classificacao\/classificacoes_react\" method=\"post\"><input id=\"campeonato\" name=\"campeonato\" type=\"hidden\" value=\"NJNBF\" \/><input id=\"fase\" name=\"fase\" type=\"hidden\" value=\"F\" \/><input id=\"serie\" name=\"serie\" type=\"hidden\" value=\"F4\" \/><button style=\"height: 50px; width: 400px;\" type=\"submit\">CN Juniores B Femininos<\/button><\/form>\n<\/div>\n<\/div>\n<div align=\"center\">\n<div style=\"display: inline-block; text-align: center;\">\n<p><img decoding=\"async\" class=\"aligncenter\" src=\"https:\/\/fpvoleibol.pt\/fpv\/wp-content\/uploads\/2025\/04\/04.25-27_web_vetmascA.jpg\" alt=\"\" width=\"400px\" \/><\/p>\n<form action=\"https:\/\/www.portugalvoleibol.com\/classificacao\/classificacoes_react\" method=\"post\"><input id=\"campeonato\" name=\"campeonato\" type=\"hidden\" value=\"NVETAM\" \/><input id=\"fase\" name=\"fase\" type=\"hidden\" value=\"F\" \/><input id=\"serie\" name=\"serie\" type=\"hidden\" value=\"CN\" \/><button style=\"height: 50px; width: 400px;\" type=\"submit\">CN Veteranos A Masculinos<\/button><\/form>\n<\/div>\n<div style=\"display: inline-block; text-align: center;\">\n<p><img decoding=\"async\" class=\"aligncenter\" src=\"https:\/\/fpvoleibol.pt\/fpv\/wp-content\/uploads\/2025\/04\/04.25-27_web_vetfemA.jpg\" alt=\"\" width=\"400px\" \/><\/p>\n<form action=\"https:\/\/www.portugalvoleibol.com\/classificacao\/classificacoes_react\" method=\"post\"><input id=\"campeonato\" name=\"campeonato\" type=\"hidden\" value=\"NVETAF\" \/><input id=\"fase\" name=\"fase\" type=\"hidden\" value=\"F\" \/><input id=\"serie\" name=\"serie\" type=\"hidden\" value=\"CN\" \/><button style=\"height: 50px; width: 400px;\" type=\"submit\">CN Veteranos A Femininos<\/button><\/form>\n<\/div>\n<div align=\"center\">\n<div style=\"display: inline-block; text-align: center;\">\n<p><img decoding=\"async\" class=\"aligncenter\" src=\"https:\/\/fpvoleibol.pt\/fpv\/wp-content\/uploads\/2025\/04\/04.25-27_web_vetmascB.jpg\" alt=\"\" width=\"400px\" \/><\/p>\n<form action=\"https:\/\/www.portugalvoleibol.com\/classificacao\/classificacoes_react\" method=\"post\"><input id=\"campeonato\" name=\"campeonato\" type=\"hidden\" value=\"NVETBM\" \/><input id=\"fase\" name=\"fase\" type=\"hidden\" value=\"F\" \/><input id=\"serie\" name=\"serie\" type=\"hidden\" value=\"CN\" \/><button style=\"height: 50px; width: 400px;\" type=\"submit\">CN Veteranos B Masculinos<\/button><\/form>\n<\/div>\n<div style=\"display: inline-block; text-align: center;\"><\/div>\n<div align=\"center\">\n<div style=\"display: inline-block; text-align: center;\"><\/div>\n<\/div>\n<p style=\"text-align: center;\"><a class=\"maxbutton-2 maxbutton maxbutton-calendarios\" target=\"_blank\" rel=\"noopener\" href=\"https:\/\/www.portugalvoleibol.com\"><span class='mb-text'>CALEND\u00c1RIOS OFICIAIS, RESULTADOS E CLASSIFICA\u00c7\u00d5ES \u25ba<\/span><\/a><\/p>\n<p>&nbsp;<\/p>\n<\/div>\n<\/div>\n","protected":false},"excerpt":{"rendered":"<p>CAMPEONATO NACIONAL 2024\/2025 FASES FINAIS \u00a0 JOGOS TRANSMITIDOS EM DIRETO NA VOLEI.TV \u25ba\u25ba\u00a0\u00a0 ACOMPANHA A FESTA DOS CAMPE\u00d5ES NACIONAIS NAS REDES SOCIAIS FACEBOOK \u25ba E INSTAGRAM \u25ba E ACOMPANHA AQUI [&hellip;]<\/p>\n","protected":false},"author":1,"featured_media":23944,"parent":1032,"menu_order":0,"comment_status":"closed","ping_status":"closed","template":"","meta":{"_monsterinsights_skip_tracking":false,"_monsterinsights_sitenote_active":false,"_monsterinsights_sitenote_note":"","_monsterinsights_sitenote_category":0,"footnotes":""},"class_list":["post-23573","page","type-page","status-publish","has-post-thumbnail","czr-hentry"],"aioseo_notices":[],"_links":{"self":[{"href":"https:\/\/fpvoleibol.pt\/fpv\/wp-json\/wp\/v2\/pages\/23573","targetHints":{"allow":["GET"]}}],"collection":[{"href":"https:\/\/fpvoleibol.pt\/fpv\/wp-json\/wp\/v2\/pages"}],"about":[{"href":"https:\/\/fpvoleibol.pt\/fpv\/wp-json\/wp\/v2\/types\/page"}],"author":[{"embeddable":true,"href":"https:\/\/fpvoleibol.pt\/fpv\/wp-json\/wp\/v2\/users\/1"}],"replies":[{"embeddable":true,"href":"https:\/\/fpvoleibol.pt\/fpv\/wp-json\/wp\/v2\/comments?post=23573"}],"version-history":[{"count":125,"href":"https:\/\/fpvoleibol.pt\/fpv\/wp-json\/wp\/v2\/pages\/23573\/revisions"}],"predecessor-version":[{"id":24238,"href":"https:\/\/fpvoleibol.pt\/fpv\/wp-json\/wp\/v2\/pages\/23573\/revisions\/24238"}],"up":[{"embeddable":true,"href":"https:\/\/fpvoleibol.pt\/fpv\/wp-json\/wp\/v2\/pages\/1032"}],"wp:featuredmedia":[{"embeddable":true,"href":"https:\/\/fpvoleibol.pt\/fpv\/wp-json\/wp\/v2\/media\/23944"}],"wp:attachment":[{"href":"https:\/\/fpvoleibol.pt\/fpv\/wp-json\/wp\/v2\/media?parent=23573"}],"curies":[{"name":"wp","href":"https:\/\/api.w.org\/{rel}","templated":true}]}}