{"id":17356,"date":"2022-07-07T11:35:43","date_gmt":"2022-07-07T11:35:43","guid":{"rendered":"https:\/\/fpvoleibol.pt\/fpv\/?page_id=17356"},"modified":"2024-05-17T16:56:45","modified_gmt":"2024-05-17T16:56:45","slug":"beach-pro-tour-2024","status":"publish","type":"page","link":"https:\/\/fpvoleibol.pt\/fpv\/features\/beach-pro-tour-2024\/","title":{"rendered":"BEACH PRO TOUR 2024"},"content":{"rendered":"<p style=\"text-align: center;\"><a href=\"https:\/\/fpvoleibol.pt\/fpv\/wp-content\/uploads\/2024\/05\/bpt_espinho_24-1.jpg\"><img loading=\"lazy\" decoding=\"async\" class=\"aligncenter wp-image-32655 size-large\" src=\"https:\/\/fpvoleibol.pt\/fpv\/wp-content\/uploads\/2024\/05\/bpt_espinho_24-1-1024x679.jpg\" alt=\"\" width=\"1024\" height=\"679\" srcset=\"https:\/\/fpvoleibol.pt\/fpv\/wp-content\/uploads\/2024\/05\/bpt_espinho_24-1-1024x679.jpg 1024w, https:\/\/fpvoleibol.pt\/fpv\/wp-content\/uploads\/2024\/05\/bpt_espinho_24-1-300x199.jpg 300w, https:\/\/fpvoleibol.pt\/fpv\/wp-content\/uploads\/2024\/05\/bpt_espinho_24-1-768x509.jpg 768w, https:\/\/fpvoleibol.pt\/fpv\/wp-content\/uploads\/2024\/05\/bpt_espinho_24-1.jpg 1415w\" sizes=\"auto, (max-width: 1024px) 100vw, 1024px\" \/><\/a><\/p>\n<p style=\"text-align: center;\"><span style=\"font-size: 18pt;\"><strong><span style=\"color: #000000;\">Voleibol de Praia ao mais alto n\u00edvel em Espinho<\/span><\/strong><\/span><\/p>\n<p style=\"text-align: center;\">A Praia da Ba\u00eda em Espinho \u00e9 palco de 22 a 26 de Maio de uma etapa Elite 16 do Circuito Mundial de Voleibol de Praia!<br \/>\n<strong>O Beach Pro Tour Espinho &#8211; Elite 16!<\/strong><\/p>\n<p style=\"text-align: center;\">A competi\u00e7\u00e3o Elite 16 representa o n\u00edvel mais alto das etapas do Beach Pro Tour, sendo disputada pelas 16 melhores duplas por g\u00e9nero do mundo!<\/p>\n<p style=\"text-align: center;\"><strong>Acompanha aqui os atletas portugueses, mostra todo o teu apoio e visita o nosso est\u00e1dio em Espinho!<br \/>\n&#8211; Entrada Gratuita &#8211;<\/strong><\/p>\n<p style=\"text-align: center;\"><strong><a href=\"https:\/\/fpvoleibol.pt\/bpt-espinho2024\" target=\"_blank\" rel=\"noopener\"><span style=\"color: #ff0000;\">VISITAR WEBSITE OFICIAL<\/span><br \/>\n<span style=\"color: #ff0000;\">BPT ELITE 16 ESPINHO 2024<\/span> <span style=\"color: #ff0000;\">\u25ba<\/span><\/a><\/strong><\/p>\n<p style=\"text-align: center;\"><a href=\"https:\/\/fpvoleibol.pt\/fpv\/wp-content\/uploads\/2024\/05\/cartaz_wev_btp_espinho_120x175.jpg\"><img loading=\"lazy\" decoding=\"async\" class=\"aligncenter wp-image-32656 size-large\" src=\"https:\/\/fpvoleibol.pt\/fpv\/wp-content\/uploads\/2024\/05\/cartaz_wev_btp_espinho_120x175-702x1024.jpg\" alt=\"\" width=\"702\" height=\"1024\" srcset=\"https:\/\/fpvoleibol.pt\/fpv\/wp-content\/uploads\/2024\/05\/cartaz_wev_btp_espinho_120x175-702x1024.jpg 702w, https:\/\/fpvoleibol.pt\/fpv\/wp-content\/uploads\/2024\/05\/cartaz_wev_btp_espinho_120x175-206x300.jpg 206w, https:\/\/fpvoleibol.pt\/fpv\/wp-content\/uploads\/2024\/05\/cartaz_wev_btp_espinho_120x175-768x1120.jpg 768w, https:\/\/fpvoleibol.pt\/fpv\/wp-content\/uploads\/2024\/05\/cartaz_wev_btp_espinho_120x175-1054x1536.jpg 1054w, https:\/\/fpvoleibol.pt\/fpv\/wp-content\/uploads\/2024\/05\/cartaz_wev_btp_espinho_120x175.jpg 1317w\" sizes=\"auto, (max-width: 702px) 100vw, 702px\" \/><\/a><\/p>\n","protected":false},"excerpt":{"rendered":"<p>Voleibol de Praia ao mais alto n\u00edvel em Espinho A Praia da Ba\u00eda em Espinho \u00e9 palco de 22 a 26 de Maio de uma etapa Elite 16 do Circuito [&hellip;]<\/p>\n","protected":false},"author":1,"featured_media":32657,"parent":642,"menu_order":0,"comment_status":"closed","ping_status":"closed","template":"","meta":{"_monsterinsights_skip_tracking":false,"_monsterinsights_sitenote_active":false,"_monsterinsights_sitenote_note":"","_monsterinsights_sitenote_category":0,"footnotes":""},"class_list":["post-17356","page","type-page","status-publish","has-post-thumbnail","czr-hentry"],"aioseo_notices":[],"_links":{"self":[{"href":"https:\/\/fpvoleibol.pt\/fpv\/wp-json\/wp\/v2\/pages\/17356","targetHints":{"allow":["GET"]}}],"collection":[{"href":"https:\/\/fpvoleibol.pt\/fpv\/wp-json\/wp\/v2\/pages"}],"about":[{"href":"https:\/\/fpvoleibol.pt\/fpv\/wp-json\/wp\/v2\/types\/page"}],"author":[{"embeddable":true,"href":"https:\/\/fpvoleibol.pt\/fpv\/wp-json\/wp\/v2\/users\/1"}],"replies":[{"embeddable":true,"href":"https:\/\/fpvoleibol.pt\/fpv\/wp-json\/wp\/v2\/comments?post=17356"}],"version-history":[{"count":8,"href":"https:\/\/fpvoleibol.pt\/fpv\/wp-json\/wp\/v2\/pages\/17356\/revisions"}],"predecessor-version":[{"id":32674,"href":"https:\/\/fpvoleibol.pt\/fpv\/wp-json\/wp\/v2\/pages\/17356\/revisions\/32674"}],"up":[{"embeddable":true,"href":"https:\/\/fpvoleibol.pt\/fpv\/wp-json\/wp\/v2\/pages\/642"}],"wp:featuredmedia":[{"embeddable":true,"href":"https:\/\/fpvoleibol.pt\/fpv\/wp-json\/wp\/v2\/media\/32657"}],"wp:attachment":[{"href":"https:\/\/fpvoleibol.pt\/fpv\/wp-json\/wp\/v2\/media?parent=17356"}],"curies":[{"name":"wp","href":"https:\/\/api.w.org\/{rel}","templated":true}]}}

<p style="text-align: center;"><a href="https://fpvoleibol.pt/fpv/wp-content/uploads/2024/05/bpt_espinho_24-1.jpg"><img loading="lazy" decoding="async" class="aligncenter wp-image-32655 size-large" src="https://fpvoleibol.pt/fpv/wp-content/uploads/2024/05/bpt_espinho_24-1-1024x679.jpg" alt="" width="1024" height="679" srcset="https://fpvoleibol.pt/fpv/wp-content/uploads/2024/05/bpt_espinho_24-1-1024x679.jpg 1024w, https://fpvoleibol.pt/fpv/wp-content/uploads/2024/05/bpt_espinho_24-1-300x199.jpg 300w, https://fpvoleibol.pt/fpv/wp-content/uploads/2024/05/bpt_espinho_24-1-768x509.jpg 768w, https://fpvoleibol.pt/fpv/wp-content/uploads/2024/05/bpt_espinho_24-1.jpg 1415w" sizes="auto, (max-width: 1024px) 100vw, 1024px" /></a></p>
<p style="text-align: center;"><span style="font-size: 18pt;"><strong><span style="color: #000000;">Voleibol de Praia ao mais alto nível em Espinho</span></strong></span></p>
<p style="text-align: center;">A Praia da Baía em Espinho é palco de 22 a 26 de Maio de uma etapa Elite 16 do Circuito Mundial de Voleibol de Praia!<br />
<strong>O Beach Pro Tour Espinho &#8211; Elite 16!</strong></p>
<p style="text-align: center;">A competição Elite 16 representa o nível mais alto das etapas do Beach Pro Tour, sendo disputada pelas 16 melhores duplas por género do mundo!</p>
<p style="text-align: center;"><strong>Acompanha aqui os atletas portugueses, mostra todo o teu apoio e visita o nosso estádio em Espinho!<br />
&#8211; Entrada Gratuita &#8211;</strong></p>
<p style="text-align: center;"><strong><a href="https://fpvoleibol.pt/bpt-espinho2024" target="_blank" rel="noopener"><span style="color: #ff0000;">VISITAR WEBSITE OFICIAL</span><br />
<span style="color: #ff0000;">BPT ELITE 16 ESPINHO 2024</span> <span style="color: #ff0000;">►</span></a></strong></p>
<p style="text-align: center;"><a href="https://fpvoleibol.pt/fpv/wp-content/uploads/2024/05/cartaz_wev_btp_espinho_120x175.jpg"><img loading="lazy" decoding="async" class="aligncenter wp-image-32656 size-large" src="https://fpvoleibol.pt/fpv/wp-content/uploads/2024/05/cartaz_wev_btp_espinho_120x175-702x1024.jpg" alt="" width="702" height="1024" srcset="https://fpvoleibol.pt/fpv/wp-content/uploads/2024/05/cartaz_wev_btp_espinho_120x175-702x1024.jpg 702w, https://fpvoleibol.pt/fpv/wp-content/uploads/2024/05/cartaz_wev_btp_espinho_120x175-206x300.jpg 206w, https://fpvoleibol.pt/fpv/wp-content/uploads/2024/05/cartaz_wev_btp_espinho_120x175-768x1120.jpg 768w, https://fpvoleibol.pt/fpv/wp-content/uploads/2024/05/cartaz_wev_btp_espinho_120x175-1054x1536.jpg 1054w, https://fpvoleibol.pt/fpv/wp-content/uploads/2024/05/cartaz_wev_btp_espinho_120x175.jpg 1317w" sizes="auto, (max-width: 702px) 100vw, 702px" /></a></p>

<p>Voleibol de Praia ao mais alto nível em Espinho A Praia da Baía em Espinho é palco de 22 a 26 de Maio de uma etapa Elite 16 do Circuito [&hellip;]</p>
