{"id":11933,"date":"2021-12-16T16:35:08","date_gmt":"2021-12-16T15:35:08","guid":{"rendered":"https:\/\/fpvoleibol.pt\/fpv\/?page_id=11933"},"modified":"2022-01-04T16:12:50","modified_gmt":"2022-01-04T15:12:50","slug":"carvp","status":"publish","type":"page","link":"https:\/\/fpvoleibol.pt\/fpv\/carvp\/","title":{"rendered":"CARVP"},"content":{"rendered":"<p style=\"text-align: center;\"><a href=\"https:\/\/fpvoleibol.pt\/fpv\/wp-content\/uploads\/2021\/12\/fachada.jpg\"><img loading=\"lazy\" decoding=\"async\" class=\"aligncenter size-full wp-image-11934\" src=\"https:\/\/fpvoleibol.pt\/fpv\/wp-content\/uploads\/2021\/12\/fachada.jpg\" alt=\"\" width=\"1024\" height=\"485\" srcset=\"https:\/\/fpvoleibol.pt\/fpv\/wp-content\/uploads\/2021\/12\/fachada.jpg 1024w, https:\/\/fpvoleibol.pt\/fpv\/wp-content\/uploads\/2021\/12\/fachada-300x142.jpg 300w, https:\/\/fpvoleibol.pt\/fpv\/wp-content\/uploads\/2021\/12\/fachada-768x364.jpg 768w\" sizes=\"auto, (max-width: 1024px) 100vw, 1024px\" \/><\/a><\/p>\n<p>O <strong>Centro de Alto Rendimento de Voleibol de Praia (CARVP)<\/strong>, situado em Cortega\u00e7a, que est\u00e1 j\u00e1 a ser utilizado como base log\u00edstica dos treinos de observa\u00e7\u00e3o inseridos no processo de capta\u00e7\u00e3o e detec\u00e7\u00e3o de talentos no Voleibol de Praia e na organiza\u00e7\u00e3o de provas nacionais e internacionais, est\u00e1 a alargar a sua influ\u00eancia e a abrir as suas portas \u00e0 comunidade em geral.<br \/>\nAs finais das duas \u00faltimas edi\u00e7\u00f5es do Campeonato Lidl (Campeonato Nacional de Voleibol de Praia) e de uma etapa do Circuito Mundial realizadas no CARVP tornaram bem evidente todo o potencial deste centro enquanto infra-estrutura de excel\u00eancia para o Voleibol de Praia.<\/p>\n<p><span style=\"color: #999999;\"><em><strong>The Beach Volleyball High Performance Center (CARVP)<\/strong>, located in Cortega\u00e7a, which is already being used as a logistical base for observation training as part of the process of attracting and detecting talent in Beach Volleyball and in the organization of national events, is opening its doors to the community.<\/em><\/span><br \/>\n<span style=\"color: #999999;\"><em>The finals of the last two editions of the Lidl Championship (National Beach Volleyball Championship) and a stage of the FIVB Beach Volleyball World Tour held at CARVP made evident all the potential of this center as an infrastructure of excellence for Beach Volleyball.<\/em><\/span><\/p>\n<p><strong>Contactos do CARVP | <span style=\"color: #999999;\"><em>Contacts<\/em>:<\/span><\/strong><br \/>\nRua Futebol Clube de Cortega\u00e7a<br \/>\n3885-313 Cortega\u00e7a<br \/>\nPortugal<br \/>\nLocaliza\u00e7\u00e3o | <span style=\"color: #999999;\"><em>Location (GMaps):<\/em><\/span> <a href=\"https:\/\/goo.gl\/maps\/y4mL332y5f6Lz2E1A\" target=\"_blank\" rel=\"noopener\">https:\/\/goo.gl\/maps\/y4mL332y5f6Lz2E1A \u25ba<\/a><\/p>\n<p>Email: <a href=\"mailto:carvp.fpv@gmail.com\">carvp.fpv@gmail.com<\/a><br \/>\nRespons\u00e1vel |<span style=\"color: #999999;\"> <em>Person in charge:<\/em><\/span> Leonel Gomes<\/p>\n<p style=\"text-align: center;\"><strong>GALERIA DE IMAGENS | <span style=\"color: #999999;\">PHOTO GALLERY<\/span><\/strong><\/p>\n<div id='gallery-1' class='czr-gallery row flex-row czr-gallery-style gallery galleryid-11933 gallery-columns-4 gallery-size-medium'><figure class='gallery-item col col-auto'>\r\n                        <div class='gallery-icon landscape czr-gallery-icon'>\r\n                              <a data-lb-type=\"grouped-gallery\" title=\"Fachada e lateral\" href=https:\/\/fpvoleibol.pt\/fpv\/wp-content\/uploads\/2021\/12\/fachada_lateral.jpg class=\"bg-link\"><\/a><img loading=\"lazy\" decoding=\"async\" width=\"300\" height=\"200\" src=\"https:\/\/fpvoleibol.pt\/fpv\/wp-content\/uploads\/2021\/12\/fachada_lateral-300x200.jpg\" class=\"attachment-medium size-medium no-lazy\" alt=\"\" sizes=\"auto, (min-width: 1200px) 183.75px, (min-width: 992px) 150px, (min-width: 576px) 105px, calc( 50vw - 30px )\" aria-describedby=\"gallery-1-11939\" srcset=\"https:\/\/fpvoleibol.pt\/fpv\/wp-content\/uploads\/2021\/12\/fachada_lateral-300x200.jpg 300w, https:\/\/fpvoleibol.pt\/fpv\/wp-content\/uploads\/2021\/12\/fachada_lateral-510x341.jpg 510w, https:\/\/fpvoleibol.pt\/fpv\/wp-content\/uploads\/2021\/12\/fachada_lateral.jpg 512w\" \/>\r\n                        <\/div>\r\n                              <figcaption class='wp-caption-text gallery-caption' id='gallery-1-11939'>\r\n                              Fachada e lateral\r\n                              <\/figcaption><\/figure><figure class='gallery-item col col-auto'>\r\n                        <div class='gallery-icon landscape czr-gallery-icon'>\r\n                              <a data-lb-type=\"grouped-gallery\" title=\"Interior (campos)\" href=https:\/\/fpvoleibol.pt\/fpv\/wp-content\/uploads\/2021\/12\/interior_1.jpg class=\"bg-link\"><\/a><img loading=\"lazy\" decoding=\"async\" width=\"300\" height=\"200\" src=\"https:\/\/fpvoleibol.pt\/fpv\/wp-content\/uploads\/2021\/12\/interior_1-300x200.jpg\" class=\"attachment-medium size-medium no-lazy\" alt=\"\" sizes=\"auto, (min-width: 1200px) 183.75px, (min-width: 992px) 150px, (min-width: 576px) 105px, calc( 50vw - 30px )\" aria-describedby=\"gallery-1-11940\" srcset=\"https:\/\/fpvoleibol.pt\/fpv\/wp-content\/uploads\/2021\/12\/interior_1-300x200.jpg 300w, https:\/\/fpvoleibol.pt\/fpv\/wp-content\/uploads\/2021\/12\/interior_1-510x341.jpg 510w, https:\/\/fpvoleibol.pt\/fpv\/wp-content\/uploads\/2021\/12\/interior_1.jpg 512w\" \/>\r\n                        <\/div>\r\n                              <figcaption class='wp-caption-text gallery-caption' id='gallery-1-11940'>\r\n                              Interior (campos)\r\n                              <\/figcaption><\/figure><figure class='gallery-item col col-auto'>\r\n                        <div class='gallery-icon landscape czr-gallery-icon'>\r\n                              <a data-lb-type=\"grouped-gallery\" title=\"Interior (bancadas)\" href=https:\/\/fpvoleibol.pt\/fpv\/wp-content\/uploads\/2021\/12\/interior_2.jpg class=\"bg-link\"><\/a><img loading=\"lazy\" decoding=\"async\" width=\"300\" height=\"200\" src=\"https:\/\/fpvoleibol.pt\/fpv\/wp-content\/uploads\/2021\/12\/interior_2-300x200.jpg\" class=\"attachment-medium size-medium no-lazy\" alt=\"\" sizes=\"auto, (min-width: 1200px) 183.75px, (min-width: 992px) 150px, (min-width: 576px) 105px, calc( 50vw - 30px )\" aria-describedby=\"gallery-1-11941\" srcset=\"https:\/\/fpvoleibol.pt\/fpv\/wp-content\/uploads\/2021\/12\/interior_2-300x200.jpg 300w, https:\/\/fpvoleibol.pt\/fpv\/wp-content\/uploads\/2021\/12\/interior_2-510x341.jpg 510w, https:\/\/fpvoleibol.pt\/fpv\/wp-content\/uploads\/2021\/12\/interior_2.jpg 512w\" \/>\r\n                        <\/div>\r\n                              <figcaption class='wp-caption-text gallery-caption' id='gallery-1-11941'>\r\n                              Interior (bancadas)\r\n                              <\/figcaption><\/figure><figure class='gallery-item col col-auto'>\r\n                        <div class='gallery-icon landscape czr-gallery-icon'>\r\n                              <a data-lb-type=\"grouped-gallery\" title=\"Interior (campos)\" href=https:\/\/fpvoleibol.pt\/fpv\/wp-content\/uploads\/2021\/12\/interior_3.jpg class=\"bg-link\"><\/a><img loading=\"lazy\" decoding=\"async\" width=\"300\" height=\"200\" src=\"https:\/\/fpvoleibol.pt\/fpv\/wp-content\/uploads\/2021\/12\/interior_3-300x200.jpg\" class=\"attachment-medium size-medium no-lazy\" alt=\"\" sizes=\"auto, (min-width: 1200px) 183.75px, (min-width: 992px) 150px, (min-width: 576px) 105px, calc( 50vw - 30px )\" aria-describedby=\"gallery-1-11942\" srcset=\"https:\/\/fpvoleibol.pt\/fpv\/wp-content\/uploads\/2021\/12\/interior_3-300x200.jpg 300w, https:\/\/fpvoleibol.pt\/fpv\/wp-content\/uploads\/2021\/12\/interior_3-510x341.jpg 510w, https:\/\/fpvoleibol.pt\/fpv\/wp-content\/uploads\/2021\/12\/interior_3.jpg 512w\" \/>\r\n                        <\/div>\r\n                              <figcaption class='wp-caption-text gallery-caption' id='gallery-1-11942'>\r\n                              Interior (campos)\r\n                              <\/figcaption><\/figure><figure class='gallery-item col col-auto'>\r\n                        <div class='gallery-icon landscape czr-gallery-icon'>\r\n                              <a data-lb-type=\"grouped-gallery\" title=\"Exterior\" href=https:\/\/fpvoleibol.pt\/fpv\/wp-content\/uploads\/2021\/12\/exterior_1.jpg class=\"bg-link\"><\/a><img loading=\"lazy\" decoding=\"async\" width=\"300\" height=\"200\" src=\"https:\/\/fpvoleibol.pt\/fpv\/wp-content\/uploads\/2021\/12\/exterior_1-300x200.jpg\" class=\"attachment-medium size-medium no-lazy\" alt=\"\" sizes=\"auto, (min-width: 1200px) 183.75px, (min-width: 992px) 150px, (min-width: 576px) 105px, calc( 50vw - 30px )\" aria-describedby=\"gallery-1-11943\" srcset=\"https:\/\/fpvoleibol.pt\/fpv\/wp-content\/uploads\/2021\/12\/exterior_1-300x200.jpg 300w, https:\/\/fpvoleibol.pt\/fpv\/wp-content\/uploads\/2021\/12\/exterior_1-510x341.jpg 510w, https:\/\/fpvoleibol.pt\/fpv\/wp-content\/uploads\/2021\/12\/exterior_1.jpg 512w\" \/>\r\n                        <\/div>\r\n                              <figcaption class='wp-caption-text gallery-caption' id='gallery-1-11943'>\r\n                              Exterior\r\n                              <\/figcaption><\/figure><figure class='gallery-item col col-auto'>\r\n                        <div class='gallery-icon landscape czr-gallery-icon'>\r\n                              <a data-lb-type=\"grouped-gallery\" title=\"Exterior\" href=https:\/\/fpvoleibol.pt\/fpv\/wp-content\/uploads\/2021\/12\/exterior_2.jpg class=\"bg-link\"><\/a><img loading=\"lazy\" decoding=\"async\" width=\"300\" height=\"200\" src=\"https:\/\/fpvoleibol.pt\/fpv\/wp-content\/uploads\/2021\/12\/exterior_2-300x200.jpg\" class=\"attachment-medium size-medium no-lazy\" alt=\"\" sizes=\"auto, (min-width: 1200px) 183.75px, (min-width: 992px) 150px, (min-width: 576px) 105px, calc( 50vw - 30px )\" aria-describedby=\"gallery-1-11944\" srcset=\"https:\/\/fpvoleibol.pt\/fpv\/wp-content\/uploads\/2021\/12\/exterior_2-300x200.jpg 300w, https:\/\/fpvoleibol.pt\/fpv\/wp-content\/uploads\/2021\/12\/exterior_2-510x341.jpg 510w, https:\/\/fpvoleibol.pt\/fpv\/wp-content\/uploads\/2021\/12\/exterior_2.jpg 512w\" \/>\r\n                        <\/div>\r\n                              <figcaption class='wp-caption-text gallery-caption' id='gallery-1-11944'>\r\n                              Exterior\r\n                              <\/figcaption><\/figure><figure class='gallery-item col col-auto'>\r\n                        <div class='gallery-icon landscape czr-gallery-icon'>\r\n                              <a data-lb-type=\"grouped-gallery\" title=\"Exterior\" href=https:\/\/fpvoleibol.pt\/fpv\/wp-content\/uploads\/2021\/12\/exterior_3.jpg class=\"bg-link\"><\/a><img loading=\"lazy\" decoding=\"async\" width=\"300\" height=\"200\" src=\"https:\/\/fpvoleibol.pt\/fpv\/wp-content\/uploads\/2021\/12\/exterior_3-300x200.jpg\" class=\"attachment-medium size-medium no-lazy\" alt=\"\" sizes=\"auto, (min-width: 1200px) 183.75px, (min-width: 992px) 150px, (min-width: 576px) 105px, calc( 50vw - 30px )\" aria-describedby=\"gallery-1-11945\" srcset=\"https:\/\/fpvoleibol.pt\/fpv\/wp-content\/uploads\/2021\/12\/exterior_3-300x200.jpg 300w, https:\/\/fpvoleibol.pt\/fpv\/wp-content\/uploads\/2021\/12\/exterior_3-510x341.jpg 510w, https:\/\/fpvoleibol.pt\/fpv\/wp-content\/uploads\/2021\/12\/exterior_3.jpg 512w\" \/>\r\n                        <\/div>\r\n                              <figcaption class='wp-caption-text gallery-caption' id='gallery-1-11945'>\r\n                              Exterior\r\n                              <\/figcaption><\/figure><figure class='gallery-item col col-auto'>\r\n                        <div class='gallery-icon landscape czr-gallery-icon'>\r\n                              <a data-lb-type=\"grouped-gallery\" title=\"Campeonato LIDL\" href=https:\/\/fpvoleibol.pt\/fpv\/wp-content\/uploads\/2021\/12\/exterior_4.jpg class=\"bg-link\"><\/a><img loading=\"lazy\" decoding=\"async\" width=\"300\" height=\"200\" src=\"https:\/\/fpvoleibol.pt\/fpv\/wp-content\/uploads\/2021\/12\/exterior_4-300x200.jpg\" class=\"attachment-medium size-medium no-lazy\" alt=\"\" sizes=\"auto, (min-width: 1200px) 183.75px, (min-width: 992px) 150px, (min-width: 576px) 105px, calc( 50vw - 30px )\" aria-describedby=\"gallery-1-11946\" srcset=\"https:\/\/fpvoleibol.pt\/fpv\/wp-content\/uploads\/2021\/12\/exterior_4-300x200.jpg 300w, https:\/\/fpvoleibol.pt\/fpv\/wp-content\/uploads\/2021\/12\/exterior_4-510x341.jpg 510w, https:\/\/fpvoleibol.pt\/fpv\/wp-content\/uploads\/2021\/12\/exterior_4.jpg 512w\" \/>\r\n                        <\/div>\r\n                              <figcaption class='wp-caption-text gallery-caption' id='gallery-1-11946'>\r\n                              Campeonato LIDL\r\n                              <\/figcaption><\/figure>\r\n                  <\/div>\n\n","protected":false},"excerpt":{"rendered":"<p>O Centro de Alto Rendimento de Voleibol de Praia (CARVP), situado em Cortega\u00e7a, que est\u00e1 j\u00e1 a ser utilizado como base log\u00edstica dos treinos de observa\u00e7\u00e3o inseridos no processo de [&hellip;]<\/p>\n","protected":false},"author":1,"featured_media":11938,"parent":0,"menu_order":0,"comment_status":"closed","ping_status":"closed","template":"","meta":{"_monsterinsights_skip_tracking":false,"_monsterinsights_sitenote_active":false,"_monsterinsights_sitenote_note":"","_monsterinsights_sitenote_category":0,"footnotes":""},"class_list":["post-11933","page","type-page","status-publish","has-post-thumbnail","czr-hentry"],"aioseo_notices":[],"_links":{"self":[{"href":"https:\/\/fpvoleibol.pt\/fpv\/wp-json\/wp\/v2\/pages\/11933","targetHints":{"allow":["GET"]}}],"collection":[{"href":"https:\/\/fpvoleibol.pt\/fpv\/wp-json\/wp\/v2\/pages"}],"about":[{"href":"https:\/\/fpvoleibol.pt\/fpv\/wp-json\/wp\/v2\/types\/page"}],"author":[{"embeddable":true,"href":"https:\/\/fpvoleibol.pt\/fpv\/wp-json\/wp\/v2\/users\/1"}],"replies":[{"embeddable":true,"href":"https:\/\/fpvoleibol.pt\/fpv\/wp-json\/wp\/v2\/comments?post=11933"}],"version-history":[{"count":7,"href":"https:\/\/fpvoleibol.pt\/fpv\/wp-json\/wp\/v2\/pages\/11933\/revisions"}],"predecessor-version":[{"id":12293,"href":"https:\/\/fpvoleibol.pt\/fpv\/wp-json\/wp\/v2\/pages\/11933\/revisions\/12293"}],"wp:featuredmedia":[{"embeddable":true,"href":"https:\/\/fpvoleibol.pt\/fpv\/wp-json\/wp\/v2\/media\/11938"}],"wp:attachment":[{"href":"https:\/\/fpvoleibol.pt\/fpv\/wp-json\/wp\/v2\/media?parent=11933"}],"curies":[{"name":"wp","href":"https:\/\/api.w.org\/{rel}","templated":true}]}}

<p style="text-align: center;"><a href="https://fpvoleibol.pt/fpv/wp-content/uploads/2021/12/fachada.jpg"><img loading="lazy" decoding="async" class="aligncenter size-full wp-image-11934" src="https://fpvoleibol.pt/fpv/wp-content/uploads/2021/12/fachada.jpg" alt="" width="1024" height="485" srcset="https://fpvoleibol.pt/fpv/wp-content/uploads/2021/12/fachada.jpg 1024w, https://fpvoleibol.pt/fpv/wp-content/uploads/2021/12/fachada-300x142.jpg 300w, https://fpvoleibol.pt/fpv/wp-content/uploads/2021/12/fachada-768x364.jpg 768w" sizes="auto, (max-width: 1024px) 100vw, 1024px" /></a></p>
<p>O <strong>Centro de Alto Rendimento de Voleibol de Praia (CARVP)</strong>, situado em Cortegaça, que está já a ser utilizado como base logística dos treinos de observação inseridos no processo de captação e detecção de talentos no Voleibol de Praia e na organização de provas nacionais e internacionais, está a alargar a sua influência e a abrir as suas portas à comunidade em geral.<br />
As finais das duas últimas edições do Campeonato Lidl (Campeonato Nacional de Voleibol de Praia) e de uma etapa do Circuito Mundial realizadas no CARVP tornaram bem evidente todo o potencial deste centro enquanto infra-estrutura de excelência para o Voleibol de Praia.</p>
<p><span style="color: #999999;"><em><strong>The Beach Volleyball High Performance Center (CARVP)</strong>, located in Cortegaça, which is already being used as a logistical base for observation training as part of the process of attracting and detecting talent in Beach Volleyball and in the organization of national events, is opening its doors to the community.</em></span><br />
<span style="color: #999999;"><em>The finals of the last two editions of the Lidl Championship (National Beach Volleyball Championship) and a stage of the FIVB Beach Volleyball World Tour held at CARVP made evident all the potential of this center as an infrastructure of excellence for Beach Volleyball.</em></span></p>
<p><strong>Contactos do CARVP | <span style="color: #999999;"><em>Contacts</em>:</span></strong><br />
Rua Futebol Clube de Cortegaça<br />
3885-313 Cortegaça<br />
Portugal<br />
Localização | <span style="color: #999999;"><em>Location (GMaps):</em></span> <a href="https://goo.gl/maps/y4mL332y5f6Lz2E1A" target="_blank" rel="noopener">https://goo.gl/maps/y4mL332y5f6Lz2E1A ►</a></p>
<p>Email: <a href="mailto:carvp.fpv@gmail.com">carvp.fpv@gmail.com</a><br />
Responsável |<span style="color: #999999;"> <em>Person in charge:</em></span> Leonel Gomes</p>
<p style="text-align: center;"><strong>GALERIA DE IMAGENS | <span style="color: #999999;">PHOTO GALLERY</span></strong></p>
<div id='gallery-1' class='czr-gallery row flex-row czr-gallery-style gallery galleryid-11933 gallery-columns-4 gallery-size-medium'><figure class='gallery-item col col-auto'>
                        <div class='gallery-icon landscape czr-gallery-icon'>
                              <a data-lb-type="grouped-gallery" title="Fachada e lateral" href=https://fpvoleibol.pt/fpv/wp-content/uploads/2021/12/fachada_lateral.jpg class="bg-link"></a><img loading="lazy" decoding="async" width="300" height="200" src="https://fpvoleibol.pt/fpv/wp-content/uploads/2021/12/fachada_lateral-300x200.jpg" class="attachment-medium size-medium no-lazy" alt="" sizes="auto, (min-width: 1200px) 183.75px, (min-width: 992px) 150px, (min-width: 576px) 105px, calc( 50vw - 30px )" aria-describedby="gallery-1-11939" srcset="https://fpvoleibol.pt/fpv/wp-content/uploads/2021/12/fachada_lateral-300x200.jpg 300w, https://fpvoleibol.pt/fpv/wp-content/uploads/2021/12/fachada_lateral-510x341.jpg 510w, https://fpvoleibol.pt/fpv/wp-content/uploads/2021/12/fachada_lateral.jpg 512w" />
                        </div>
                              <figcaption class='wp-caption-text gallery-caption' id='gallery-1-11939'>
                              Fachada e lateral
                              </figcaption></figure><figure class='gallery-item col col-auto'>
                        <div class='gallery-icon landscape czr-gallery-icon'>
                              <a data-lb-type="grouped-gallery" title="Interior (campos)" href=https://fpvoleibol.pt/fpv/wp-content/uploads/2021/12/interior_1.jpg class="bg-link"></a><img loading="lazy" decoding="async" width="300" height="200" src="https://fpvoleibol.pt/fpv/wp-content/uploads/2021/12/interior_1-300x200.jpg" class="attachment-medium size-medium no-lazy" alt="" sizes="auto, (min-width: 1200px) 183.75px, (min-width: 992px) 150px, (min-width: 576px) 105px, calc( 50vw - 30px )" aria-describedby="gallery-1-11940" srcset="https://fpvoleibol.pt/fpv/wp-content/uploads/2021/12/interior_1-300x200.jpg 300w, https://fpvoleibol.pt/fpv/wp-content/uploads/2021/12/interior_1-510x341.jpg 510w, https://fpvoleibol.pt/fpv/wp-content/uploads/2021/12/interior_1.jpg 512w" />
                        </div>
                              <figcaption class='wp-caption-text gallery-caption' id='gallery-1-11940'>
                              Interior (campos)
                              </figcaption></figure><figure class='gallery-item col col-auto'>
                        <div class='gallery-icon landscape czr-gallery-icon'>
                              <a data-lb-type="grouped-gallery" title="Interior (bancadas)" href=https://fpvoleibol.pt/fpv/wp-content/uploads/2021/12/interior_2.jpg class="bg-link"></a><img loading="lazy" decoding="async" width="300" height="200" src="https://fpvoleibol.pt/fpv/wp-content/uploads/2021/12/interior_2-300x200.jpg" class="attachment-medium size-medium no-lazy" alt="" sizes="auto, (min-width: 1200px) 183.75px, (min-width: 992px) 150px, (min-width: 576px) 105px, calc( 50vw - 30px )" aria-describedby="gallery-1-11941" srcset="https://fpvoleibol.pt/fpv/wp-content/uploads/2021/12/interior_2-300x200.jpg 300w, https://fpvoleibol.pt/fpv/wp-content/uploads/2021/12/interior_2-510x341.jpg 510w, https://fpvoleibol.pt/fpv/wp-content/uploads/2021/12/interior_2.jpg 512w" />
                        </div>
                              <figcaption class='wp-caption-text gallery-caption' id='gallery-1-11941'>
                              Interior (bancadas)
                              </figcaption></figure><figure class='gallery-item col col-auto'>
                        <div class='gallery-icon landscape czr-gallery-icon'>
                              <a data-lb-type="grouped-gallery" title="Interior (campos)" href=https://fpvoleibol.pt/fpv/wp-content/uploads/2021/12/interior_3.jpg class="bg-link"></a><img loading="lazy" decoding="async" width="300" height="200" src="https://fpvoleibol.pt/fpv/wp-content/uploads/2021/12/interior_3-300x200.jpg" class="attachment-medium size-medium no-lazy" alt="" sizes="auto, (min-width: 1200px) 183.75px, (min-width: 992px) 150px, (min-width: 576px) 105px, calc( 50vw - 30px )" aria-describedby="gallery-1-11942" srcset="https://fpvoleibol.pt/fpv/wp-content/uploads/2021/12/interior_3-300x200.jpg 300w, https://fpvoleibol.pt/fpv/wp-content/uploads/2021/12/interior_3-510x341.jpg 510w, https://fpvoleibol.pt/fpv/wp-content/uploads/2021/12/interior_3.jpg 512w" />
                        </div>
                              <figcaption class='wp-caption-text gallery-caption' id='gallery-1-11942'>
                              Interior (campos)
                              </figcaption></figure><figure class='gallery-item col col-auto'>
                        <div class='gallery-icon landscape czr-gallery-icon'>
                              <a data-lb-type="grouped-gallery" title="Exterior" href=https://fpvoleibol.pt/fpv/wp-content/uploads/2021/12/exterior_1.jpg class="bg-link"></a><img loading="lazy" decoding="async" width="300" height="200" src="https://fpvoleibol.pt/fpv/wp-content/uploads/2021/12/exterior_1-300x200.jpg" class="attachment-medium size-medium no-lazy" alt="" sizes="auto, (min-width: 1200px) 183.75px, (min-width: 992px) 150px, (min-width: 576px) 105px, calc( 50vw - 30px )" aria-describedby="gallery-1-11943" srcset="https://fpvoleibol.pt/fpv/wp-content/uploads/2021/12/exterior_1-300x200.jpg 300w, https://fpvoleibol.pt/fpv/wp-content/uploads/2021/12/exterior_1-510x341.jpg 510w, https://fpvoleibol.pt/fpv/wp-content/uploads/2021/12/exterior_1.jpg 512w" />
                        </div>
                              <figcaption class='wp-caption-text gallery-caption' id='gallery-1-11943'>
                              Exterior
                              </figcaption></figure><figure class='gallery-item col col-auto'>
                        <div class='gallery-icon landscape czr-gallery-icon'>
                              <a data-lb-type="grouped-gallery" title="Exterior" href=https://fpvoleibol.pt/fpv/wp-content/uploads/2021/12/exterior_2.jpg class="bg-link"></a><img loading="lazy" decoding="async" width="300" height="200" src="https://fpvoleibol.pt/fpv/wp-content/uploads/2021/12/exterior_2-300x200.jpg" class="attachment-medium size-medium no-lazy" alt="" sizes="auto, (min-width: 1200px) 183.75px, (min-width: 992px) 150px, (min-width: 576px) 105px, calc( 50vw - 30px )" aria-describedby="gallery-1-11944" srcset="https://fpvoleibol.pt/fpv/wp-content/uploads/2021/12/exterior_2-300x200.jpg 300w, https://fpvoleibol.pt/fpv/wp-content/uploads/2021/12/exterior_2-510x341.jpg 510w, https://fpvoleibol.pt/fpv/wp-content/uploads/2021/12/exterior_2.jpg 512w" />
                        </div>
                              <figcaption class='wp-caption-text gallery-caption' id='gallery-1-11944'>
                              Exterior
                              </figcaption></figure><figure class='gallery-item col col-auto'>
                        <div class='gallery-icon landscape czr-gallery-icon'>
                              <a data-lb-type="grouped-gallery" title="Exterior" href=https://fpvoleibol.pt/fpv/wp-content/uploads/2021/12/exterior_3.jpg class="bg-link"></a><img loading="lazy" decoding="async" width="300" height="200" src="https://fpvoleibol.pt/fpv/wp-content/uploads/2021/12/exterior_3-300x200.jpg" class="attachment-medium size-medium no-lazy" alt="" sizes="auto, (min-width: 1200px) 183.75px, (min-width: 992px) 150px, (min-width: 576px) 105px, calc( 50vw - 30px )" aria-describedby="gallery-1-11945" srcset="https://fpvoleibol.pt/fpv/wp-content/uploads/2021/12/exterior_3-300x200.jpg 300w, https://fpvoleibol.pt/fpv/wp-content/uploads/2021/12/exterior_3-510x341.jpg 510w, https://fpvoleibol.pt/fpv/wp-content/uploads/2021/12/exterior_3.jpg 512w" />
                        </div>
                              <figcaption class='wp-caption-text gallery-caption' id='gallery-1-11945'>
                              Exterior
                              </figcaption></figure><figure class='gallery-item col col-auto'>
                        <div class='gallery-icon landscape czr-gallery-icon'>
                              <a data-lb-type="grouped-gallery" title="Campeonato LIDL" href=https://fpvoleibol.pt/fpv/wp-content/uploads/2021/12/exterior_4.jpg class="bg-link"></a><img loading="lazy" decoding="async" width="300" height="200" src="https://fpvoleibol.pt/fpv/wp-content/uploads/2021/12/exterior_4-300x200.jpg" class="attachment-medium size-medium no-lazy" alt="" sizes="auto, (min-width: 1200px) 183.75px, (min-width: 992px) 150px, (min-width: 576px) 105px, calc( 50vw - 30px )" aria-describedby="gallery-1-11946" srcset="https://fpvoleibol.pt/fpv/wp-content/uploads/2021/12/exterior_4-300x200.jpg 300w, https://fpvoleibol.pt/fpv/wp-content/uploads/2021/12/exterior_4-510x341.jpg 510w, https://fpvoleibol.pt/fpv/wp-content/uploads/2021/12/exterior_4.jpg 512w" />
                        </div>
                              <figcaption class='wp-caption-text gallery-caption' id='gallery-1-11946'>
                              Campeonato LIDL
                              </figcaption></figure>
                  </div>

<p>O Centro de Alto Rendimento de Voleibol de Praia (CARVP), situado em Cortegaça, que está já a ser utilizado como base logística dos treinos de observação inseridos no processo de [&hellip;]</p>
