{"id":10437,"date":"2021-10-22T15:36:49","date_gmt":"2021-10-22T14:36:49","guid":{"rendered":"https:\/\/fpvoleibol.pt\/fpv\/?page_id=10437"},"modified":"2025-09-08T14:29:02","modified_gmt":"2025-09-08T13:29:02","slug":"cartao-branco-fair-play","status":"publish","type":"page","link":"https:\/\/fpvoleibol.pt\/fpv\/arbitragem\/cartao-branco-fair-play\/","title":{"rendered":"Cart\u00e3o Branco | Fair Play"},"content":{"rendered":"<p style=\"text-align: center;\"><a href=\"https:\/\/fpvoleibol.pt\/fpv\/wp-content\/uploads\/2021\/10\/cartao_branco_banner.jpg\"><img loading=\"lazy\" decoding=\"async\" class=\"aligncenter size-full wp-image-10438\" src=\"https:\/\/fpvoleibol.pt\/fpv\/wp-content\/uploads\/2021\/10\/cartao_branco_banner.jpg\" alt=\"\" width=\"960\" height=\"550\" srcset=\"https:\/\/fpvoleibol.pt\/fpv\/wp-content\/uploads\/2021\/10\/cartao_branco_banner.jpg 960w, https:\/\/fpvoleibol.pt\/fpv\/wp-content\/uploads\/2021\/10\/cartao_branco_banner-300x172.jpg 300w, https:\/\/fpvoleibol.pt\/fpv\/wp-content\/uploads\/2021\/10\/cartao_branco_banner-768x440.jpg 768w\" sizes=\"auto, (max-width: 960px) 100vw, 960px\" \/><\/a><\/p>\n<p>O <a href=\"https:\/\/pned.ipdj.gov.pt\/caracterizacao\" target=\"_blank\" rel=\"noopener\"><strong>Cart\u00e3o Branco<\/strong><\/a> \u00e9 um recurso pedag\u00f3gico pioneiro em Portugal, implementado desde 2015, pelo Instituto Portugu\u00eas do Desporto e da Juventude, IP, no \u00e2mbito da interven\u00e7\u00e3o e prossecu\u00e7\u00e3o dos objetivos do Plano Nacional de \u00c9tica no Desporto.<\/p>\n<p>Conscientes de que um desporto baseado nos princ\u00edpios da \u00e9tica, representa para todos os que nele participam, um desporto mais apelativo, motivador e que, \u00e9 a viv\u00eancia e a pr\u00e1tica daqueles valores, que conferem sustentabilidade \u00e0 pr\u00e1tica desportiva como uma atividade de enobrecimento humano, a Federa\u00e7\u00e3o Portuguesa de Voleibol (FPV) tem de forma sistem\u00e1tica promovido iniciativas que permitam proclamar, assimilar e vivenciar os valores \u00e9ticos no \u00e2mbito da pr\u00e1tica da modalidade, tais como a verdade, a coopera\u00e7\u00e3o, o respeito, a solidariedade, a toler\u00e2ncia, a interajuda, entre outros.<\/p>\n<p>E, um dos exemplos do trabalho da FPV na promo\u00e7\u00e3o dos valores \u00e9ticos \u00e9 precisamente a sua determina\u00e7\u00e3o na promo\u00e7\u00e3o e implementa\u00e7\u00e3o do Cart\u00e3o Branco, instrumento que valoriza os bons comportamentos na competi\u00e7\u00e3o e que tem o m\u00e9rito de envolver todos os agentes desportivos e mesmo espectadores.<\/p>\n<p>Prova desta determina\u00e7\u00e3o \u00e9, ainda, a decis\u00e3o da Dire\u00e7\u00e3o da FPV de 20 de janeiro de 2021, em estender a amostragem do cart\u00e3o branco a todos os escal\u00f5es, nomeadamente aos seniores.<\/p>\n<p>O <strong>Voleibol<\/strong> sempre se salientou como um dos desportos socialmente mais respeit\u00e1veis e a \u00e9poca de 2021\/2022 demonstrou, \u00e0 saciedade, esses atributos de fair play, bem os princ\u00edpios altru\u00edstas que este desporto sempre defendeu, multiplicando-se os casos de bons exemplos nos pavilh\u00f5es de todo o Pa\u00eds.<\/p>\n<p>E os\u00a0<em>bons exemplos<\/em>\u00a0de\u00a0<em>fair play<\/em>\u00a0sucederam-se, sendo os mais recentes:<\/p>\n<div>\n<div style=\"display: inline-block; text-align: center;\"><a href=\"https:\/\/fpvoleibol.pt\/arbitragem\/cartao_branco\/cartao_branco_2024-2025.pdf\"><img loading=\"lazy\" decoding=\"async\" class=\"aligncenter\" src=\"https:\/\/www.fpvoleibol.pt\/fpv\/imagens\/icon-pdf__.jpg\" width=\"180\" height=\"180\" \/><\/a><span style=\"font-family: inherit; font-size: inherit;\">\u00c9poca 2024-2025<\/span><\/div>\n<div style=\"display: inline-block; text-align: center;\"><a href=\"https:\/\/fpvoleibol.pt\/arbitragem\/cartao_branco\/cartao_branco_2023-2024.pdf\"><img loading=\"lazy\" decoding=\"async\" class=\"aligncenter\" src=\"https:\/\/www.fpvoleibol.pt\/fpv\/imagens\/icon-pdf__.jpg\" width=\"180\" height=\"180\" \/><\/a><span style=\"font-family: inherit; font-size: inherit;\">\u00c9poca 2023-2024<\/span><\/div>\n<div style=\"display: inline-block; text-align: center;\"><a href=\"https:\/\/fpvoleibol.pt\/arbitragem\/cartao_branco\/cartao_branco_2022-2023.pdf\"><img loading=\"lazy\" decoding=\"async\" class=\"aligncenter\" src=\"https:\/\/www.fpvoleibol.pt\/fpv\/imagens\/icon-pdf__.jpg\" width=\"180\" height=\"180\" \/><\/a><span style=\"font-family: inherit; font-size: inherit;\">\u00c9poca 2022-2023<\/span><\/div>\n<div style=\"display: inline-block; text-align: center;\"><a href=\"https:\/\/fpvoleibol.pt\/arbitragem\/cartao_branco\/cartao_branco_2021-2022.pdf\"><img loading=\"lazy\" decoding=\"async\" class=\"aligncenter\" src=\"https:\/\/www.fpvoleibol.pt\/fpv\/imagens\/icon-pdf__.jpg\" width=\"180\" height=\"180\" \/><\/a><span style=\"font-family: inherit; font-size: inherit;\">\u00c9poca 2021-2022<\/span><\/div>\n<p>&nbsp;<\/p>\n<p><em>Mais informa\u00e7\u00f5es sobre o\u00a0<strong>Cart\u00e3o Branco<\/strong>\u00a0<a href=\"https:\/\/pned.ipdj.gov.pt\/caracterizacao\" target=\"_blank\" rel=\"noopener\">aqui\u00a0<\/a>e\u00a0<strong>Regulamento em vigor<\/strong>\u00a0<a href=\"https:\/\/www.fpvoleibol.pt\/regulamentos\/reg_cartao_branco_2020.pdf\" target=\"_blank\" rel=\"noopener\">aqui\u00a0<\/a><\/em><\/p>\n<\/div>\n","protected":false},"excerpt":{"rendered":"<p>O Cart\u00e3o Branco \u00e9 um recurso pedag\u00f3gico pioneiro em Portugal, implementado desde 2015, pelo Instituto Portugu\u00eas do Desporto e da Juventude, IP, no \u00e2mbito da interven\u00e7\u00e3o e prossecu\u00e7\u00e3o dos objetivos [&hellip;]<\/p>\n","protected":false},"author":1,"featured_media":10445,"parent":321,"menu_order":0,"comment_status":"closed","ping_status":"closed","template":"","meta":{"_monsterinsights_skip_tracking":false,"_monsterinsights_sitenote_active":false,"_monsterinsights_sitenote_note":"","_monsterinsights_sitenote_category":0,"footnotes":""},"class_list":["post-10437","page","type-page","status-publish","has-post-thumbnail","czr-hentry"],"aioseo_notices":[],"_links":{"self":[{"href":"https:\/\/fpvoleibol.pt\/fpv\/wp-json\/wp\/v2\/pages\/10437","targetHints":{"allow":["GET"]}}],"collection":[{"href":"https:\/\/fpvoleibol.pt\/fpv\/wp-json\/wp\/v2\/pages"}],"about":[{"href":"https:\/\/fpvoleibol.pt\/fpv\/wp-json\/wp\/v2\/types\/page"}],"author":[{"embeddable":true,"href":"https:\/\/fpvoleibol.pt\/fpv\/wp-json\/wp\/v2\/users\/1"}],"replies":[{"embeddable":true,"href":"https:\/\/fpvoleibol.pt\/fpv\/wp-json\/wp\/v2\/comments?post=10437"}],"version-history":[{"count":14,"href":"https:\/\/fpvoleibol.pt\/fpv\/wp-json\/wp\/v2\/pages\/10437\/revisions"}],"predecessor-version":[{"id":42525,"href":"https:\/\/fpvoleibol.pt\/fpv\/wp-json\/wp\/v2\/pages\/10437\/revisions\/42525"}],"up":[{"embeddable":true,"href":"https:\/\/fpvoleibol.pt\/fpv\/wp-json\/wp\/v2\/pages\/321"}],"wp:featuredmedia":[{"embeddable":true,"href":"https:\/\/fpvoleibol.pt\/fpv\/wp-json\/wp\/v2\/media\/10445"}],"wp:attachment":[{"href":"https:\/\/fpvoleibol.pt\/fpv\/wp-json\/wp\/v2\/media?parent=10437"}],"curies":[{"name":"wp","href":"https:\/\/api.w.org\/{rel}","templated":true}]}}